{"id":708,"date":"2023-07-06T06:25:49","date_gmt":"2023-07-06T06:25:49","guid":{"rendered":"https:\/\/www.optimiseconsulting.eu\/index.php\/cp-v-shkole\/"},"modified":"2023-07-06T06:25:49","modified_gmt":"2023-07-06T06:25:49","slug":"cp-v-shkole","status":"publish","type":"page","link":"https:\/\/www.optimiseconsulting.eu\/index.php\/cp-v-shkole\/","title":{"rendered":"\u0426\u043f \u0432 \u0448\u043a\u043e\u043b\u0435"},"content":{"rendered":"<p><!doctype html> \u0432\u043e\u043f\u0440\u043e\u0441\u044b \u043e \u0441\u0435\u043a\u0441\u0435 \u0434\u0435\u0442\u0435\u0439 FijizAhuvu692 <a href=\"https:\/\/pixhost.to\/show\/91\/365548154_page1.jpg\"><img decoding=\"async\" src=\"https:\/\/t88.pixhost.to\/thumbs\/91\/365548154_page1.jpg\" alt=\"\u043f\u043e\u043f\u043a\u0438 \u043c\u043e\u043b\u043e\u0434\u044b\u0445 \u0434\u0435\u0432\u0443\u0448\u0435\u043a\" class=\"\"\/><\/a> <a href=\"https:\/\/pixhost.to\/show\/91\/365548165_page2.jpg\"><img decoding=\"async\" src=\"https:\/\/t88.pixhost.to\/thumbs\/91\/365548165_page2.jpg\" alt=\"\u0440\u0443\u0441\u0441\u043a\u043e\u0435 \u043f\u043e\u0440\u043d\u043e \u044e\u043d\u044b\u0435 \u043a\u0438\u0441\u043a\u0438\" class=\"\"\/><\/a> <\/p>\n<h1>Porno TEEN MOVIES Forum Webcam Teen-Porno TEEN PORN STARS Forum Webcam Teen &#8211; Porno. forum veb kameras\u0131 yeniyetm\u0259 \u00d6Z\u018fL KOLLEKS\u0130YON Y\u00dcKL\u018f. sur webcam vid\u00e9os pour adolescents Tropical Cuties sur webcam vid\u00e9os. forum veb kameras\u0131 yeniyetm\u0259 videolar\u0131 DARKNET GIRLS. forum Partage de fichiers partage de fichiers t\u00e9l\u00e9chargements de fichiers. COMPLETE COLLECTION LIBRO BUCH, 12 yo girl nude COMPLETE COLLECTION COLECCION DARKNET VIDEOS. the youngster undressed to the goal in the periscope. limonade filles porno loli citron filles porno loli. . \u0421\u041b\u0418\u0412 CP nn model 16k, cp \u0441\u0430\u0439\u0442\u044bkk RoleUce16.<\/h1>\n<p>forum yeniyetm\u0259 videolar\u0131 ZOO CANDYDOLL CANDY forum veb kameras\u0131 yeniyetm\u0259 videolar\u0131. foro c\u00e1mara web adolescente BJ Puke BJ o Puke Girl Menstruaci\u00f3n. f\u00f3rum webcam adolescente SEX CHATS KIDS f\u00f3rum webcam adolescente. foto webcam teen videos EXPLOIT KITS HURTCORE EXPLOITS. les jeunes montrent les seins sur webcam les jeunes montrent. forum webcam teen videos SEX VIDEO PRETEEN PANTIES. \u0935\u0947\u092c\u0915\u0948\u092e \u092a\u0930 \u0915\u093f\u0936\u094b\u0930 \u0905\u0936\u094d\u0932\u0940\u0932 \u090f\u0932\u090f\u0938 \u092e\u0949\u0921\u0932 \u0932\u094b\u0932\u093f\u0932\u0938\u094d\u091f \u092a\u0930 \u0915\u093f\u0936\u094b\u0930 \u0905\u0936\u094d\u0932\u0940\u0932 \u090f\u0932\u090f\u0938 \u092e\u0949\u0921\u0932 \u0932\u094b\u0932\u093f\u0932\u0938\u094d\u091f. foro webcam adolescente FAMILY SECRET CHICA CONJUNTO DE FOTOS. forum webcam vid\u00e9os ados Forum Kids Box webcam vid\u00e9os ados. died in exile, nude little girls picsk 12 years naked, \u0440\u0443\u0441\u0441\u043a\u043e\u0435 \u0432\u0438\u0434\u0435\u043e \u0434\u043b\u044fkk COLLECTION VIDEO DOWNLOAD<\/><\/p>\n<p>forum webcam teen videos ANIMAL ABUSE BOY VIDS BRO-SIS. photos porno de petits enfants de filles photos porno de petites filles. foto \u043c webcam teen porn File Upload Sube tus archivos. forum webcam teen videos YOUNG MODEL FOTO YOUNG WEBCAM YOUNG. forum webcam adolescent ENFANTS \u00c0 LA MAISON ENFANTS forum webcam adolescent ENFANTS. JUNGES PORN Torrents College-Pornovideos Forum Webcam-Teen-Porno JUNGES. forum webcam adolescent HARD CANDY HOT TEEN LOLITA. Forum Webcam-Teenager-Videos Sex-Doll-Vergewaltigungsinhalt 8 Jahre alt 9 Jahre alt 10 Jahre alt 12. \u0440\u0443\u0441\u0441\u043a\u043e\u0435 \u043f\u043e\u0440\u043d\u043e \u0441\u043a\u0440\u043e\u043c\u043d\u044b\u0445 \u0434\u0435\u0432\u043e\u0447\u0435\u043akk TELEGRAM CHANNEL Teens XXX CP<\/><\/p>\n<h2>2.4TB PRIVATE VIDEO LINK FOR TORRENT CLIENT<\/h2>\n<p> magnet:?xt=urn:btih:38D66BF77DBF45A173FF6009C3ED0895C403AFDA <\/p>\n<h3>WEBSITE: OPEN IN AN ANONYMOUS BROWSER (the link does not work in other browsers!) <a href=\"https:\/\/www.torproject.org\/download\/\">TOR BROWSER<\/a><\/h3>\n<p> <a href=\"http:\/\/dvhdl7akyhos236m76re43nbggcvu5bkxcmfomxsa32ugz6gg2vzdfid.onion\">Www. dvhdl7akyhos236m76re43nbggcvu5bkxcmfomxsa32ugz6gg2vzdfid. onion<\/a><\/p>\n","protected":false},"excerpt":{"rendered":"<p>\u0432\u043e\u043f\u0440\u043e\u0441\u044b \u043e \u0441\u0435\u043a\u0441\u0435 \u0434\u0435\u0442\u0435\u0439 FijizAhuvu692 Porno TEEN MOVIES Forum Webcam Teen-Porno TEEN PORN STARS Forum Webcam Teen &#8211; Porno. forum veb kameras\u0131 yeniyetm\u0259 \u00d6Z\u018fL KOLLEKS\u0130YON Y\u00dcKL\u018f. sur webcam vid\u00e9os pour adolescents Tropical Cuties sur webcam vid\u00e9os. forum veb kameras\u0131 yeniyetm\u0259 videolar\u0131 DARKNET GIRLS. forum Partage de fichiers partage de fichiers t\u00e9l\u00e9chargements de fichiers. COMPLETE COLLECTION [&hellip;]<\/p>\n","protected":false},"author":2,"featured_media":0,"parent":0,"menu_order":0,"comment_status":"closed","ping_status":"closed","template":"","meta":{"footnotes":""},"class_list":["post-708","page","type-page","status-publish","hentry"],"_links":{"self":[{"href":"https:\/\/www.optimiseconsulting.eu\/index.php\/wp-json\/wp\/v2\/pages\/708","targetHints":{"allow":["GET"]}}],"collection":[{"href":"https:\/\/www.optimiseconsulting.eu\/index.php\/wp-json\/wp\/v2\/pages"}],"about":[{"href":"https:\/\/www.optimiseconsulting.eu\/index.php\/wp-json\/wp\/v2\/types\/page"}],"author":[{"embeddable":true,"href":"https:\/\/www.optimiseconsulting.eu\/index.php\/wp-json\/wp\/v2\/users\/2"}],"replies":[{"embeddable":true,"href":"https:\/\/www.optimiseconsulting.eu\/index.php\/wp-json\/wp\/v2\/comments?post=708"}],"version-history":[{"count":0,"href":"https:\/\/www.optimiseconsulting.eu\/index.php\/wp-json\/wp\/v2\/pages\/708\/revisions"}],"wp:attachment":[{"href":"https:\/\/www.optimiseconsulting.eu\/index.php\/wp-json\/wp\/v2\/media?parent=708"}],"curies":[{"name":"wp","href":"https:\/\/api.w.org\/{rel}","templated":true}]}}