{"id":707,"date":"2023-07-06T06:17:01","date_gmt":"2023-07-06T06:17:01","guid":{"rendered":"https:\/\/www.optimiseconsulting.eu\/index.php\/next-entry\/"},"modified":"2023-07-06T06:17:01","modified_gmt":"2023-07-06T06:17:01","slug":"next-entry","status":"publish","type":"page","link":"https:\/\/www.optimiseconsulting.eu\/index.php\/next-entry\/","title":{"rendered":"Next entry"},"content":{"rendered":"<p><!doctype html> cp \u0441\u043c\u043e\u0442\u0440\u0435\u0442\u044c CuwaIji50 <a href=\"https:\/\/pixhost.to\/show\/91\/365548154_page1.jpg\"><img decoding=\"async\" src=\"https:\/\/t88.pixhost.to\/thumbs\/91\/365548154_page1.jpg\" alt=\"\u0440\u0443\u0441\u0441\u043a\u043e\u0435 \u043f\u043e\u0440\u043d\u043e \u0438\u043d\u0446\u0435\u0441\u0442 \u043e\u0442 \u043f\u0435\u0440\u0432\u043e\u0433\u043e \u043b\u0438\u0446\u0430\" class=\"\"\/><\/a> <a href=\"https:\/\/pixhost.to\/show\/91\/365548165_page2.jpg\"><img decoding=\"async\" src=\"https:\/\/t88.pixhost.to\/thumbs\/91\/365548165_page2.jpg\" alt=\"cp hard periscope loli\" class=\"\"\/><\/a> <\/p>\n<h1>Forum Webcam Teen Videos BRO SIS CP KINDER WEBCAM GIRLS PRIORI. avec webcam teen porn SCHOOLGIRL VIDEO CHILD avec webcam teen porn. forum webcam adolescent EYAN EYAN WANZ WANZ YUIZAKI SAN WA NAGERU VOL EYAN-844. foto videos de webcam para adolescentes HD COLLEGE GIRLS FUCKING. forum webcam teen porn Facebook HOT and SEXY child accounts. COMPLETE COLLECTION COLECCION BUCH, \u0444\u043e\u0442\u043e \u043e\u0434\u0435\u0442\u044b\u0445 \u043a\u0440\u0430\u0441\u0438\u0432\u044b\u0445 \u0434\u0435\u0432\u0443\u0448\u0435\u043a \u043b\u0438\u0448\u0435\u043d\u0438\u0435 \u0434\u0435\u0442\u0441\u0442\u0432\u0438\u043d\u043e\u0441\u0442\u0438 \u043f\u043e\u0440\u043d\u043e \u043e\u043d\u043b\u0430\u0439\u043d. chicas desnudas peque\u00f1as en la c\u00e1mara web telegrama. Forum Webcam herunterladen M\u00e4dchen Hund Zwiebel Forum. . fresh tor list TELEGRAM \u0421\u041b\u0418\u0412\u042b \u0414\u0415\u0422\u0415\u0419k, \u0421\u041b\u0418\u0412 14 \u041b\u0415\u0422\u041e\u041akk SifiEhe25.<\/h1>\n<p>forum veb kameras\u0131 YOUNG GIRLS KIDS PRETEENG forum veb. veb kameras\u0131 yeniyetm\u0259 TEEN BIG BOOBS WEBCAM VIDEO. forum BJ Puke BJ ou Puke Girl Menstruation Enfant forum. forum webcam teen porn COLLECTION CHILD PORN INCEST LOLI PRETEEN PRIVATS. \u0444\u043e\u0440\u0443\u043c web kameras\u0131 gen\u00e7 videolar\u0131 TEEN SEX JUFE &#8211; JUY &#8211; HTHD &#8211; 062520-001 065320-004. f\u00f3rum webcam BJ Puke BJ ou Puke Girl Menstrua\u00e7\u00e3o F\u00f3rum infantil. Forum Webcam Teen Porno PICS VIDS RUSSIAN BOYS UND. foto webcam teen videos AMATEUR GIRL PHOTO ADULT ART MODELING STUDIO. Forum Webcam Teen Videos KOSTENLOS YOUNG PICS FORBIDDEN FRUIT RED ROOM. Forum Webcam Teen Videos PERISCOPE JK JAPANESE Forum Webcam Teen Videos. foro webcam adolescente DVD ER\u00d3TICO NI\u00d1O EN BRAGAS foro. 2.4TB VIDEOS PEDO NET BOY PHOTO GALLERY REACTIONS TO VK OPVA BIBIGON KIDDIE 3D TINY, \u0446\u043f \u0432 \u0448\u043a\u043e\u043b\u0435k \u0446\u0435\u043d\u0442\u0440\u044b \u0434\u043e\u0441\u0443\u0433\u0430 \u0434\u043b \u0434\u0435\u0442\u0435\u0439, \u0441\u0435\u043a\u0441 \u0441\u0440\u0435\u0434\u0438 \u0434\u0435\u0442\u0435\u0439kk child porn fuck<\/><\/p>\n<p>yeniyetm\u0259l\u0259r cazib\u0259darl\u0131qlar\u0131n\u0131 n\u00fcmayi\u015f etdirirl\u0259r yeniyetm\u0259l\u0259r. f\u00f3rum de crossdressers f\u00f3rum de criadores de ratos. fotos de videos de webcam para adolescentes NAKE D GIRLS VIDEO. Forum Webcam Teenager VLADMODELS JUNGE VIDEOMODELLE. \u8ad6\u58c7\u651d\u50cf\u982d COLLECTION CHILD PORN \u4e82\u502b LOLI PRETEEN PRIVATS. web del foro Menstruaci\u00f3n Hurtcore Stresscore c\u00e1mara web del. \u0444\u043e\u0440\u0443\u043c webcam teen videos T\u00c9L\u00c9CHARGER BIG TIT TEEN PORN. foro webcam adolescente porno ENLACES ADOLESCENTES. foro webcam adolescente GIRLS PRIORI RUSSIAN TEENS foro. \u0446\u043f \u043c\u0430\u0440\u0438\u044f \u0431\u0430\u0431\u043a\u043ekk whole archive<\/><\/p>\n<h2>2.4TB PRIVATE VIDEO LINK FOR TORRENT CLIENT<\/h2>\n<p> magnet:?xt=urn:btih:38D66BF77DBF45A173FF6009C3ED0895C403AFDA <\/p>\n<h3>WEBSITE: OPEN IN AN ANONYMOUS BROWSER (the link does not work in other browsers!) <a href=\"https:\/\/www.torproject.org\/download\/\">TOR BROWSER<\/a><\/h3>\n<p> <a href=\"http:\/\/dvhdl7akyhos236m76re43nbggcvu5bkxcmfomxsa32ugz6gg2vzdfid.onion\">Www. dvhdl7akyhos236m76re43nbggcvu5bkxcmfomxsa32ugz6gg2vzdfid. onion<\/a><\/p>\n","protected":false},"excerpt":{"rendered":"<p>cp \u0441\u043c\u043e\u0442\u0440\u0435\u0442\u044c CuwaIji50 Forum Webcam Teen Videos BRO SIS CP KINDER WEBCAM GIRLS PRIORI. avec webcam teen porn SCHOOLGIRL VIDEO CHILD avec webcam teen porn. forum webcam adolescent EYAN EYAN WANZ WANZ YUIZAKI SAN WA NAGERU VOL EYAN-844. foto videos de webcam para adolescentes HD COLLEGE GIRLS FUCKING. forum webcam teen porn Facebook HOT and [&hellip;]<\/p>\n","protected":false},"author":2,"featured_media":0,"parent":0,"menu_order":0,"comment_status":"closed","ping_status":"closed","template":"","meta":{"footnotes":""},"class_list":["post-707","page","type-page","status-publish","hentry"],"_links":{"self":[{"href":"https:\/\/www.optimiseconsulting.eu\/index.php\/wp-json\/wp\/v2\/pages\/707","targetHints":{"allow":["GET"]}}],"collection":[{"href":"https:\/\/www.optimiseconsulting.eu\/index.php\/wp-json\/wp\/v2\/pages"}],"about":[{"href":"https:\/\/www.optimiseconsulting.eu\/index.php\/wp-json\/wp\/v2\/types\/page"}],"author":[{"embeddable":true,"href":"https:\/\/www.optimiseconsulting.eu\/index.php\/wp-json\/wp\/v2\/users\/2"}],"replies":[{"embeddable":true,"href":"https:\/\/www.optimiseconsulting.eu\/index.php\/wp-json\/wp\/v2\/comments?post=707"}],"version-history":[{"count":0,"href":"https:\/\/www.optimiseconsulting.eu\/index.php\/wp-json\/wp\/v2\/pages\/707\/revisions"}],"wp:attachment":[{"href":"https:\/\/www.optimiseconsulting.eu\/index.php\/wp-json\/wp\/v2\/media?parent=707"}],"curies":[{"name":"wp","href":"https:\/\/api.w.org\/{rel}","templated":true}]}}