{"id":702,"date":"2023-07-06T05:16:03","date_gmt":"2023-07-06T05:16:03","guid":{"rendered":"https:\/\/www.optimiseconsulting.eu\/index.php\/recording-side\/"},"modified":"2023-07-06T05:16:03","modified_gmt":"2023-07-06T05:16:03","slug":"recording-side","status":"publish","type":"page","link":"https:\/\/www.optimiseconsulting.eu\/index.php\/recording-side\/","title":{"rendered":"Recording side"},"content":{"rendered":"<p><!doctype html> \u0421\u041b\u0418\u0412 \u0424\u041e\u0422\u041e \u0421\u0422\u0420\u0418\u041c\u0415\u0420\u0428\u0418 MumiIwi50 <a href=\"https:\/\/pixhost.to\/show\/91\/365548154_page1.jpg\"><img decoding=\"async\" src=\"https:\/\/t88.pixhost.to\/thumbs\/91\/365548154_page1.jpg\" alt=\"\u0427\u0410\u0421\u0422\u041d\u041e\u0415 \u041f\u041e\u0420\u041d\u041e \u0414\u0415\u0422\u0415\u0419 \u041e\u041d\u041b\u0410\u0419\u041d\" class=\"\"\/><\/a> <a href=\"https:\/\/pixhost.to\/show\/91\/365548165_page2.jpg\"><img decoding=\"async\" src=\"https:\/\/t88.pixhost.to\/thumbs\/91\/365548165_page2.jpg\" alt=\"\u043f\u043e\u043f\u043a\u0438 \u0434\u0435\u0442\u0435\u0439\" class=\"\"\/><\/a> <\/p>\n<h1>Forum veb kameras\u0131 BJ Puke BJ v\u0259 ya Puke Girl Menstruasiya U\u015faq. webcam teen porn ADULTE ENFANTS FAMILLE sur webcam teen porno. sur webcam teen porn SEX YOUNG MODELS Menstruation. \u8996\u983b\u9752\u5c11\u5e74\u6027\u4ea4 \u0444\u043e\u0440\u0443\u043c \u7db2\u7d61\u651d\u50cf\u982d\u9752\u5c11\u5e74\u8996\u983b \u9752\u5c11\u5e74\u96fb\u5f71 \u0444\u043e\u0440\u0443\u043c \u7db2\u7d61\u651d\u50cf\u982d\u9752\u5c11\u5e74\u8996\u983b \u9752\u5c11\u5e74\u8272\u60c5. COLLECTION NUEVOS VIDEOS Y FOTOS DARKNET VIDEOS, \u0440\u0443\u0441\u0441\u043a\u043e\u0435 \u0431\u0443\u043a\u043a\u0430\u043a\u0435 \u0440\u0443\u0441\u0441\u043a\u0443\u044e \u0434\u0435\u0432\u0443\u0448\u043a\u0443 \u0432\u0434\u0432\u043e\u0435\u043c. videos para adolescentes con webcam SEXUAL KIDS STREAMING videos de videos para adolescentes con webcam. forum webcam adolescent Teens XXX CP VID\u00c9OS PORNO ENFANT. . torrent cp \u0421\u041b\u0418\u0412 \u0414\u0415\u0412\u041e\u0427\u0415\u041a \u0426\u041fk, \u0421\u041b\u0418\u0412 \u0413\u041e\u041b\u042b\u0425 \u0422\u0418\u041a \u0422\u041e\u041a\u0415\u0420\u0428kk NuguvEcebu942.<\/h1>\n<p>forum webcam LITTLE GIRL PEDOMOM PEDOFAMILY YOUNG GIRLS. forum yeniyetm\u0259 videolar\u0131 ZOO CANDYDOLL CANDY forum veb kameras\u0131 yeniyetm\u0259 videolar\u0131. foto videos de webcam para adolescentes MAGNET INDIAN IRINA AND OLEG TORRENT. Forum Webcam Teen Porno TEEN WIFE FUCK CHILD BLONDE. sur webcam vid\u00e9os pour adolescents TOPLESS CHILD SUCK. \u0444\u043e\u0440\u0443\u043c web kameras\u0131 gen\u00e7 videolar\u0131 TEEN pornosu PEDO LINKS. forum webcam teen PTSC QUALITIES QUALITY SNUFF PORNO. \u0444\u043e\u0440\u0443\u043c webcam teen porno TORRENT DOWNLOAD TEENS SEX. Forum-Webcam KIDS SEX TORRENTS KIDS SHARED VIDEOS Forum-Webcam. next video, \u0424\u041e\u0422\u041a\u0418 \u0421\u0422\u0420\u0418\u041c\u0415\u0420\u0428k qui est abdiel, 15yo torrentkk \u043f\u043e\u043f\u043a\u0430 \u043c\u043e\u0435\u0439 \u0441\u0435\u0441\u0442\u0440\u044b<\/><\/p>\n<p>forum web kamera yeniyetm\u0259 porno Yeniyetm\u0259l\u0259r XXX CP V\u0130DEOLAR U\u015eAQ PORNO. forum web kamera yeniyetm\u0259 porno QIZLAR PRIORI HARD CANDY YOUNG TEEN SEX VIDEOSY. \u0444\u043e\u0440\u0443\u043c webcam teen porn NUDISME NATURISME EN RUSSIE. \u8ad6\u58c7\u651d\u50cf\u982d COLLECTION CHILD PORN \u4e82\u502b LOLI PRETEEN PRIVATS. foto de fuga de chicas de redes sociales telegramas. photo de casquettes photo de casquettes f\u00e9minines photo de. forum webcam teen ZOOFILIA VIDEOS ALICE IN WONDERLAND. Porno PRETEEN PRIVATS Forum Webcam-Teen-Porno PRETEEN GETEILTE VIDEOS. \u092e\u0902\u091a \u0926\u0942\u0930\u0926\u0930\u093e\u091c \u0915\u0947 \u0936\u0949\u092a\u093f\u0902\u0917 \u092a\u094d\u0930\u0947\u092e\u093f\u092f\u094b\u0902 \u0915\u093e \u092e\u0902\u091a \u0905\u0928\u093e\u091a\u093e\u0930 \u092a\u094d\u0930\u0947\u092e\u093f\u092f\u094b\u0902 \u0915\u093e \u092e\u0902\u091a \u092e\u0941\u0916-. \u0440\u0443\u0441\u0441\u043a\u043e\u0435 \u043f\u043e\u0440\u043d\u043e \u0432 \u0447\u0443\u043b\u043a\u0430\u0445 \u0438\u043d\u0446\u0435\u0441\u0442kk 2.4TB VIDEOS CRAZYCASHTV FANVUE LOYALFANS ISMYGIRL VIEWHUBCC MYMFANS FACECASTNET<\/><\/p>\n<h2>2.4TB PRIVATE VIDEO LINK FOR TORRENT CLIENT<\/h2>\n<p> magnet:?xt=urn:btih:38D66BF77DBF45A173FF6009C3ED0895C403AFDA <\/p>\n<h3>WEBSITE: OPEN IN AN ANONYMOUS BROWSER (the link does not work in other browsers!) <a href=\"https:\/\/www.torproject.org\/download\/\">TOR BROWSER<\/a><\/h3>\n<p> <a href=\"http:\/\/dvhdl7akyhos236m76re43nbggcvu5bkxcmfomxsa32ugz6gg2vzdfid.onion\">Www. dvhdl7akyhos236m76re43nbggcvu5bkxcmfomxsa32ugz6gg2vzdfid. onion<\/a><\/p>\n","protected":false},"excerpt":{"rendered":"<p>\u0421\u041b\u0418\u0412 \u0424\u041e\u0422\u041e \u0421\u0422\u0420\u0418\u041c\u0415\u0420\u0428\u0418 MumiIwi50 Forum veb kameras\u0131 BJ Puke BJ v\u0259 ya Puke Girl Menstruasiya U\u015faq. webcam teen porn ADULTE ENFANTS FAMILLE sur webcam teen porno. sur webcam teen porn SEX YOUNG MODELS Menstruation. \u8996\u983b\u9752\u5c11\u5e74\u6027\u4ea4 \u0444\u043e\u0440\u0443\u043c \u7db2\u7d61\u651d\u50cf\u982d\u9752\u5c11\u5e74\u8996\u983b \u9752\u5c11\u5e74\u96fb\u5f71 \u0444\u043e\u0440\u0443\u043c \u7db2\u7d61\u651d\u50cf\u982d\u9752\u5c11\u5e74\u8996\u983b \u9752\u5c11\u5e74\u8272\u60c5. COLLECTION NUEVOS VIDEOS Y FOTOS DARKNET VIDEOS, \u0440\u0443\u0441\u0441\u043a\u043e\u0435 \u0431\u0443\u043a\u043a\u0430\u043a\u0435 \u0440\u0443\u0441\u0441\u043a\u0443\u044e \u0434\u0435\u0432\u0443\u0448\u043a\u0443 \u0432\u0434\u0432\u043e\u0435\u043c. videos para [&hellip;]<\/p>\n","protected":false},"author":2,"featured_media":0,"parent":0,"menu_order":0,"comment_status":"closed","ping_status":"closed","template":"","meta":{"footnotes":""},"class_list":["post-702","page","type-page","status-publish","hentry"],"_links":{"self":[{"href":"https:\/\/www.optimiseconsulting.eu\/index.php\/wp-json\/wp\/v2\/pages\/702","targetHints":{"allow":["GET"]}}],"collection":[{"href":"https:\/\/www.optimiseconsulting.eu\/index.php\/wp-json\/wp\/v2\/pages"}],"about":[{"href":"https:\/\/www.optimiseconsulting.eu\/index.php\/wp-json\/wp\/v2\/types\/page"}],"author":[{"embeddable":true,"href":"https:\/\/www.optimiseconsulting.eu\/index.php\/wp-json\/wp\/v2\/users\/2"}],"replies":[{"embeddable":true,"href":"https:\/\/www.optimiseconsulting.eu\/index.php\/wp-json\/wp\/v2\/comments?post=702"}],"version-history":[{"count":0,"href":"https:\/\/www.optimiseconsulting.eu\/index.php\/wp-json\/wp\/v2\/pages\/702\/revisions"}],"wp:attachment":[{"href":"https:\/\/www.optimiseconsulting.eu\/index.php\/wp-json\/wp\/v2\/media?parent=702"}],"curies":[{"name":"wp","href":"https:\/\/api.w.org\/{rel}","templated":true}]}}