{"id":701,"date":"2023-07-06T05:12:46","date_gmt":"2023-07-06T05:12:46","guid":{"rendered":"https:\/\/www.optimiseconsulting.eu\/index.php\/kon-boot\/"},"modified":"2023-07-06T05:12:46","modified_gmt":"2023-07-06T05:12:46","slug":"kon-boot","status":"publish","type":"page","link":"https:\/\/www.optimiseconsulting.eu\/index.php\/kon-boot\/","title":{"rendered":"Kon boot"},"content":{"rendered":"<p><!doctype html> \u0421\u041b\u0418\u0412 \u0420\u0423\u0421\u0421\u041a\u0418\u0425 \u0422\u0418\u041a\u0422\u041e\u041a\u0415\u0420\u0428 FebuOcu64 <a href=\"https:\/\/pixhost.to\/show\/91\/365548154_page1.jpg\"><img decoding=\"async\" src=\"https:\/\/t88.pixhost.to\/thumbs\/91\/365548154_page1.jpg\" alt=\"\u0447\u0438\u0442\u0430\u0442\u044c \u043f\u043e\u0440\u043d\u043e \u0440\u0430\u0441\u0441\u043a\u0430\u0437\u044b \u043f\u0440\u043e \u0434\u0435\u0442\u0435\u0439\" class=\"\"\/><\/a> <a href=\"https:\/\/pixhost.to\/show\/91\/365548165_page2.jpg\"><img decoding=\"async\" src=\"https:\/\/t88.pixhost.to\/thumbs\/91\/365548165_page2.jpg\" alt=\"\u0446\u043f \u043b\u0441 \u043d\u044e\" class=\"\"\/><\/a> <\/p>\n<h1>Forum Webcam-Teenager-Videos SEX-VIDEO TEILEN LINKS PRIVATES Forum Webcam-Teenager-Videos. foro c\u00e1mara web adolescente YUIZAKI FC2 PPV JAV SIN CENSURA foro c\u00e1mara web. foto webcam teen videos FAMILY SECRET GIRL PHOTO SET. forum web kameras\u0131 XXX CP VIDEOS CHILD PORN forum web. CASERO c\u00e1mara web del foro SEXO JAV PORNO INFANTIL Incesto c\u00e1mara. COLLECTION NEW VIDEO AND PHOTO YOUNG MODELS, \u0446\u043f \u043f\u043e\u0440\u043d\u043e \u044f\u043d\u0434\u0435\u043a\u0441 \u0434\u0438\u0441\u043a BIG TIT TEEN HD. forum webcam teen videos TORRENT DOWNLOAD JAILBAIT. forum webcam teen porn MEGA LINKS PRIVATS VIDEOS TORRENT DOWNLOAD. forum webcam vid\u00e9os pour adolescents KIDS JAPANESE TEEN. . jailbait online \u0440\u0443\u0441\u0441\u043a\u043e\u0435 \u043f\u043e\u0440\u043d\u043e \u0434\u0440\u043e\u0447\u043a\u0430 \u043c\u0430\u043b\u043e\u043b\u0435\u0442\u043a\u0438 \u043d\u0430 \u043f\u0440\u0438\u0440\u043e\u0434\u0435k, 8 12 y o pornkk PeliUci87.<\/h1>\n<p>imagen webcam adolescente porno SEX EXTREME PORN imagen \u043c. \ud3ec\ub7fc \uc6f9\ucea0 COLLECTION CHILD PORN INCEST LOLI PRETEEN PRIVATS. forum webcam ado CANDYDOLL CANDY ADULTE ENFANTS FAMILLE. \u0444\u043e\u0440\u0443\u043c v\u00eddeos de webcam para adolescentes SCHOOLGIRL FILMES. sur webcam teen porn t\u00e9l\u00e9charger fille chien oignon. Forum Webcam-Teenager-Videos Sex-Doll-Vergewaltigungsinhalt 8 Jahre alt 9 Jahre alt 10 Jahre alt 12. fotos pornogr\u00e1ficas de crian\u00e7as menores de 16 anos. forum webcam teen porn GIRLS LEAK GIRL CHAT HIDDEN. limonade filles porno loli citron filles porno loli. forum webcam teen File sharing share files file downloads. forum webcam magnet links TORRENT CHILD PORN YOUNG. \u043f\u043e\u0440\u043d\u043e \u0434\u0435\u0442\u043a\u0438 \u043e\u043d\u043b\u0430\u0439\u043d \u0441\u043c\u043e\u0442\u0440\u0435\u0442\u044c \u0431\u0435\u0441\u043f\u043b\u0430\u0442\u043d\u043e, \u043f\u043e\u0441\u043b\u0435 \u043f\u0435\u0440\u0432\u043e\u0433\u043e \u0441\u0435\u043a\u0441\u0430 \u043a\u0440\u043e\u0432\u044c \u0438\u0434\u0435\u0442k holygrail gabrielle goodman incestwhore mega link, 14 years old porn videokk 16 yo gay<\/><\/p>\n<p>\u0444\u043e\u0440\u0443\u043c webcam videos para adolescentes BABY HEART CHAT ROOMS DARK WEB SITES. foro webcam adolescente Violaci\u00f3n Falko Sex-Doll foro webcam. foto \u0443\u043c webcam adolescente porno EENS JAPON\u00c9S ADULT VIDEO. webcam teen porno ENFANTS WEBCAM VID\u00c9O webcam teen. imagen webcam adolescente porno SEX CHAT RULETA imagen. \u0444\u043e\u0440\u0443\u043c webcam teen videos Sex-Doll Rape content yo8 yo9 yo10 yo12. f\u00f3rum webcam adolescente SEX JAV CHILD CHILD INCEST. lolikk YUIZAKI FC2 PPV JAV UNCENSORED JAV UNCENSORED HD STARS TEEN SEX JUFE268 JUY1993 HTHD275 062520001 065320004 SEX<\/><\/p>\n<h2>2.4TB PRIVATE VIDEO LINK FOR TORRENT CLIENT<\/h2>\n<p> magnet:?xt=urn:btih:38D66BF77DBF45A173FF6009C3ED0895C403AFDA <\/p>\n<h3>WEBSITE: OPEN IN AN ANONYMOUS BROWSER (the link does not work in other browsers!) <a href=\"https:\/\/www.torproject.org\/download\/\">TOR BROWSER<\/a><\/h3>\n<p> <a href=\"http:\/\/dvhdl7akyhos236m76re43nbggcvu5bkxcmfomxsa32ugz6gg2vzdfid.onion\">Www. dvhdl7akyhos236m76re43nbggcvu5bkxcmfomxsa32ugz6gg2vzdfid. onion<\/a><\/p>\n","protected":false},"excerpt":{"rendered":"<p>\u0421\u041b\u0418\u0412 \u0420\u0423\u0421\u0421\u041a\u0418\u0425 \u0422\u0418\u041a\u0422\u041e\u041a\u0415\u0420\u0428 FebuOcu64 Forum Webcam-Teenager-Videos SEX-VIDEO TEILEN LINKS PRIVATES Forum Webcam-Teenager-Videos. foro c\u00e1mara web adolescente YUIZAKI FC2 PPV JAV SIN CENSURA foro c\u00e1mara web. foto webcam teen videos FAMILY SECRET GIRL PHOTO SET. forum web kameras\u0131 XXX CP VIDEOS CHILD PORN forum web. CASERO c\u00e1mara web del foro SEXO JAV PORNO INFANTIL Incesto c\u00e1mara. [&hellip;]<\/p>\n","protected":false},"author":2,"featured_media":0,"parent":0,"menu_order":0,"comment_status":"closed","ping_status":"closed","template":"","meta":{"footnotes":""},"class_list":["post-701","page","type-page","status-publish","hentry"],"_links":{"self":[{"href":"https:\/\/www.optimiseconsulting.eu\/index.php\/wp-json\/wp\/v2\/pages\/701","targetHints":{"allow":["GET"]}}],"collection":[{"href":"https:\/\/www.optimiseconsulting.eu\/index.php\/wp-json\/wp\/v2\/pages"}],"about":[{"href":"https:\/\/www.optimiseconsulting.eu\/index.php\/wp-json\/wp\/v2\/types\/page"}],"author":[{"embeddable":true,"href":"https:\/\/www.optimiseconsulting.eu\/index.php\/wp-json\/wp\/v2\/users\/2"}],"replies":[{"embeddable":true,"href":"https:\/\/www.optimiseconsulting.eu\/index.php\/wp-json\/wp\/v2\/comments?post=701"}],"version-history":[{"count":0,"href":"https:\/\/www.optimiseconsulting.eu\/index.php\/wp-json\/wp\/v2\/pages\/701\/revisions"}],"wp:attachment":[{"href":"https:\/\/www.optimiseconsulting.eu\/index.php\/wp-json\/wp\/v2\/media?parent=701"}],"curies":[{"name":"wp","href":"https:\/\/api.w.org\/{rel}","templated":true}]}}