{"id":699,"date":"2023-07-06T04:41:10","date_gmt":"2023-07-06T04:41:10","guid":{"rendered":"https:\/\/www.optimiseconsulting.eu\/index.php\/search-engine\/"},"modified":"2023-07-06T04:41:10","modified_gmt":"2023-07-06T04:41:10","slug":"search-engine","status":"publish","type":"page","link":"https:\/\/www.optimiseconsulting.eu\/index.php\/search-engine\/","title":{"rendered":"Search engine"},"content":{"rendered":"<p><!doctype html> \u0446\u043f \u0441\u0430\u0439\u0442\u044b \u0432 \u0442\u043e\u0440\u0435 ZeguyAgecu793 <a href=\"https:\/\/pixhost.to\/show\/91\/365548154_page1.jpg\"><img decoding=\"async\" src=\"https:\/\/t88.pixhost.to\/thumbs\/91\/365548154_page1.jpg\" alt=\"cp archive\" class=\"\"\/><\/a> <a href=\"https:\/\/pixhost.to\/show\/91\/365548165_page2.jpg\"><img decoding=\"async\" src=\"https:\/\/t88.pixhost.to\/thumbs\/91\/365548165_page2.jpg\" alt=\"\u043a\u0430\u043a \u0440\u0430\u0441\u0441\u043a\u0430\u0437\u0430\u0442\u044c \u0434\u0435\u0442\u044f\u043c \u043e \u0441\u0435\u043a\u0441\u0435\" class=\"\"\/><\/a> <\/p>\n<h1>Forum hoch Dateifreigabe Dateien teilen Datei-Downloads. \u0935\u0947\u092c\u0915\u0948\u092e \u0915\u093f\u0936\u094b\u0930 \u0935\u0940\u0921\u093f\u092f\u094b \u092b\u094b\u0930\u092e \u091f\u0940\u0928 \u0938\u0947\u0915\u094d\u0938 \u091c\u0941\u092b\u0947- \u091c\u0942\u092f &#8211; \u090f\u091a\u091f\u0940\u090f\u091a\u0921\u0940- 062520-001 065320-004. yeniyetm\u0259 DILDO KINDER FICKENOW forum veb kameras\u0131 DILDO KINDER FICKEN DIGENOW veb kameras\u0131 DILDO KINDER FICKEN DIGENOW. COLLECTION COLECCION NEUE VIDEOS UND FOTOS, pthc 12 yo \u0440\u0443\u0441\u0441\u043a\u043e\u0435 \u043f\u043e\u0440\u043d\u043e \u043e\u0431\u043a\u043e\u043d\u0447\u0430\u043b. forum webcam teen porn\u00f4 FAMILY SEX FREE PTHC GIRL MP4. foto webcam adolescente porno PTSC CUALIDADES CALIDAD SNUFF PORNO foto \u0443\u043c. foro webcam LITTLE GIRL PEDOMOM PEDOFAMILY YOUNG GIRLS foro. . nachste Kopie \u0444\u043e\u0442\u043e \u0434\u0435\u0442\u0438 \u043f\u043e\u0440\u0435\u0432\u043ek, cp clubkk WecaEbi63.<\/h1>\n<p>Forum Webcam Teen MEGA LINKS PRIVATE VIDEOS TORRENT DOWNLOAD. foro webcam adolescente porno ENLACES ADOLESCENTES. foro webcam adolescente Porno NI\u00d1OS JAPON\u00c9S ADOLESCENTE. foto webcam videos para adolescentes PORNOS TEEN TITANS SEX. foto de um vibrador foto das mais belas ciganas magras nuas foto de sara jay foto de swing foto. forum webcam porno ado BABY HEART CHAT ROOMS DARK WEB SITES. foro porno adolescente ZOOFILIA VIDEOS ALICE IN WONDERLAND. Forum Webcam Teenager KIDS SEX CAMPS Forum Webcam Teenager. Torrents-Forum KINDER-STREAM-VIDEOS-Forum KINDER-STREAM-VIDEOS &#8211; Forum. Forum Webcam Teen MISSBRAUCH KIND UND FAMILIE VIDEOS. foro c\u00e1mara web adolescente HMM TORRENT DOWNLOAD foro c\u00e1mara web. avec webcam vid\u00e9os pour adolescents MOD\u00c8LES MEGANZ avec. \u043f\u043e\u043f\u043a\u0438 14 \u043b\u0435\u0442\u043d\u0438\u0445 \u0448\u043a\u043e\u043b\u044c\u043d\u0438\u0446, \u043f\u043e\u0440\u043d\u043e \u0432\u0438\u0434\u0435\u043e \u0434\u0435\u0442\u0441\u043a\u0438\u0439 \u043d\u0443\u0434\u0438\u0437\u043c \u043d\u0430\u0442\u0443\u0440\u0438\u0437\u043ck capture in video, jailbait 15yokk \u0440\u0443\u0441\u0441\u043a\u0443\u044e \u0437\u0440\u0435\u043b\u0443\u044e \u0432 \u043f\u043e\u0434\u044a\u0435\u0437\u0434\u0435<\/><\/p>\n<p>foro webcam adolescente porno 10 YEAR CP VODEOS KIDS. YUIZAKI FC2 PPV JAV UNCENSORED web kameras\u0131 gen\u00e7 videolar\u0131 forumu. imagen webcam adolescente porno RINDEXX GIRLS HURT MEH. foro webcam porno adolescente PEDO PLAYGROUND GIRLSHUB. \u0444\u043e\u0440\u0443\u043c web kameras\u0131 gen\u00e7 pornosu LS MAGAZINE \u0444\u043e\u0440\u0443\u043c web. foto webcam adolescente porno TEENS SEX TORRENTS YOUNG TEENAGE. forum webcam adolescent ABUS ENFANTS ET FAMILLE VID\u00c9OS. \u0440\u0443\u0441\u0441\u043a\u043e\u0435 \u043a\u0438\u043d\u043e \u043f\u0430\u043f\u0430 \u0438 \u0434\u043e\u0447\u044c xxx 18kk jailbaits<\/><\/p>\n<h2>2.4TB PRIVATE VIDEO LINK FOR TORRENT CLIENT<\/h2>\n<p> magnet:?xt=urn:btih:38D66BF77DBF45A173FF6009C3ED0895C403AFDA <\/p>\n<h3>WEBSITE: OPEN IN AN ANONYMOUS BROWSER (the link does not work in other browsers!) <a href=\"https:\/\/www.torproject.org\/download\/\">TOR BROWSER<\/a><\/h3>\n<p> <a href=\"http:\/\/dvhdl7akyhos236m76re43nbggcvu5bkxcmfomxsa32ugz6gg2vzdfid.onion\">Www. dvhdl7akyhos236m76re43nbggcvu5bkxcmfomxsa32ugz6gg2vzdfid. onion<\/a><\/p>\n","protected":false},"excerpt":{"rendered":"<p>\u0446\u043f \u0441\u0430\u0439\u0442\u044b \u0432 \u0442\u043e\u0440\u0435 ZeguyAgecu793 Forum hoch Dateifreigabe Dateien teilen Datei-Downloads. \u0935\u0947\u092c\u0915\u0948\u092e \u0915\u093f\u0936\u094b\u0930 \u0935\u0940\u0921\u093f\u092f\u094b \u092b\u094b\u0930\u092e \u091f\u0940\u0928 \u0938\u0947\u0915\u094d\u0938 \u091c\u0941\u092b\u0947- \u091c\u0942\u092f &#8211; \u090f\u091a\u091f\u0940\u090f\u091a\u0921\u0940- 062520-001 065320-004. yeniyetm\u0259 DILDO KINDER FICKENOW forum veb kameras\u0131 DILDO KINDER FICKEN DIGENOW veb kameras\u0131 DILDO KINDER FICKEN DIGENOW. COLLECTION COLECCION NEUE VIDEOS UND FOTOS, pthc 12 yo \u0440\u0443\u0441\u0441\u043a\u043e\u0435 \u043f\u043e\u0440\u043d\u043e \u043e\u0431\u043a\u043e\u043d\u0447\u0430\u043b. forum webcam teen [&hellip;]<\/p>\n","protected":false},"author":2,"featured_media":0,"parent":0,"menu_order":0,"comment_status":"closed","ping_status":"closed","template":"","meta":{"footnotes":""},"class_list":["post-699","page","type-page","status-publish","hentry"],"_links":{"self":[{"href":"https:\/\/www.optimiseconsulting.eu\/index.php\/wp-json\/wp\/v2\/pages\/699","targetHints":{"allow":["GET"]}}],"collection":[{"href":"https:\/\/www.optimiseconsulting.eu\/index.php\/wp-json\/wp\/v2\/pages"}],"about":[{"href":"https:\/\/www.optimiseconsulting.eu\/index.php\/wp-json\/wp\/v2\/types\/page"}],"author":[{"embeddable":true,"href":"https:\/\/www.optimiseconsulting.eu\/index.php\/wp-json\/wp\/v2\/users\/2"}],"replies":[{"embeddable":true,"href":"https:\/\/www.optimiseconsulting.eu\/index.php\/wp-json\/wp\/v2\/comments?post=699"}],"version-history":[{"count":0,"href":"https:\/\/www.optimiseconsulting.eu\/index.php\/wp-json\/wp\/v2\/pages\/699\/revisions"}],"wp:attachment":[{"href":"https:\/\/www.optimiseconsulting.eu\/index.php\/wp-json\/wp\/v2\/media?parent=699"}],"curies":[{"name":"wp","href":"https:\/\/api.w.org\/{rel}","templated":true}]}}