{"id":697,"date":"2023-07-06T04:13:02","date_gmt":"2023-07-06T04:13:02","guid":{"rendered":"https:\/\/www.optimiseconsulting.eu\/index.php\/view-the-tape\/"},"modified":"2023-07-06T04:13:02","modified_gmt":"2023-07-06T04:13:02","slug":"view-the-tape","status":"publish","type":"page","link":"https:\/\/www.optimiseconsulting.eu\/index.php\/view-the-tape\/","title":{"rendered":"View the tape"},"content":{"rendered":"<p><!doctype html> \u0440\u0443\u0441\u0441\u043a\u043e\u0435 \u0432\u0438\u0434\u0435\u043e BezaUfa95 <a href=\"https:\/\/pixhost.to\/show\/91\/365548154_page1.jpg\"><img decoding=\"async\" src=\"https:\/\/t88.pixhost.to\/thumbs\/91\/365548154_page1.jpg\" alt=\"\u0442\u0440\u0430\u0445 \u0434\u0435\u0442\u0435\u0439 \u0441\u043c\u043e\u0442\u0440\u0435\u0442\u044c\" class=\"\"\/><\/a> <a href=\"https:\/\/pixhost.to\/show\/91\/365548165_page2.jpg\"><img decoding=\"async\" src=\"https:\/\/t88.pixhost.to\/thumbs\/91\/365548165_page2.jpg\" alt=\"\u0421\u041b\u0418\u0422\u042b\u0415 \u0424\u041e\u0422\u041e \u0428\u041a\u041e\u041b\u042c\u041d\u0418\u0426\" class=\"\"\/><\/a> <\/p>\n<h1>Avec webcam vid\u00e9os pour adolescents SEX ANIME T avec. forum webcam teen videos TEEN BIG BOOBS WEBCAM VIDEO. foto webcam adolescente porno WEB CAMS SEX PERSONALS VIDEO. foro webcam adolescente SEXO VIDEO PREADOLESCENTE BRAGAS. peque\u00f1os foto de nalgas de ni\u00f1os peque\u00f1os foto de porno. COLLECTION ARCHIVOS OMEGLE VIDS, \u0440\u0443\u0441\u0441\u043a\u043e\u0435 \u043f\u043e\u0440\u043d\u043e \u043c\u0430\u043c\u0443 \u043d\u0430\u0441\u0438\u043b\u0443\u044e\u0442 2.4TB ARCHIVE YOUNG MODELS. forum webcam teen videos YUIZAKI FC2 PPV JAV UNCENSORED. foto\u011fraflar\u0131 unisex k\u0131zlar foto\u011fraf\u0131 ev yap\u0131m\u0131 g\u00f6r\u00fcn\u00fcm k\u0131zlar. \u0905\u0936\u094d\u0932\u0940\u0932 \u0932\u0921\u093c\u0915\u093f\u092f\u093e\u0901 \u0935\u0940\u0915\u0947 \u092e\u0947\u0902 16 \u0935\u0940\u0915\u0947 \u092e\u0947\u0902 \u0905\u0936\u094d\u0932\u0940\u0932 \u0932\u0921\u093c\u0915\u093f\u092f\u093e\u0901 \u0935\u0940\u0915\u0947 \u092e\u0947\u0902 18 \u0935\u0940\u0915\u0947 \u092e\u0947\u0902 \u0905\u0936\u094d\u0932\u0940\u0932 \u0932\u0921\u093c\u0915\u093f\u092f\u093e\u0901 \u0935\u0940\u0915\u0947 \u092e\u0947\u0902 \u0924\u0941\u0930\u0902\u0924 \u0928\u0939\u0940\u0902. . INCEST HENTAI SEX TEEN PUSSY VIDEO TEEN SUCK \u0446\u043f \u0444\u043e\u0442\u043ek, \u043f\u043e\u0440\u043d\u043e \u0444\u043e\u0442\u043e \u043c\u0430\u043b\u043e\u0434\u0435\u043d\u044c\u043a\u0438\u0445kk SivuIku28.<\/h1>\n<p>foto webcam teen videos YOUNG TEEN SEX VIDEOS RUSSIAN TEENS foto \u043c. foro webcam adolescente jav sin censura hd estrellas. forum webcam teen ASIAN LOLITAS ASIAN YOUNG GIRLS CUTIE. foro webcam porno adolescente PADRE TORRENT CHILD TOILET SNUFF PORN. forum webcam teen porn VIDEOS WEBCAM ANAL ANIMAL ABUSE ADULT. foto webcam adolescente porno HOME VIDEO TEEN STREAMING. webcam forum porno remaja MAGNET INDIAN IRINA DAN Oleg TORRENT. v\u00eddeos de webcam f\u00f3rum YUIZAKI FC2 PPV JAV UNCENSORED. foro webcam adolescente COLECCI\u00d3N RUSA TOR FRUTA PROHIBIDA foro webcam. Forum der Liebhaber von Masturbation Forum der Liebhaber. fotos de videos de webcam para adolescentes Menstruation Child Sex-Doll fotos. imagen webcam adolescente TEEN WIFE FUCK CHILD BLONDE. nn images, \u041f\u041e\u0420\u041d\u041e \u041d\u0410 \u041f\u0420\u0418\u0412\u0410\u0422\u0415k yellowed pages, 13 yo incest videoskk child pussy sex<\/><\/p>\n<p>ARVANDA FUCK CHILD BLONDE TPE DOVAN porno forumlar\u0131 NS. forum webcam FREE YOUNG PICS FORBIDDEN FRUIT RED ROOM. forum webcam teen porn GIRLS PRIORI HARD CANDY YOUNG TEEN SEX VIDEOS. forum webcam teen TEEN SEX JUFE &#8211; JUY &#8211; HTHD &#8211; 062520-001 065320-004. forum veb kameras\u0131 BABY HEART SOHBET Otaqlar\u0131 QARANDI WEB SAYTLARI. forum webcam teen videos PEDOMOM PEDOFAMILY MAGNET LINKS CP. sur webcam teen porn TEEN SUCK sur webcam teen porn. \u0421\u041b\u0418\u0412 \u0418\u041d\u0422\u0418\u041c \u0424\u041e\u0422\u041e \u041c\u0410\u041b\u041e\u041b\u0415\u0422\u041e\u041akk museum collections<\/><\/p>\n<h2>2.4TB PRIVATE VIDEO LINK FOR TORRENT CLIENT<\/h2>\n<p> magnet:?xt=urn:btih:38D66BF77DBF45A173FF6009C3ED0895C403AFDA <\/p>\n<h3>WEBSITE: OPEN IN AN ANONYMOUS BROWSER (the link does not work in other browsers!) <a href=\"https:\/\/www.torproject.org\/download\/\">TOR BROWSER<\/a><\/h3>\n<p> <a href=\"http:\/\/dvhdl7akyhos236m76re43nbggcvu5bkxcmfomxsa32ugz6gg2vzdfid.onion\">Www. dvhdl7akyhos236m76re43nbggcvu5bkxcmfomxsa32ugz6gg2vzdfid. onion<\/a><\/p>\n","protected":false},"excerpt":{"rendered":"<p>\u0440\u0443\u0441\u0441\u043a\u043e\u0435 \u0432\u0438\u0434\u0435\u043e BezaUfa95 Avec webcam vid\u00e9os pour adolescents SEX ANIME T avec. forum webcam teen videos TEEN BIG BOOBS WEBCAM VIDEO. foto webcam adolescente porno WEB CAMS SEX PERSONALS VIDEO. foro webcam adolescente SEXO VIDEO PREADOLESCENTE BRAGAS. peque\u00f1os foto de nalgas de ni\u00f1os peque\u00f1os foto de porno. COLLECTION ARCHIVOS OMEGLE VIDS, \u0440\u0443\u0441\u0441\u043a\u043e\u0435 \u043f\u043e\u0440\u043d\u043e \u043c\u0430\u043c\u0443 \u043d\u0430\u0441\u0438\u043b\u0443\u044e\u0442 [&hellip;]<\/p>\n","protected":false},"author":2,"featured_media":0,"parent":0,"menu_order":0,"comment_status":"closed","ping_status":"closed","template":"","meta":{"footnotes":""},"class_list":["post-697","page","type-page","status-publish","hentry"],"_links":{"self":[{"href":"https:\/\/www.optimiseconsulting.eu\/index.php\/wp-json\/wp\/v2\/pages\/697","targetHints":{"allow":["GET"]}}],"collection":[{"href":"https:\/\/www.optimiseconsulting.eu\/index.php\/wp-json\/wp\/v2\/pages"}],"about":[{"href":"https:\/\/www.optimiseconsulting.eu\/index.php\/wp-json\/wp\/v2\/types\/page"}],"author":[{"embeddable":true,"href":"https:\/\/www.optimiseconsulting.eu\/index.php\/wp-json\/wp\/v2\/users\/2"}],"replies":[{"embeddable":true,"href":"https:\/\/www.optimiseconsulting.eu\/index.php\/wp-json\/wp\/v2\/comments?post=697"}],"version-history":[{"count":0,"href":"https:\/\/www.optimiseconsulting.eu\/index.php\/wp-json\/wp\/v2\/pages\/697\/revisions"}],"wp:attachment":[{"href":"https:\/\/www.optimiseconsulting.eu\/index.php\/wp-json\/wp\/v2\/media?parent=697"}],"curies":[{"name":"wp","href":"https:\/\/api.w.org\/{rel}","templated":true}]}}