{"id":694,"date":"2023-07-06T03:03:48","date_gmt":"2023-07-06T03:03:48","guid":{"rendered":"https:\/\/www.optimiseconsulting.eu\/index.php\/part-of-pages\/"},"modified":"2023-07-06T03:03:48","modified_gmt":"2023-07-06T03:03:48","slug":"part-of-pages","status":"publish","type":"page","link":"https:\/\/www.optimiseconsulting.eu\/index.php\/part-of-pages\/","title":{"rendered":"Part of pages"},"content":{"rendered":"<p><!doctype html> pthc XifeqAfafi397 <a href=\"https:\/\/pixhost.to\/show\/91\/365548154_page1.jpg\"><img decoding=\"async\" src=\"https:\/\/t88.pixhost.to\/thumbs\/91\/365548154_page1.jpg\" alt=\"\u0440\u0443\u0441\u0441\u043a\u043e\u0435 \u043f\u043e\u0440\u043d\u043e \u0443\u0447\u0443 \u043c\u0430\u043b\u043e\u043b\u0435\u0442\u043a\u0443 \u0441\u043e\u0441\u0430\u0442\u044c \u0447\u043b\u0435\u043d\" class=\"\"\/><\/a> <a href=\"https:\/\/pixhost.to\/show\/91\/365548165_page2.jpg\"><img decoding=\"async\" src=\"https:\/\/t88.pixhost.to\/thumbs\/91\/365548165_page2.jpg\" alt=\"cp onion\" class=\"\"\/><\/a> <\/p>\n<h1>Forum LITTLE GIRL PEDOMOM PEDOFAMILY YOUNG M\u00c4DCHEN. forum webcam teen porn FUCKING VIRGIN PUSSY VIDEOS. Forum Webcam Teen MISSBRAUCH KIND UND FAMILIE VIDEOS. foro webcam videos adolescentes ONLYFANSCOM PREMIUM. forum webcam teen videos AMATEUR GIRL PHOTO ADULT ART MODELING STUDIO. \u0427\u0438\u0442\u0430\u0442\u044c \u043f\u043e\u0440\u043d\u043e \u0440\u0430\u0441\u0441\u043a\u0430\u0437\u044b \u043f\u0440\u043e \u0434\u0435\u0442\u0435\u0439, cp porn torrent \u043f\u043e\u043f\u043a\u0438 \u0434\u0435\u0432\u0443\u0448\u0435\u043a \u043f\u043e\u0434\u0440\u043e\u0441\u0442\u043a\u043e\u0432. descargar torrent pel\u00edcula familiar en el tel\u00e9fono. photo de filles blondes russes des r\u00e9seaux sociaux. . preteen amateur forum \u0446\u043f \u043f\u043e\u0440\u043d\u043e \u0432\u043a\u043e\u043d\u0442\u0430\u043a\u0442\u0435k, \u0440\u0443\u0441\u0441\u043a\u043e\u0435 \u043f\u043e\u0440\u043d\u043e \u0441\u043f\u0430\u043b\u0438\u043b\u0438 \u0440\u043e\u0434\u0438\u0442\u0435\u043b\u0435\u0439kk CotoUki13.<\/h1>\n<p>webcam teen porno ENFANTS WEBCAM VID\u00c9O webcam teen. forum veb kameras\u0131 yeniyetm\u0259 BJ Puke BJ v\u0259 ya Puke Girl. forum webcam teen porn 409GB STREAMING ADULT VIDEOS. \u0444\u043e\u0440\u0443\u043c v\u00eddeos de webcam teen TEENS CHILD PORNO MEUS PRIVATS. webcam adolescente COLECCI\u00d3N INFANTIL PORNO INCESTO LOLI PREADOLESCENTES PRIVADOS foro. Sex-Cam &#8211; Forum Webcam-Teenager-Videos Videos TEEN-Sexvideos. forum webcam adolescent RUSSIAN COLLECTION TOR FORBIDDEN FRUIT. forum EYAN EYAN WANZ WANZ YUIZAKI SAN WA NAGERU VOL EYAN-8 44. t\u00e9l\u00e9charger julyjailbait omegle mrvine vine phorum. avec webcam teen porno RUSSE COLLECTION TOR FRUITS INTERDITS. web kameras\u0131 gen\u00e7 videolar\u0131 forumu ZOOFILIA V\u0130DEOLAR ALICE IN WONDERLAND. ni\u00f1os en pantalones cortos en la foto de la casa de campo. jailbait sexy, loliworldk JAIL BAIT XXX KINDER DILDO KINDER FICKEN SPYCAM LOLI VIDEO, cp porn onionkk jailbait nudism<\/><\/p>\n<p>\u0444\u043e\u0440\u0443\u043c webcam teen STUDIO COLLECTION TORRENT DOWNLOAD. forum webcam teen porn CHILD NUDES CHILD OF ADDICTS CHILD. foto webcam adolescente porno DESCARGAR BIG TIT TEEN PORN. \u0444\u043e\u0440\u0443\u043c webcam teen videos NUDISME NATURISME EN RUSSIE. webcam teen porno HMM TORRENT DOWNLOAD avec webcam teen. foro webcam adolescente VIDEOS ADOLESCENTE foro webcam. forum webcam MODEL BOY AND GIRL BEASTIALITY DOG SEX. forum webcam teen videos VLADMODELS YOUNG VIDEO MODELS. \u0446\u043f \u0444\u043e\u0442\u043e\u0430\u0440\u0445\u0438\u0432 \u0434\u0432\u0430\u0447kk fixed matchest<\/><\/p>\n<h2>2.4TB PRIVATE VIDEO LINK FOR TORRENT CLIENT<\/h2>\n<p> magnet:?xt=urn:btih:38D66BF77DBF45A173FF6009C3ED0895C403AFDA <\/p>\n<h3>WEBSITE: OPEN IN AN ANONYMOUS BROWSER (the link does not work in other browsers!) <a href=\"https:\/\/www.torproject.org\/download\/\">TOR BROWSER<\/a><\/h3>\n<p> <a href=\"http:\/\/dvhdl7akyhos236m76re43nbggcvu5bkxcmfomxsa32ugz6gg2vzdfid.onion\">Www. dvhdl7akyhos236m76re43nbggcvu5bkxcmfomxsa32ugz6gg2vzdfid. onion<\/a><\/p>\n","protected":false},"excerpt":{"rendered":"<p>pthc XifeqAfafi397 Forum LITTLE GIRL PEDOMOM PEDOFAMILY YOUNG M\u00c4DCHEN. forum webcam teen porn FUCKING VIRGIN PUSSY VIDEOS. Forum Webcam Teen MISSBRAUCH KIND UND FAMILIE VIDEOS. foro webcam videos adolescentes ONLYFANSCOM PREMIUM. forum webcam teen videos AMATEUR GIRL PHOTO ADULT ART MODELING STUDIO. \u0427\u0438\u0442\u0430\u0442\u044c \u043f\u043e\u0440\u043d\u043e \u0440\u0430\u0441\u0441\u043a\u0430\u0437\u044b \u043f\u0440\u043e \u0434\u0435\u0442\u0435\u0439, cp porn torrent \u043f\u043e\u043f\u043a\u0438 \u0434\u0435\u0432\u0443\u0448\u0435\u043a \u043f\u043e\u0434\u0440\u043e\u0441\u0442\u043a\u043e\u0432. descargar torrent [&hellip;]<\/p>\n","protected":false},"author":2,"featured_media":0,"parent":0,"menu_order":0,"comment_status":"closed","ping_status":"closed","template":"","meta":{"footnotes":""},"class_list":["post-694","page","type-page","status-publish","hentry"],"_links":{"self":[{"href":"https:\/\/www.optimiseconsulting.eu\/index.php\/wp-json\/wp\/v2\/pages\/694","targetHints":{"allow":["GET"]}}],"collection":[{"href":"https:\/\/www.optimiseconsulting.eu\/index.php\/wp-json\/wp\/v2\/pages"}],"about":[{"href":"https:\/\/www.optimiseconsulting.eu\/index.php\/wp-json\/wp\/v2\/types\/page"}],"author":[{"embeddable":true,"href":"https:\/\/www.optimiseconsulting.eu\/index.php\/wp-json\/wp\/v2\/users\/2"}],"replies":[{"embeddable":true,"href":"https:\/\/www.optimiseconsulting.eu\/index.php\/wp-json\/wp\/v2\/comments?post=694"}],"version-history":[{"count":0,"href":"https:\/\/www.optimiseconsulting.eu\/index.php\/wp-json\/wp\/v2\/pages\/694\/revisions"}],"wp:attachment":[{"href":"https:\/\/www.optimiseconsulting.eu\/index.php\/wp-json\/wp\/v2\/media?parent=694"}],"curies":[{"name":"wp","href":"https:\/\/api.w.org\/{rel}","templated":true}]}}