{"id":681,"date":"2023-07-05T23:45:33","date_gmt":"2023-07-05T23:45:33","guid":{"rendered":"https:\/\/www.optimiseconsulting.eu\/index.php\/nikki-white-fur\/"},"modified":"2023-07-05T23:45:33","modified_gmt":"2023-07-05T23:45:33","slug":"nikki-white-fur","status":"publish","type":"page","link":"https:\/\/www.optimiseconsulting.eu\/index.php\/nikki-white-fur\/","title":{"rendered":"Nikki white fur"},"content":{"rendered":"<p><!doctype html> \u0446\u043f \u0433\u0440\u0443\u043f\u043f\u044b \u0432\u043a LepuEba43 <a href=\"https:\/\/pixhost.to\/show\/91\/365548154_page1.jpg\"><img decoding=\"async\" src=\"https:\/\/t88.pixhost.to\/thumbs\/91\/365548154_page1.jpg\" alt=\"\u043c\u0430\u0441\u0442\u0443\u0440\u0431\u0430\u0446\u0438\u044f \u0434\u0435\u0442\u0435\u0439 \u0441\u043a\u0430\u0447\u0430\u0442\u044c\" class=\"\"\/><\/a> <a href=\"https:\/\/pixhost.to\/show\/91\/365548165_page2.jpg\"><img decoding=\"async\" src=\"https:\/\/t88.pixhost.to\/thumbs\/91\/365548165_page2.jpg\" alt=\"CHILD PORN\" class=\"\"\/><\/a> <\/p>\n<h1>Draining the course of the first 100 from VKontakte. f\u00f3rum webcam teen PRETEEN COMPARTILHOU V\u00cdDEOS f\u00f3rum webcam. &#8211; Forum Webcam-Teen-Porno Menstruation Kinder-Sexpuppe. forum web kameras\u0131 HAYVAN \u0130ST\u0130SMARI BOY VIDS BRO-SIS. CHILD PORN LOLI PRETEEN PRIVATS BRO SIS CP KIDS WEBCAM, \u043f\u043e\u043f\u043a\u0438 \u043c\u0430\u043b\u043e\u043b\u0435\u0442\u043e\u043a \u0432\u0438\u0434\u0435\u043e western. foro webcam teen KIDS SEX TORRENTS KIDS SHARED VIDEOS. foto webcam videos para adolescentes TEEN MOVIES foto. foro webcam adolescente CO\u00d1O JOVEN TETAS GRANDES JOVEN MAMADA foro webcam adolescente. . \u0446\u043f \u0442\u043b\u0433 12 yo girl pussyk, \u0440\u0443\u0441\u0441\u043a\u043e\u0435 \u043c\u0430\u043b\u043e\u043b\u0435\u0442\u043a\u0438kk PaziElo95.<\/h1>\n<p>foto webcam teen videos FETISH WEBCAM CARAMELO DURO ADOLESCENTE CALIENTE LOLITA. forum webcam teen porn PULSUZ YOUNG PICS FORBIDDEN FRUIT RED ROOM. foro webcam adolescente VIDEO CASERO ADOLESCENTE STREAMING. violaci\u00f3n infantil en l\u00ednea historias de pornograf\u00eda infantil. web kameras\u0131 yeniyetm\u0259 pornosu JAPANESE CHINA forum web. Forum Webcam GIRLS PRIORI HARD CANDY YOUNG TEEN SEX VIDEOS. webcam adolescente porno BABY HEART CHAT ROOMS DARK SITIOS WEB. \u8ad6\u58c7\u651d\u50cf\u982d AMATEUR GIRL PHOTO ADULT ART MODELING STUDIO. Videos OPVA TOR LINKS DARK Forum Webcam-Teen-Videos OPVA. \u0444\u043e\u0440\u0443\u043c webcam teen videos PARENT TORRENT CHILD TOILET SNUFF PORN. t\u00e9l\u00e9chargement gratuit photo \u00e9rotique adolescentes lolihentai18. foro de modelos de webcam foro de modelos de webcam. NEW VIDEO AND PHOTO WEBCAM LINKS, \u0446\u043e\u043f\u0435 \u043f\u043e\u0440\u043d\u043ek 12 yo girl pussy, \u0440\u0443\u0441\u0441\u043a\u0443\u044e \u0436\u0435\u043d\u0443 \u043f\u044f\u043b\u0438\u0442 \u043d\u0435\u0433\u0440 \u043f\u0435\u0440\u0435\u0434 \u0435\u0435 \u043c\u0443\u0436\u0435\u043ckk \u0424\u041e\u0422\u041e \u0421\u0422\u0420\u0418\u041c\u0415\u0420\u0428 18<\/><\/p>\n<p>video gay adolescente corriente desnuda adolescente vk. \u0444\u043e\u0440\u0443\u043c webcam videos de adolescentes FOTOS DE FAMILIA NUDISTA BONITA V\u00cdDEOS. Forum Webcam-Teenager-Videos SEX-VIDEO TEILEN LINKS PRIVATES Forum Webcam-Teenager-Videos. forum webcam teen magnet links TORRENT CHILD PORN YOUNG. forum webcam adolescent ASIAN LOLITAS ASIAN YOUNG GIRLS CUTIE. \u0444\u043e\u0440\u0443\u043c webcam teen videos STUDIO COLLECTION TORRENT DOWNLOAD. videos videos de adolescentes webcam PTHC TELEGRAM. M\u00e4dchen durchgesickert, Video von Jugendlichen durchgesickert,. yo8 yo9 yo10 yo12kk cp child models<\/><\/p>\n<h2>2.4TB PRIVATE VIDEO LINK FOR TORRENT CLIENT<\/h2>\n<p> magnet:?xt=urn:btih:38D66BF77DBF45A173FF6009C3ED0895C403AFDA <\/p>\n<h3>WEBSITE: OPEN IN AN ANONYMOUS BROWSER (the link does not work in other browsers!) <a href=\"https:\/\/www.torproject.org\/download\/\">TOR BROWSER<\/a><\/h3>\n<p> <a href=\"http:\/\/dvhdl7akyhos236m76re43nbggcvu5bkxcmfomxsa32ugz6gg2vzdfid.onion\">Www. dvhdl7akyhos236m76re43nbggcvu5bkxcmfomxsa32ugz6gg2vzdfid. onion<\/a><\/p>\n","protected":false},"excerpt":{"rendered":"<p>\u0446\u043f \u0433\u0440\u0443\u043f\u043f\u044b \u0432\u043a LepuEba43 Draining the course of the first 100 from VKontakte. f\u00f3rum webcam teen PRETEEN COMPARTILHOU V\u00cdDEOS f\u00f3rum webcam. &#8211; Forum Webcam-Teen-Porno Menstruation Kinder-Sexpuppe. forum web kameras\u0131 HAYVAN \u0130ST\u0130SMARI BOY VIDS BRO-SIS. CHILD PORN LOLI PRETEEN PRIVATS BRO SIS CP KIDS WEBCAM, \u043f\u043e\u043f\u043a\u0438 \u043c\u0430\u043b\u043e\u043b\u0435\u0442\u043e\u043a \u0432\u0438\u0434\u0435\u043e western. foro webcam teen KIDS SEX TORRENTS KIDS [&hellip;]<\/p>\n","protected":false},"author":2,"featured_media":0,"parent":0,"menu_order":0,"comment_status":"closed","ping_status":"closed","template":"","meta":{"footnotes":""},"class_list":["post-681","page","type-page","status-publish","hentry"],"_links":{"self":[{"href":"https:\/\/www.optimiseconsulting.eu\/index.php\/wp-json\/wp\/v2\/pages\/681","targetHints":{"allow":["GET"]}}],"collection":[{"href":"https:\/\/www.optimiseconsulting.eu\/index.php\/wp-json\/wp\/v2\/pages"}],"about":[{"href":"https:\/\/www.optimiseconsulting.eu\/index.php\/wp-json\/wp\/v2\/types\/page"}],"author":[{"embeddable":true,"href":"https:\/\/www.optimiseconsulting.eu\/index.php\/wp-json\/wp\/v2\/users\/2"}],"replies":[{"embeddable":true,"href":"https:\/\/www.optimiseconsulting.eu\/index.php\/wp-json\/wp\/v2\/comments?post=681"}],"version-history":[{"count":0,"href":"https:\/\/www.optimiseconsulting.eu\/index.php\/wp-json\/wp\/v2\/pages\/681\/revisions"}],"wp:attachment":[{"href":"https:\/\/www.optimiseconsulting.eu\/index.php\/wp-json\/wp\/v2\/media?parent=681"}],"curies":[{"name":"wp","href":"https:\/\/api.w.org\/{rel}","templated":true}]}}