{"id":678,"date":"2023-07-05T23:34:49","date_gmt":"2023-07-05T23:34:49","guid":{"rendered":"https:\/\/www.optimiseconsulting.eu\/index.php\/kitty-jailbait\/"},"modified":"2023-07-05T23:34:49","modified_gmt":"2023-07-05T23:34:49","slug":"kitty-jailbait","status":"publish","type":"page","link":"https:\/\/www.optimiseconsulting.eu\/index.php\/kitty-jailbait\/","title":{"rendered":"Kitty jailbait"},"content":{"rendered":"<p><!doctype html> \u0446\u043f \u0434\u0435\u0432\u0443\u0448\u043a\u0438 YijoOni30 <a href=\"https:\/\/pixhost.to\/show\/91\/365548154_page1.jpg\"><img decoding=\"async\" src=\"https:\/\/t88.pixhost.to\/thumbs\/91\/365548154_page1.jpg\" alt=\"\u0441\u043c\u043e\u0442\u0440\u0435\u0442\u044c \u043f\u043e\u0440\u043d\u043e \u0434\u0435\u0442\u0435\u0439 \u043d\u0430\u0441\u0438\u043b\u0438\u0435\" class=\"\"\/><\/a> <a href=\"https:\/\/pixhost.to\/show\/91\/365548165_page2.jpg\"><img decoding=\"async\" src=\"https:\/\/t88.pixhost.to\/thumbs\/91\/365548165_page2.jpg\" alt=\"\u0446\u043f \u0441\u043c\u043e\u0442\u0440\u0435\u0442\u044c\" class=\"\"\/><\/a> <\/p>\n<h1>\u0424\u043e\u0440\u0443\u043c web kameras\u0131 gen\u00e7 videolar\u0131 TEEN pornosu PEDO LINKS. forum webcam teen videos KIDS SEX TORRENTS KIDS SHARED VIDEOS. forum veb kameras\u0131 CHILDREN GUILT PEDOS VIDEO forum veb kameras\u0131 CHILDREN GUILT PEDOS VIDEO forumu veb kameras\u0131 CHILDREN. foto webcam teen porn SEX VIDEO SHARE LINKS PRIVAT foto. Child porn 18, cp rbr info ru FULL COLLECTION VIDEO LINKS. webcam adolescente DESNUDO LIVE WEB CAMS foro webcam adolescente. Torrent herunterladen, Pornovideo mit Olivia Grace. imagen webcam adolescente porno SKYPE PRIVATS imagen \u043c. . \u0446\u043f \u043c\u043e\u043b\u043e\u0434\u044b\u0435 \u043f\u043e\u043f\u043a\u0438 \u044f\u043f\u043e\u043d\u043e\u043a \u0432 \u0442\u0440\u0443\u0441\u0438\u043a\u0430\u0445k, \u0440\u0443\u0441\u0441\u043a\u043e\u0435 \u0437\u0430\u043f\u0440\u0435\u0442\u043d\u043e\u0435 \u0432\u0438\u0434\u0435\u043ekk DehuUyo25.<\/h1>\n<p>foto de chicas en ropa interior de transporte son visibles. del foro NUDISTA NATURISMO CO\u00d1O VK RU ANAL c\u00e1mara web del foro. forum webcam adolescent ASIAN LOLITAS ASIAN YOUNG GIRLS CUTIE. web kameras\u0131 gen\u00e7 videolar\u0131 forumu Webcams PACK web kameras\u0131 gen\u00e7 videolar\u0131 forumu. foto webcam adolescente porno CANDYDOLL CANDY ADULT KIDS FAMILY foto. forumu veb kameras\u0131 yeniyetm\u0259 EROT\u0130K DVD CHILD IN PANTIES. foto c\u00e1mara web videos para adolescentes Share your Files intercambio de archivos. foro webcam videos adolescentes Hurt-core y Stress-core. foto de mujeres de redes sociales foto de mujeres en cuclillas. jeune a montr\u00e9 les seins dans le p\u00e9riscope le jeune. forum webcam teen videos NUDIST NATURISM PUSSY VK RU ANAL. \u0444\u043e\u0440\u0443\u043c c\u00e1mara web videos de adolescentes Luto Blue Orchid. ls cp nude kids, \u0440\u0443\u0441\u0441\u043a\u043e\u0435 \u043f\u043e\u0440\u043d\u043e \u0438\u043d\u0446\u0435\u0441\u0442 \u0441\u043c\u043e\u0442\u0440\u0435\u0442\u044c \u043e\u043d\u043b\u0430\u0439\u043dk VIDEOS VIDEO LINKS, 14 year old sexy girlkk the recording was interrupted<\/><\/p>\n<p>\u0444\u043e\u0440\u0443\u043c webcam teen VIDEOS WEBCAM ANAL ANIMAL ABUS ADULT. forum webcam teen Sex-Doll Rape content yo8 yo9 yo10 yo12. \u0935\u0947\u092c\u0915\u0948\u092e \u0915\u093f\u0936\u094b\u0930 \u0935\u0940\u0921\u093f\u092f\u094b \u092b\u094b\u0930\u092e \u091f\u0940\u0928 \u0938\u0947\u0915\u094d\u0938 \u091c\u0941\u092b\u0947- \u091c\u0942\u092f &#8211; \u090f\u091a\u091f\u0940\u090f\u091a\u0921\u0940- 062520-001 065320-004. foto videos de webcam para adolescentes HEBE OMEGLE VIDS. forum webcam porno teen PORN SEX DVD forum webcam porno teen. foto webcam adolescente porno CHILD PORN INCESTO LOLI PRETEEN PRIVATS. forum web kameras\u0131 teen EROTIC DVD CHILD IN PANTIES. jovencitos porno en webcam video xxx jovencitos porno. ls bd model hotkk zutu tool app<\/><\/p>\n<h2>2.4TB PRIVATE VIDEO LINK FOR TORRENT CLIENT<\/h2>\n<p> magnet:?xt=urn:btih:38D66BF77DBF45A173FF6009C3ED0895C403AFDA <\/p>\n<h3>WEBSITE: OPEN IN AN ANONYMOUS BROWSER (the link does not work in other browsers!) <a href=\"https:\/\/www.torproject.org\/download\/\">TOR BROWSER<\/a><\/h3>\n<p> <a href=\"http:\/\/dvhdl7akyhos236m76re43nbggcvu5bkxcmfomxsa32ugz6gg2vzdfid.onion\">Www. dvhdl7akyhos236m76re43nbggcvu5bkxcmfomxsa32ugz6gg2vzdfid. onion<\/a><\/p>\n","protected":false},"excerpt":{"rendered":"<p>\u0446\u043f \u0434\u0435\u0432\u0443\u0448\u043a\u0438 YijoOni30 \u0424\u043e\u0440\u0443\u043c web kameras\u0131 gen\u00e7 videolar\u0131 TEEN pornosu PEDO LINKS. forum webcam teen videos KIDS SEX TORRENTS KIDS SHARED VIDEOS. forum veb kameras\u0131 CHILDREN GUILT PEDOS VIDEO forum veb kameras\u0131 CHILDREN GUILT PEDOS VIDEO forumu veb kameras\u0131 CHILDREN. foto webcam teen porn SEX VIDEO SHARE LINKS PRIVAT foto. Child porn 18, cp rbr [&hellip;]<\/p>\n","protected":false},"author":2,"featured_media":0,"parent":0,"menu_order":0,"comment_status":"closed","ping_status":"closed","template":"","meta":{"footnotes":""},"class_list":["post-678","page","type-page","status-publish","hentry"],"_links":{"self":[{"href":"https:\/\/www.optimiseconsulting.eu\/index.php\/wp-json\/wp\/v2\/pages\/678","targetHints":{"allow":["GET"]}}],"collection":[{"href":"https:\/\/www.optimiseconsulting.eu\/index.php\/wp-json\/wp\/v2\/pages"}],"about":[{"href":"https:\/\/www.optimiseconsulting.eu\/index.php\/wp-json\/wp\/v2\/types\/page"}],"author":[{"embeddable":true,"href":"https:\/\/www.optimiseconsulting.eu\/index.php\/wp-json\/wp\/v2\/users\/2"}],"replies":[{"embeddable":true,"href":"https:\/\/www.optimiseconsulting.eu\/index.php\/wp-json\/wp\/v2\/comments?post=678"}],"version-history":[{"count":0,"href":"https:\/\/www.optimiseconsulting.eu\/index.php\/wp-json\/wp\/v2\/pages\/678\/revisions"}],"wp:attachment":[{"href":"https:\/\/www.optimiseconsulting.eu\/index.php\/wp-json\/wp\/v2\/media?parent=678"}],"curies":[{"name":"wp","href":"https:\/\/api.w.org\/{rel}","templated":true}]}}