{"id":667,"date":"2023-07-05T19:43:09","date_gmt":"2023-07-05T19:43:09","guid":{"rendered":"https:\/\/www.optimiseconsulting.eu\/index.php\/seks-yunyx-detej\/"},"modified":"2023-07-05T19:43:09","modified_gmt":"2023-07-05T19:43:09","slug":"seks-yunyx-detej","status":"publish","type":"page","link":"https:\/\/www.optimiseconsulting.eu\/index.php\/seks-yunyx-detej\/","title":{"rendered":"\u0421\u0435\u043a\u0441 \u044e\u043d\u044b\u0445 \u0434\u0435\u0442\u0435\u0439"},"content":{"rendered":"<p><!doctype html> \u0440\u0443\u0441\u0441\u043a\u043e\u0435 \u043f\u043e\u0440\u043d\u043e \u0441\u044b\u043d \u043d\u0430\u0441\u0438\u043b\u0443\u0435\u0442 \u043c\u0430\u0442\u044c KexagEtagi934 <a href=\"https:\/\/pixhost.to\/show\/91\/365548154_page1.jpg\"><img decoding=\"async\" src=\"https:\/\/t88.pixhost.to\/thumbs\/91\/365548154_page1.jpg\" alt=\"\u043f\u043e\u043f\u043a\u0438 \u0434\u0435\u0432\u043e\u0447\u0435\u043a \u0447\u0430\u0441\u0442\u043d\u043e\u0435\" class=\"\"\/><\/a> <a href=\"https:\/\/pixhost.to\/show\/91\/365548165_page2.jpg\"><img decoding=\"async\" src=\"https:\/\/t88.pixhost.to\/thumbs\/91\/365548165_page2.jpg\" alt=\"\u043f\u043e\u0440\u043d\u043e \u043a\u043e\u043c\u0438\u043a\u0441\u044b \u0434\u0435\u0442\u043a\u0438 \u043f\u043e\u0434\u0440\u043e\u0441\u043b\u0438\" class=\"\"\/><\/a> <\/p>\n<h1>Forumu SCHOOLGIRL VIDEO CHILD forumu SEXKIRL V\u0130DEO CHILD forumu SEXDSKIRL VIDEO CHILD forumu SEXDSKIRL VIDEO CHILD. forum webcam MEGA LINKS VIDEOS PRIVADOS TORRENT DESCARGAR forum. youngsters take off their panties on camera video periscope. \u0444\u043e\u0440\u0443\u043c webcam adolescente porn TEENS HOME ASIAN TEEN. Brute force instagram guide, \u0432\u0438\u0434\u0435\u043e \u0441\u0435\u043a\u0441 \u0434\u0435\u0442\u0435\u0439 \u0432 \u0448\u043a\u043e\u043b\u0435 11 yo boy strip omegle vk. Eltern, ficken Kinder, Eltern, ficken Kinder, Pornovideos, Eltern. Forum Webcam Teen Porno AMATEUR M\u00c4DCHEN FOTO ERWACHSENE ART MODELING STUDIO. foto webcam VIDEO PEDOS DE CULPA INFANTIL porno adolescente. . cp tg 16 yo blowjobk, \u0434\u043e\u0441\u0443\u0433 \u0432 \u043c\u043e\u0441\u043a\u0432\u0435 \u0434\u043b\u044f \u0434\u0435\u0442\u0435\u0439kk BepuOta40.<\/h1>\n<p>foto webcam adolescente porno Sex-Doll Rape content yo8 yo9 yo10 yo12. foro webcam videos adolescentes Hurtcore Stresscore. Forum Webcam-Teenager-Videos TEEN-Pornos PEDO LINKS. Forum Webcam Teen-Porno CP I2P MAGNET LINKS Forum Webcam. \u0444\u043e\u0440\u0443\u043c \u0935\u0947\u092c\u0915\u0948\u092e \u0915\u093f\u0936\u094b\u0930 \u0935\u0940\u0921\u093f\u092f\u094b \u0938\u0947\u0915\u094d\u0938 \u0921\u0940\u0935\u0940\u0921\u0940 \u0444\u043e\u0440\u0443\u043c \u0935\u0947\u092c\u0915\u0948\u092e \u0915\u093f\u0936\u094b\u0930 \u0935\u0940\u0921\u093f\u092f\u094b. teen videolar\u0131 forum YUIZAKI FCUNCE2 teen videolar\u0131. PORNO adolescente Hurt-core y Stress-core foto webcam. forum webcam teen porn\u00f4 FAMILY SEX FREE PTHC GIRL MP4. \u0444\u043e\u0440\u0443\u043c c\u00e1mara web videos de adolescentes FIRST STUDIOS. YOUNG TEEN SEX VIDEOS ZOO c\u00e1mara web del foro J\u00d3VENES. jailbait video forum, 8 yo pornk jailbait girl nude, nude preteen gallerykk \u0446\u043f \u0432 \u0442\u0435\u043b\u0435\u0433\u0440\u0430\u043c\u043c<\/><\/p>\n<p>\u0444\u043e\u0440\u0443\u043c webcam teen videos SEX DVD \u0444\u043e\u0440\u0443\u043c webcam teen videos. del foro NUDISTA NATURISMO CO\u00d1O VK RU ANAL c\u00e1mara web del foro. webcam vid\u00e9os pour adolescents TEEN SEX JUFE &#8211; JUY &#8211; HTHD &#8211; 062520-001 065320-004. Webcam Teen herunterladen Porno KINDERPORNO DOWNLOAD. forum webcam adolescent ENFANT PORNO Hurt-core and Stress &#8211; c\u0153ur. foto webcam adolescente pornograf\u00eda TELEGRAM CHANNEL Teens. \u092b\u094b\u0930\u092e \u0935\u0947\u092c\u0915\u0948\u092e \u0905\u092a\u0928\u0940 \u092b\u093c\u093e\u0907\u0932\u0947\u0902 \u0938\u093e\u091d\u093e \u0915\u0930\u0928\u093e \u092b\u093c\u093e\u0907\u0932\u0947\u0902 \u0938\u093e\u091d\u093e \u0915\u0930\u0928\u093e. Webcam du forum de la salle de bains Webcam du forum Falkovideo. jailbait 15yokk childlover forum<\/><\/p>\n<h2>2.4TB PRIVATE VIDEO LINK FOR TORRENT CLIENT<\/h2>\n<p> magnet:?xt=urn:btih:38D66BF77DBF45A173FF6009C3ED0895C403AFDA <\/p>\n<h3>WEBSITE: OPEN IN AN ANONYMOUS BROWSER (the link does not work in other browsers!) <a href=\"https:\/\/www.torproject.org\/download\/\">TOR BROWSER<\/a><\/h3>\n<p> <a href=\"http:\/\/dvhdl7akyhos236m76re43nbggcvu5bkxcmfomxsa32ugz6gg2vzdfid.onion\">Www. dvhdl7akyhos236m76re43nbggcvu5bkxcmfomxsa32ugz6gg2vzdfid. onion<\/a><\/p>\n","protected":false},"excerpt":{"rendered":"<p>\u0440\u0443\u0441\u0441\u043a\u043e\u0435 \u043f\u043e\u0440\u043d\u043e \u0441\u044b\u043d \u043d\u0430\u0441\u0438\u043b\u0443\u0435\u0442 \u043c\u0430\u0442\u044c KexagEtagi934 Forumu SCHOOLGIRL VIDEO CHILD forumu SEXKIRL V\u0130DEO CHILD forumu SEXDSKIRL VIDEO CHILD forumu SEXDSKIRL VIDEO CHILD. forum webcam MEGA LINKS VIDEOS PRIVADOS TORRENT DESCARGAR forum. youngsters take off their panties on camera video periscope. \u0444\u043e\u0440\u0443\u043c webcam adolescente porn TEENS HOME ASIAN TEEN. Brute force instagram guide, \u0432\u0438\u0434\u0435\u043e \u0441\u0435\u043a\u0441 \u0434\u0435\u0442\u0435\u0439 [&hellip;]<\/p>\n","protected":false},"author":2,"featured_media":0,"parent":0,"menu_order":0,"comment_status":"closed","ping_status":"closed","template":"","meta":{"footnotes":""},"class_list":["post-667","page","type-page","status-publish","hentry"],"_links":{"self":[{"href":"https:\/\/www.optimiseconsulting.eu\/index.php\/wp-json\/wp\/v2\/pages\/667","targetHints":{"allow":["GET"]}}],"collection":[{"href":"https:\/\/www.optimiseconsulting.eu\/index.php\/wp-json\/wp\/v2\/pages"}],"about":[{"href":"https:\/\/www.optimiseconsulting.eu\/index.php\/wp-json\/wp\/v2\/types\/page"}],"author":[{"embeddable":true,"href":"https:\/\/www.optimiseconsulting.eu\/index.php\/wp-json\/wp\/v2\/users\/2"}],"replies":[{"embeddable":true,"href":"https:\/\/www.optimiseconsulting.eu\/index.php\/wp-json\/wp\/v2\/comments?post=667"}],"version-history":[{"count":0,"href":"https:\/\/www.optimiseconsulting.eu\/index.php\/wp-json\/wp\/v2\/pages\/667\/revisions"}],"wp:attachment":[{"href":"https:\/\/www.optimiseconsulting.eu\/index.php\/wp-json\/wp\/v2\/media?parent=667"}],"curies":[{"name":"wp","href":"https:\/\/api.w.org\/{rel}","templated":true}]}}