{"id":664,"date":"2023-07-05T18:41:27","date_gmt":"2023-07-05T18:41:27","guid":{"rendered":"https:\/\/www.optimiseconsulting.eu\/index.php\/candle-search\/"},"modified":"2023-07-05T18:41:27","modified_gmt":"2023-07-05T18:41:27","slug":"candle-search","status":"publish","type":"page","link":"https:\/\/www.optimiseconsulting.eu\/index.php\/candle-search\/","title":{"rendered":"Candle search"},"content":{"rendered":"<p><!doctype html> \u0446\u043f \u0432 \u043b\u0441 \u0442\u0435\u043b\u0435\u0433\u0440\u0430\u043c FuyoIka28 <a href=\"https:\/\/pixhost.to\/show\/91\/365548154_page1.jpg\"><img decoding=\"async\" src=\"https:\/\/t88.pixhost.to\/thumbs\/91\/365548154_page1.jpg\" alt=\"\u0430\u043d\u0443\u0441 \u043c\u0430\u043b\u043e\u043b\u0435\u0442\u043a\u0438\" class=\"\"\/><\/a> <a href=\"https:\/\/pixhost.to\/show\/91\/365548165_page2.jpg\"><img decoding=\"async\" src=\"https:\/\/t88.pixhost.to\/thumbs\/91\/365548165_page2.jpg\" alt=\"\u043f\u043e\u043f\u043a\u0438 \u0434\u0435\u0432\u043e\u0447\u0435\u043a 14 \u043b\u0435\u0442\" class=\"\"\/><\/a> <\/p>\n<h1>Forum webcam aimant liens TORRENT CHILD PORN YOUNG. foto webcam teen videos GIRLS PRIORI RUSSIAN TEENS foto \u0443\u043c webcam teen. webcam adolescente 409GB TRANSMISI\u00d3N DE VIDEOS PARA ADULTOS. foto c\u00e1mara web videos adolescentes TEENS CHILD PORN. forum webcam teen porn WEB CAMS SEX PERSONALS VIDEO. Borneporno, \u043f\u043e\u0440\u043d\u043e\u0433\u0440\u0430\u0444\u0438\u044f \u043c\u0430\u043b\u0435\u043d\u044c\u043a\u0438\u0445 \u0434\u0435\u0442\u0435\u0439 15 teen nn model. foro webcam adolescente descargar chica perro cebolla. Lied herunterladen Ten Paint Me Naked Lied herunterladen. foro webcam adolescente porno PORNOS TEEN TITANS SEXO. . 8 12yo 12 y o girlsk, \u0446\u043f \u0432\u0438\u0434\u0435\u043e \u0434\u0435\u0432\u043e\u0447\u0435\u043akk HiremAtaji642.<\/h1>\n<p>webcam vid\u00e9os pour adolescents TEEN SEX CHATS avec. foro webcam enlaces magn\u00e9ticos TORRENT CHILD PORN Foro JOVEN. forum web kameras\u0131 yeniyetm\u0259 porno KOLLEKS\u0130YASI U\u015eAQ PORNOSI INCEST LOLI PRETEEN PRIVATS forum. forum webcam MEGA LINKS VIDEOS PRIVADOS TORRENT DESCARGAR forum. forumu veb kameras\u0131 yeniyetm\u0259 AMATUR QIZ FOTO ADULT ART MODELING STUDIO. forum webcam teen porn YOUNG TEEN SEX VIDEOS RUSSIAN TEENS. sur webcam teen porn t\u00e9l\u00e9charger fille chien oignon. \u0444\u043e\u0440\u0443\u043c \u0935\u0947\u092c\u0915\u0948\u092e \u0915\u093f\u0936\u094b\u0930 \u0905\u0936\u094d\u0932\u0940\u0932 \u0921\u093e\u0909\u0928\u0932\u094b\u0921 \u092c\u093e\u0932 \u0905\u0936\u094d\u0932\u0940\u0932 \u0905\u0928\u093e\u091a\u093e\u0930. foro c\u00e1mara web adolescente OPVA VIDEOS foro c\u00e1mara web. forum webcam adolescent MAGNET INDIAN IRINA ET OLEG TORRENT. forum veb kameras\u0131 yeniyetm\u0259 videolar\u0131 Paradise Birds. photo de mecs et d&#8217;hommes en solo eurocreme studio. new jb girls, \u0440\u0443\u0441\u0441\u043a\u043e\u0435 \u0431\u0435\u0437 \u0442\u0435\u043b\u0435\u0444\u043e\u043d\u0430k Hurtcore Stresscore Rape Falko SexDoll Magnet Link CHILD PORN Hurtcore and Stresscore The Club Falko 4 Bathroom BJ Puke BJ or Puke, \u041f\u041e\u0420\u041d\u041e \u0421 \u041c\u0410\u041b\u041e\u041b\u0415\u0422\u041a\u0410\u041c\u0418kk \u0446\u043f torrent<\/><\/p>\n<p>foto webcam adolescente porno TELEGRAM CHANNEL TEENMODEL. foto webcam videos de adolescentes NATURIST FREEDOM. foto del foro de adolescentes er\u00f3ticas lolihentai18. forum webcam ado PTSC QUALITIES QUALITY SNUFF PORNO forum. C\u00e1mara web del foro C\u00e1mara web del foro 10 A\u00d1OS CP VODEOS. Foro infantil c\u00e1mara web adolescente BOY VIDS foro c\u00e1mara web. photo de la chatte de la fille photo de la chatte des femmes. \u0444\u043e\u0440\u0443\u043c web kameras\u0131 gen\u00e7 videolar SEX JAV \u00c7OCUK PORNOSU ENSS. \u0440\u0443\u0441\u0441\u043a\u043e\u0435 \u0434\u043e\u043c\u0430\u0448\u043d\u0435\u0435 \u043f\u044c\u044f\u043d\u043e\u0435kk \u043a\u043b\u0438\u0442\u043e\u0440 \u043c\u0430\u043b\u043e\u043b\u0435\u0442\u043e\u043a<\/><\/p>\n<h2>2.4TB PRIVATE VIDEO LINK FOR TORRENT CLIENT<\/h2>\n<p> magnet:?xt=urn:btih:38D66BF77DBF45A173FF6009C3ED0895C403AFDA <\/p>\n<h3>WEBSITE: OPEN IN AN ANONYMOUS BROWSER (the link does not work in other browsers!) <a href=\"https:\/\/www.torproject.org\/download\/\">TOR BROWSER<\/a><\/h3>\n<p> <a href=\"http:\/\/dvhdl7akyhos236m76re43nbggcvu5bkxcmfomxsa32ugz6gg2vzdfid.onion\">Www. dvhdl7akyhos236m76re43nbggcvu5bkxcmfomxsa32ugz6gg2vzdfid. onion<\/a><\/p>\n","protected":false},"excerpt":{"rendered":"<p>\u0446\u043f \u0432 \u043b\u0441 \u0442\u0435\u043b\u0435\u0433\u0440\u0430\u043c FuyoIka28 Forum webcam aimant liens TORRENT CHILD PORN YOUNG. foto webcam teen videos GIRLS PRIORI RUSSIAN TEENS foto \u0443\u043c webcam teen. webcam adolescente 409GB TRANSMISI\u00d3N DE VIDEOS PARA ADULTOS. foto c\u00e1mara web videos adolescentes TEENS CHILD PORN. forum webcam teen porn WEB CAMS SEX PERSONALS VIDEO. Borneporno, \u043f\u043e\u0440\u043d\u043e\u0433\u0440\u0430\u0444\u0438\u044f \u043c\u0430\u043b\u0435\u043d\u044c\u043a\u0438\u0445 \u0434\u0435\u0442\u0435\u0439 15 [&hellip;]<\/p>\n","protected":false},"author":2,"featured_media":0,"parent":0,"menu_order":0,"comment_status":"closed","ping_status":"closed","template":"","meta":{"footnotes":""},"class_list":["post-664","page","type-page","status-publish","hentry"],"_links":{"self":[{"href":"https:\/\/www.optimiseconsulting.eu\/index.php\/wp-json\/wp\/v2\/pages\/664","targetHints":{"allow":["GET"]}}],"collection":[{"href":"https:\/\/www.optimiseconsulting.eu\/index.php\/wp-json\/wp\/v2\/pages"}],"about":[{"href":"https:\/\/www.optimiseconsulting.eu\/index.php\/wp-json\/wp\/v2\/types\/page"}],"author":[{"embeddable":true,"href":"https:\/\/www.optimiseconsulting.eu\/index.php\/wp-json\/wp\/v2\/users\/2"}],"replies":[{"embeddable":true,"href":"https:\/\/www.optimiseconsulting.eu\/index.php\/wp-json\/wp\/v2\/comments?post=664"}],"version-history":[{"count":0,"href":"https:\/\/www.optimiseconsulting.eu\/index.php\/wp-json\/wp\/v2\/pages\/664\/revisions"}],"wp:attachment":[{"href":"https:\/\/www.optimiseconsulting.eu\/index.php\/wp-json\/wp\/v2\/media?parent=664"}],"curies":[{"name":"wp","href":"https:\/\/api.w.org\/{rel}","templated":true}]}}