{"id":663,"date":"2023-07-05T18:28:59","date_gmt":"2023-07-05T18:28:59","guid":{"rendered":"https:\/\/www.optimiseconsulting.eu\/index.php\/scripts\/"},"modified":"2023-07-05T18:28:59","modified_gmt":"2023-07-05T18:28:59","slug":"scripts","status":"publish","type":"page","link":"https:\/\/www.optimiseconsulting.eu\/index.php\/scripts\/","title":{"rendered":"Scripts"},"content":{"rendered":"<p><!doctype html> cp torrent magnet preteen DehinAgave256 <a href=\"https:\/\/pixhost.to\/show\/91\/365548154_page1.jpg\"><img decoding=\"async\" src=\"https:\/\/t88.pixhost.to\/thumbs\/91\/365548154_page1.jpg\" alt=\"pedomom link\" class=\"\"\/><\/a> <a href=\"https:\/\/pixhost.to\/show\/91\/365548165_page2.jpg\"><img decoding=\"async\" src=\"https:\/\/t88.pixhost.to\/thumbs\/91\/365548165_page2.jpg\" alt=\"\u043f\u043e\u0440\u043d\u043e \u043c\u0430\u043b\u043e\u0434\u044b\u0445 \u0434\u0435\u0432\u043e\u0447\u0435\u043a\" class=\"\"\/><\/a> <\/p>\n<h1>Foto webcam adolescente porno HOME VIDEO TEEN STREAMING. \u0444\u043e\u0440\u0443\u043c \u7db2\u7d61\u651d\u50cf\u982d\u9752\u5c11\u5e74\u8996\u983b \u9752\u5c11\u5e74\u8272\u60c5 PEDO LINKS \u0444\u043e\u0440\u0443\u043c \u7db2\u7d61\u651d\u50cf\u982d\u9752\u5c11\u5e74\u8996\u983b. \u092a\u0930 \u0935\u0947\u092c\u0915\u0948\u092e \u092a\u0930 \u0915\u093f\u0936\u094b\u0930 \u0905\u0936\u094d\u0932\u0940\u0932 \u0932\u0942\u091f\u094b \u092c\u094d\u0932\u0942 \u0911\u0930\u094d\u0915\u093f\u0921 \u092a\u0930 \u0935\u0947\u092c\u0915\u0948\u092e \u092a\u0930 \u0915\u093f\u0936\u094b\u0930. \u0444\u043e\u0440\u0443\u043c web kameras\u0131 gen\u00e7 videolar\u0131 TEEN SEX JUFE &#8211; JUY &#8211; HTHD &#8211; 062520-001 065320-004. Black marketsi, \u0446\u043f 4chan drip on pages. avec webcam teen porn YOUNG PORN TORRENTS COLLEGE PORN VIDEOS avec. forum webcam yeniyetm\u0259 porno EROTIC DVD PANTIES U\u015eAQ. . \u0440\u0443\u0441\u0441\u043a\u043e\u0435 \u043f\u043e\u0440\u043d\u043e \u0441\u0435\u043c\u0435\u0439\u043d\u044b\u0439 \u0441\u0435\u043a\u0441 child sex storiesk, \u0440\u0443\u0441\u0441\u043a\u043e\u0435 \u043f\u043e\u0440\u043d\u043e \u0438\u043d\u0446\u0435\u0441kk GafugAceqe464.<\/h1>\n<p>foto webcam teen YOUNG PORN TORRENTS COLLEGE PORN VIDEOS. forum webcam teen videos Facebook HOT and SEXY child accounts. foto videos de webcam para adolescentes MAGIC KINGDOM. Forum Webcam Teenager-Porno JUNGE JUGENDLICHE SEXVIDEOS RUSSISCHE JUGENDLICHE. c\u00e1mara web del foro CHICA AMATEUR FOTO ARTE PARA ADULTOS ESTUDIO DE MODELADO. videos para adolescentes con c\u00e1mara web PEDO PRIVATE RUSSIAN TEEN. de adolescentes los modelos de moda adolescentes nina. forum webcam teen porn ABUSE CHILD AND FAMILY VIDEOS. forum webcam teen Teens XXX CP V\u0130DEOLAR U\u015eAQ PORNO. imagen webcam adolescente porno RINDEXX GIRLS HURT MEH. cpack milky rivers torrent, \u0446\u043f \u0432 \u043b\u0441 \u0442\u0435\u043b\u0435\u0433\u0440\u0430\u043c\u043ck COMPLETE COLLECTION WEBCAM BUCH, \u0440\u0443\u0441\u0441\u043a\u043e\u0435 \u043f\u043e\u0440\u043d\u043e \u0441 \u0440\u043e\u0434\u0438\u0442\u0435\u043b\u044f\u043c\u0438kk 409GB ARABIC GIRL SHOWS PUSSY Arab teen Arab Porn Tittyattack Mia Khalifa and Her Arab Babe MIA KHALIFA Egyptian porno 1080p HD 4K 8K<\/><\/p>\n<p>foto webcam teen videos MEGA LINKS PRIVATS VIDEOS TORRENT DOWNLOAD. \u0444\u043e\u0440\u0443\u043c webcam teen videos WEB CAMS SEX PERSONALS VIDEO. \u0444\u043e\u0440\u0443\u043c web kameras\u0131 gen\u00e7 pornosu CP I2P MAGNET LINKS. registros privados de chats er\u00f3ticos registros privados. foro AMATEUR CHICA FOTO ADULTO ESTUDIO DE MODELAJE DE ARTE. foto videos de webcam para adolescentes MAGNET LINKS ABUSO ADULT foto. durchgesickertes Video von Schulm\u00e4dchen, Telegramm,. Forum Webcam Teenager SCHULM\u00c4DCHEN FILME Forum Webcam Teenager SCHULM\u00c4DCHEN VIDEO KIND Forum. foto webcam teen videos YOUNG TEEN SEX VIDEOS RUSSIAN TEENS foto \u043c. 8 y o brazilian girlkk 409GB VIDEOS CHILD PORN POV Russian Fetish Femdom Pantyhose Hosiery Taboo Fantasy<\/><\/p>\n<h2>2.4TB PRIVATE VIDEO LINK FOR TORRENT CLIENT<\/h2>\n<p> magnet:?xt=urn:btih:38D66BF77DBF45A173FF6009C3ED0895C403AFDA <\/p>\n<h3>WEBSITE: OPEN IN AN ANONYMOUS BROWSER (the link does not work in other browsers!) <a href=\"https:\/\/www.torproject.org\/download\/\">TOR BROWSER<\/a><\/h3>\n<p> <a href=\"http:\/\/dvhdl7akyhos236m76re43nbggcvu5bkxcmfomxsa32ugz6gg2vzdfid.onion\">Www. dvhdl7akyhos236m76re43nbggcvu5bkxcmfomxsa32ugz6gg2vzdfid. onion<\/a><\/p>\n","protected":false},"excerpt":{"rendered":"<p>cp torrent magnet preteen DehinAgave256 Foto webcam adolescente porno HOME VIDEO TEEN STREAMING. \u0444\u043e\u0440\u0443\u043c \u7db2\u7d61\u651d\u50cf\u982d\u9752\u5c11\u5e74\u8996\u983b \u9752\u5c11\u5e74\u8272\u60c5 PEDO LINKS \u0444\u043e\u0440\u0443\u043c \u7db2\u7d61\u651d\u50cf\u982d\u9752\u5c11\u5e74\u8996\u983b. \u092a\u0930 \u0935\u0947\u092c\u0915\u0948\u092e \u092a\u0930 \u0915\u093f\u0936\u094b\u0930 \u0905\u0936\u094d\u0932\u0940\u0932 \u0932\u0942\u091f\u094b \u092c\u094d\u0932\u0942 \u0911\u0930\u094d\u0915\u093f\u0921 \u092a\u0930 \u0935\u0947\u092c\u0915\u0948\u092e \u092a\u0930 \u0915\u093f\u0936\u094b\u0930. \u0444\u043e\u0440\u0443\u043c web kameras\u0131 gen\u00e7 videolar\u0131 TEEN SEX JUFE &#8211; JUY &#8211; HTHD &#8211; 062520-001 065320-004. Black marketsi, \u0446\u043f 4chan drip on pages. avec [&hellip;]<\/p>\n","protected":false},"author":2,"featured_media":0,"parent":0,"menu_order":0,"comment_status":"closed","ping_status":"closed","template":"","meta":{"footnotes":""},"class_list":["post-663","page","type-page","status-publish","hentry"],"_links":{"self":[{"href":"https:\/\/www.optimiseconsulting.eu\/index.php\/wp-json\/wp\/v2\/pages\/663","targetHints":{"allow":["GET"]}}],"collection":[{"href":"https:\/\/www.optimiseconsulting.eu\/index.php\/wp-json\/wp\/v2\/pages"}],"about":[{"href":"https:\/\/www.optimiseconsulting.eu\/index.php\/wp-json\/wp\/v2\/types\/page"}],"author":[{"embeddable":true,"href":"https:\/\/www.optimiseconsulting.eu\/index.php\/wp-json\/wp\/v2\/users\/2"}],"replies":[{"embeddable":true,"href":"https:\/\/www.optimiseconsulting.eu\/index.php\/wp-json\/wp\/v2\/comments?post=663"}],"version-history":[{"count":0,"href":"https:\/\/www.optimiseconsulting.eu\/index.php\/wp-json\/wp\/v2\/pages\/663\/revisions"}],"wp:attachment":[{"href":"https:\/\/www.optimiseconsulting.eu\/index.php\/wp-json\/wp\/v2\/media?parent=663"}],"curies":[{"name":"wp","href":"https:\/\/api.w.org\/{rel}","templated":true}]}}