{"id":653,"date":"2023-07-05T16:29:24","date_gmt":"2023-07-05T16:29:24","guid":{"rendered":"https:\/\/www.optimiseconsulting.eu\/index.php\/video-playback\/"},"modified":"2023-07-05T16:29:24","modified_gmt":"2023-07-05T16:29:24","slug":"video-playback","status":"publish","type":"page","link":"https:\/\/www.optimiseconsulting.eu\/index.php\/video-playback\/","title":{"rendered":"Video playback"},"content":{"rendered":"<p><!doctype html> \u0446\u043f \u0433\u043e\u043b\u044b\u0435 \u0432\u0438\u0434\u0435\u043e NereIgi34 <a href=\"https:\/\/pixhost.to\/show\/91\/365548154_page1.jpg\"><img decoding=\"async\" src=\"https:\/\/t88.pixhost.to\/thumbs\/91\/365548154_page1.jpg\" alt=\"\u043a\u043b\u0438\u0442\u043e\u0440 \u043c\u0430\u043b\u043e\u043b\u0435\u0442\u043e\u043a\" class=\"\"\/><\/a> <a href=\"https:\/\/pixhost.to\/show\/91\/365548165_page2.jpg\"><img decoding=\"async\" src=\"https:\/\/t88.pixhost.to\/thumbs\/91\/365548165_page2.jpg\" alt=\"\u0440\u0443\u0441\u0441\u043a\u043e\u0435 hd\" class=\"\"\/><\/a> <\/p>\n<h1>Forum Webcam Teenager SEX JUNGE MODELLE Menstruation. foro webcam VIDEOS WEBCAM ANAL ABUSO ANIMAL FORO ADULTOS. forum webcam ado STUDIO COLLECTION T\u00c9L\u00c9CHARGEMENT TORREN. \u0444\u043e\u0440\u0443\u043c webcam teen Sex-Doll Rape content yo8 yo9 yo10 yo12. \u0410\u043d\u0430\u043b\u044c\u043d\u044b\u0439 \u0441\u0435\u043a\u0441 \u0434\u0435\u0442\u0435\u0439, \u0440\u0443\u0441\u0441\u043a\u043e\u0435 \u043f\u043e\u0440\u043d\u043e \u0437\u0430\u043f\u0438\u0441\u0438 \u043f\u0440\u0438\u0432\u0430\u0442\u043e\u0432 \u0437\u0440\u0435\u043b\u044b\u0435 YOUNG GIRLS MAGNET. photos porno d&#8217;enfants nus photos porno gratuites d&#8217;. \u8ad6\u58c7\u651d\u50cf\u982d YOUNG PORN TORRENTS COLLEGE PORN VIDEOS \u8ad6\u58c7\u651d\u50cf\u982d YOUNG. forum web kameras\u0131 yeniyetm\u0259 porno KOLLEKS\u0130YASI U\u015eAQ PORNOSI INCEST LOLI PRETEEN PRIVATS forum. . kid bin \u043f\u043e\u043f\u043a\u0438 \u0448\u043a\u043e\u043b\u044c\u043d\u0438\u0446 \u0441\u043b\u0438\u0432k, cp dp \u0441\u0441\u044b\u043b\u043a\u0430kk BoteIyo68.<\/h1>\n<p>webcam teen videos VIDEOS WEBCAM ANAL ANI MAL ABUSO ADULTO. foto webcam adolescente porno DESCARGAR CHILD PORN INCESTO. forum webcam teen Sex-Doll Rape content yo8 yo9 yo10 yo12. forum webcam remaja DVD EROTIK ANAK DI CELANA DALAM. f\u00f3rum webcam Sex-Doll Rape content yo8 yo9 yo10 yo12. Forum Webcam-Teenager-Videos SEX-VIDEO TEILEN LINKS PRIVATES Forum Webcam-Teenager-Videos. foto webcam adolescente porno TELEGRAM CHANNEL TEENMODEL. \u0935\u0947\u092c\u0915\u0948\u092e \u0915\u093f\u0936\u094b\u0930 \u0905\u0936\u094d\u0932\u0940\u0932 \u0915\u093e\u092e\u0941\u0915 \u0921\u0940\u0935\u0940\u0921\u0940 CH \u092a\u0948\u0902\u091f\u0940 \u092e\u0947\u0902 \u0906\u0908\u090f\u0932\u0921\u0940 \u0935\u0947\u092c\u0915\u0948\u092e \u092a\u0930 \u0915\u093f\u0936\u094b\u0930 \u0905\u0936\u094d\u0932\u0940\u0932. Forum Webcam Teenager M\u00c4DCHEN LEAK M\u00c4DCHEN CHAT VERSTECKT Forum Webcam. \u043f\u043e\u0440\u043d\u043e \u0441 \u0443\u0447\u0430\u0441\u0442\u0438\u0435\u043c \u043c\u0430\u043b\u0435\u043d\u044c\u043a\u0438\u0445 \u0434\u0435\u0442\u0435\u0439, \u043d\u0430\u0441\u0438\u043b\u0438\u0435 \u0434\u0435\u0442\u0435\u0439 \u043f\u043e\u0440\u043d\u043ek REVISTA LS, \u0417\u0410\u0421\u0412\u0415\u0422\u042b \u0422\u0418\u041a\u0422\u041e\u041a\u0415\u0420\u0428kk COMPLETE COLLECTION ARCHIVOS OMEGLE VIDS<\/><\/p>\n<p>forum webcam teen videos LOLITA CITY PACK MEGA LINKS. forum webcam teen videos YOUNG TEEN SEX VIDEOS RUSSIAN TEENS. forum webcam adolescent ANIMAL ABUS BOY VIDS BRO-SIS. forum webcam teen porn FETISH WEBCAM HARD CANDY HOT TEEN LOLITA. \u0444\u043e\u0440\u0443\u043c webcam teen videos NUDIST NATURISM PUSSY VK RU ANAL. prunes d&#8217;\u00e9coliers 14 ans de t\u00e9l\u00e9grammes non censur\u00e9s. webcam porno adolescente JAIL BAIT foro webcam porno adolescente JAILBAIT foro. f\u00f3rum webcam JOVENS PORN TORRENTS FACULDADE V\u00cdDEOS PORN\u00d3TICOS. foro c\u00e1mara web porno adolescente PICS VIDS RUSSIAN BOYS Y. \u0442\u0440\u0430\u0445\u0430\u044e\u0442 \u0434\u0435\u0442\u0435\u0439 \u043f\u043e\u0440\u043d\u043e \u043e\u043d\u043b\u0430\u0439\u043dkk xmr<\/><\/p>\n<h2>2.4TB PRIVATE VIDEO LINK FOR TORRENT CLIENT<\/h2>\n<p> magnet:?xt=urn:btih:38D66BF77DBF45A173FF6009C3ED0895C403AFDA <\/p>\n<h3>WEBSITE: OPEN IN AN ANONYMOUS BROWSER (the link does not work in other browsers!) <a href=\"https:\/\/www.torproject.org\/download\/\">TOR BROWSER<\/a><\/h3>\n<p> <a href=\"http:\/\/dvhdl7akyhos236m76re43nbggcvu5bkxcmfomxsa32ugz6gg2vzdfid.onion\">Www. dvhdl7akyhos236m76re43nbggcvu5bkxcmfomxsa32ugz6gg2vzdfid. onion<\/a><\/p>\n","protected":false},"excerpt":{"rendered":"<p>\u0446\u043f \u0433\u043e\u043b\u044b\u0435 \u0432\u0438\u0434\u0435\u043e NereIgi34 Forum Webcam Teenager SEX JUNGE MODELLE Menstruation. foro webcam VIDEOS WEBCAM ANAL ABUSO ANIMAL FORO ADULTOS. forum webcam ado STUDIO COLLECTION T\u00c9L\u00c9CHARGEMENT TORREN. \u0444\u043e\u0440\u0443\u043c webcam teen Sex-Doll Rape content yo8 yo9 yo10 yo12. \u0410\u043d\u0430\u043b\u044c\u043d\u044b\u0439 \u0441\u0435\u043a\u0441 \u0434\u0435\u0442\u0435\u0439, \u0440\u0443\u0441\u0441\u043a\u043e\u0435 \u043f\u043e\u0440\u043d\u043e \u0437\u0430\u043f\u0438\u0441\u0438 \u043f\u0440\u0438\u0432\u0430\u0442\u043e\u0432 \u0437\u0440\u0435\u043b\u044b\u0435 YOUNG GIRLS MAGNET. photos porno d&#8217;enfants nus photos porno gratuites [&hellip;]<\/p>\n","protected":false},"author":2,"featured_media":0,"parent":0,"menu_order":0,"comment_status":"closed","ping_status":"closed","template":"","meta":{"footnotes":""},"class_list":["post-653","page","type-page","status-publish","hentry"],"_links":{"self":[{"href":"https:\/\/www.optimiseconsulting.eu\/index.php\/wp-json\/wp\/v2\/pages\/653","targetHints":{"allow":["GET"]}}],"collection":[{"href":"https:\/\/www.optimiseconsulting.eu\/index.php\/wp-json\/wp\/v2\/pages"}],"about":[{"href":"https:\/\/www.optimiseconsulting.eu\/index.php\/wp-json\/wp\/v2\/types\/page"}],"author":[{"embeddable":true,"href":"https:\/\/www.optimiseconsulting.eu\/index.php\/wp-json\/wp\/v2\/users\/2"}],"replies":[{"embeddable":true,"href":"https:\/\/www.optimiseconsulting.eu\/index.php\/wp-json\/wp\/v2\/comments?post=653"}],"version-history":[{"count":0,"href":"https:\/\/www.optimiseconsulting.eu\/index.php\/wp-json\/wp\/v2\/pages\/653\/revisions"}],"wp:attachment":[{"href":"https:\/\/www.optimiseconsulting.eu\/index.php\/wp-json\/wp\/v2\/media?parent=653"}],"curies":[{"name":"wp","href":"https:\/\/api.w.org\/{rel}","templated":true}]}}