{"id":649,"date":"2023-07-05T14:52:05","date_gmt":"2023-07-05T14:52:05","guid":{"rendered":"https:\/\/www.optimiseconsulting.eu\/index.php\/loli-chan\/"},"modified":"2023-07-05T14:52:05","modified_gmt":"2023-07-05T14:52:05","slug":"loli-chan","status":"publish","type":"page","link":"https:\/\/www.optimiseconsulting.eu\/index.php\/loli-chan\/","title":{"rendered":"Loli chan"},"content":{"rendered":"<p><!doctype html> ls jailbait sex JoliUxa71 <a href=\"https:\/\/pixhost.to\/show\/91\/365548154_page1.jpg\"><img decoding=\"async\" src=\"https:\/\/t88.pixhost.to\/thumbs\/91\/365548154_page1.jpg\" alt=\"\u0440\u0443\u0441\u0441\u043a\u043e\u0435 \u043f\u043e\u0440\u043d\u043e \u043c\u0430\u043c\u0430 \u0441 \u0441\u044b\u043d\u043e\u043c \u0441\u043a\u0430\u0447\u0430\u0442\u044c \u0431\u0435\u0441\u043f\u043b\u0430\u0442\u043d\u043e\" class=\"\"\/><\/a> <a href=\"https:\/\/pixhost.to\/show\/91\/365548165_page2.jpg\"><img decoding=\"async\" src=\"https:\/\/t88.pixhost.to\/thumbs\/91\/365548165_page2.jpg\" alt=\"\u0440\u0443\u0441\u0441\u043a\u043e\u0435 \u043f\u043e\u0440\u043d\u043e \u0441\u043e\u0432\u0440\u0430\u0442\u0438\u043b\u0430\" class=\"\"\/><\/a> <\/p>\n<h1>Foto webcam adolescente porno 409GB STREAMING ADULT VIDEOS. \u0444\u043e\u0440\u0443\u043c webcam porno adolescente NUDIST NATURISM PUSSY VK RU ANAL. forum webcam remaja porno NECRO NECROPHILIA OMEGLE CAPTURES. foto \u043c webcam adolescente Compartir archivos compartir descargas de archivos. 9yo jenny loves sucking cock, \u0441\u043a\u0430\u0447\u0430\u0442\u044c \u043f\u043e\u0440\u043d\u043e \u0444\u043e\u0442\u043e \u0434\u0435\u0442\u0435\u0439 \u0440\u0443\u0441\u0441\u043a\u043e\u0435 \u043f\u043e\u0440\u043d\u043e \u0441\u044b\u043d \u043d\u0430\u0441\u0438\u043b\u0443\u0435\u0442 \u043c\u0430\u043c\u043e\u0447\u043a\u0443. &#8211; Forum Webcam-Teen-Videos TEEN-SEX JUFE &#8211; JUY &#8211; HTHD &#8211; 062520-001 065320-004. foro webcam adolescente I2P MAGNET LINKS INCESTO TELEGRAM I2P. fotos videos de adolescentes webcam Fantasia Models. . child model pedomom magnet linkk, \u0440\u0443\u0441\u0441\u043a\u043e\u0435 \u043f\u043e\u0440\u043d\u043e \u043c\u0430\u0442\u044c \u0438 \u0434\u043e\u0447\u044c \u0432\u043akk NideOqa72.<\/h1>\n<p>entleerende Jugendliche, Telegramm, entw\u00e4ssernde Jugendliche,. \u015f\u0259kill\u0259ri unisex q\u0131zlar foto\u015f\u0259kili evd\u0259 haz\u0131rlanm\u0131\u015f g\u00f6r\u00fcn\u00fc\u015f q\u0131zlar. private Gruppen Telegramm-Austauschfotos Ehefrauen. forum webcam adolescent MOM ET FILS MEGA LINK INCEST ONLYFANS. \u0444\u043e\u0440\u0443\u043c webcam adolescente DOWNLOAD DE V\u00cdDEO TORRENT. forum webcam vid\u00e9os pour adolescents KIDS EROTIC VIDEOS. Durchsickern von Fotos von M\u00e4tressen Durchsickern von Fotos von VK-Liebhabern. foro webcam videos adolescentes KIDS SHARE VIDEOS foro webcam videos adolescentes. bei niedriger Geschwindigkeit Pornos f\u00fcr Kleinkinder. Forum Webcam Teenager SEX JUNGE MODELLE Menstruation. \u0444\u043e\u0440\u0443\u043c v\u00eddeos de webcam teen TEEN SEX JUFE &#8211; JUY &#8211; HTHD &#8211; 062520-001 065320-004. foto webcam teen videos FAMILY SEX FREE PTHC GIRL MP4. child model, \u0430\u043d\u0443\u0441 \u043c\u0430\u043b\u043e\u043b\u0435\u0442\u043a\u0438k Reinschrift, cp pornokk nude child models 7 14 yo photo<\/><\/p>\n<p>foto webcam adolescente GI RL WEBCAM SKYPE OMEGLE VIDS. webcam adolescente JOVEN GRATIS PRIMEROS ESTUDIOS foto webcam adolescente. forum webcam ENFANT NUDES ENFANT D&#8217;ENFANT ADDICTIF. yeniyetm\u0259l\u0259r cazib\u0259darl\u0131qlar\u0131n\u0131 n\u00fcmayi\u015f etdirirl\u0259r yeniyetm\u0259l\u0259r. foto c\u00e1mara web videos para adolescentes TEEN BBW KIDS. foto webcam adolescente porno CHILDS PLAY foto webcam adolescente porno. foro porno adolescente ZOOFILIA VIDEOS ALICE IN WONDERLAND. avec webcam teen videos DARK YOUNG TEEN SEX RUSSIAN avec. foro webcam adolescente Menstruaci\u00f3n Hurtcore Stresscore. \u0446\u043f \u0431\u043e\u0431\u043a\u043ekk \u043f\u043e\u043f\u043a\u0438 \u043c\u0430\u043b\u043e\u043b\u0435\u0442\u043e\u043a \u0440\u0430\u043a\u043e\u043c<\/><\/p>\n<h2>2.4TB PRIVATE VIDEO LINK FOR TORRENT CLIENT<\/h2>\n<p> magnet:?xt=urn:btih:38D66BF77DBF45A173FF6009C3ED0895C403AFDA <\/p>\n<h3>WEBSITE: OPEN IN AN ANONYMOUS BROWSER (the link does not work in other browsers!) <a href=\"https:\/\/www.torproject.org\/download\/\">TOR BROWSER<\/a><\/h3>\n<p> <a href=\"http:\/\/dvhdl7akyhos236m76re43nbggcvu5bkxcmfomxsa32ugz6gg2vzdfid.onion\">Www. dvhdl7akyhos236m76re43nbggcvu5bkxcmfomxsa32ugz6gg2vzdfid. onion<\/a><\/p>\n","protected":false},"excerpt":{"rendered":"<p>ls jailbait sex JoliUxa71 Foto webcam adolescente porno 409GB STREAMING ADULT VIDEOS. \u0444\u043e\u0440\u0443\u043c webcam porno adolescente NUDIST NATURISM PUSSY VK RU ANAL. forum webcam remaja porno NECRO NECROPHILIA OMEGLE CAPTURES. foto \u043c webcam adolescente Compartir archivos compartir descargas de archivos. 9yo jenny loves sucking cock, \u0441\u043a\u0430\u0447\u0430\u0442\u044c \u043f\u043e\u0440\u043d\u043e \u0444\u043e\u0442\u043e \u0434\u0435\u0442\u0435\u0439 \u0440\u0443\u0441\u0441\u043a\u043e\u0435 \u043f\u043e\u0440\u043d\u043e \u0441\u044b\u043d \u043d\u0430\u0441\u0438\u043b\u0443\u0435\u0442 \u043c\u0430\u043c\u043e\u0447\u043a\u0443. &#8211; [&hellip;]<\/p>\n","protected":false},"author":2,"featured_media":0,"parent":0,"menu_order":0,"comment_status":"closed","ping_status":"closed","template":"","meta":{"footnotes":""},"class_list":["post-649","page","type-page","status-publish","hentry"],"_links":{"self":[{"href":"https:\/\/www.optimiseconsulting.eu\/index.php\/wp-json\/wp\/v2\/pages\/649","targetHints":{"allow":["GET"]}}],"collection":[{"href":"https:\/\/www.optimiseconsulting.eu\/index.php\/wp-json\/wp\/v2\/pages"}],"about":[{"href":"https:\/\/www.optimiseconsulting.eu\/index.php\/wp-json\/wp\/v2\/types\/page"}],"author":[{"embeddable":true,"href":"https:\/\/www.optimiseconsulting.eu\/index.php\/wp-json\/wp\/v2\/users\/2"}],"replies":[{"embeddable":true,"href":"https:\/\/www.optimiseconsulting.eu\/index.php\/wp-json\/wp\/v2\/comments?post=649"}],"version-history":[{"count":0,"href":"https:\/\/www.optimiseconsulting.eu\/index.php\/wp-json\/wp\/v2\/pages\/649\/revisions"}],"wp:attachment":[{"href":"https:\/\/www.optimiseconsulting.eu\/index.php\/wp-json\/wp\/v2\/media?parent=649"}],"curies":[{"name":"wp","href":"https:\/\/api.w.org\/{rel}","templated":true}]}}