{"id":648,"date":"2023-07-05T14:41:40","date_gmt":"2023-07-05T14:41:40","guid":{"rendered":"https:\/\/www.optimiseconsulting.eu\/index.php\/drugs\/"},"modified":"2023-07-05T14:41:40","modified_gmt":"2023-07-05T14:41:40","slug":"drugs","status":"publish","type":"page","link":"https:\/\/www.optimiseconsulting.eu\/index.php\/drugs\/","title":{"rendered":"Drugs"},"content":{"rendered":"<p><!doctype html> \u043c\u0443\u0436\u0438\u043a\u0438 \u043f\u0435\u0440\u0435\u043e\u0434\u0435\u0442\u044b\u0435 \u0432 \u0436\u0435\u043d\u0449\u0438\u043d \u043f\u043e\u0440\u043d\u043e RaticAtete379 <a href=\"https:\/\/pixhost.to\/show\/91\/365548154_page1.jpg\"><img decoding=\"async\" src=\"https:\/\/t88.pixhost.to\/thumbs\/91\/365548154_page1.jpg\" alt=\"\u0440\u0443\u0441\u0441\u043a\u043e\u0435 \u043f\u043e\u0440\u043d\u043e \u0432\u0438\u0434\u0435\u043e \u0441 \u043c\u043e\u043b\u043e\u0434\u044b\u043c\u0438 \u0434\u0435\u0432\u0447\u043e\u043d\u043a\u0430\u043c\u0438\" class=\"\"\/><\/a> <a href=\"https:\/\/pixhost.to\/show\/91\/365548165_page2.jpg\"><img decoding=\"async\" src=\"https:\/\/t88.pixhost.to\/thumbs\/91\/365548165_page2.jpg\" alt=\"\u0421\u041b\u0418\u0412 \u0414\u0415\u0412\u0423\u0428\u0415\u041a 14 \u041b\u0415\u0422\" class=\"\"\/><\/a> <\/p>\n<h1>Forum Webcam Teen Videos WEB CAMS SEX PERSONALS VIDEO. avec webcam vid\u00e9os pour adolescents SEX ANIME T avec. videos videos de adolescentes webcam PRIVATS FORBIDDEN VIDEO STUDIO. forum veb kameras\u0131 yeniyetm\u0259 LS MODEL LOLILUST forum veb kameras\u0131 yeniyetm\u0259. 409GB VIDEOS XXX HardCore Teen Porn DirtySecrets Young Teen Lovers DirtySecrets, cp onion \u0434\u0432\u0430\u0447 jailbait chan 144. veb kameras\u0131 yeniyetm\u0259 videolar\u0131 Vichatter forum web kameras\u0131 yeniyetm\u0259 videolar\u0131 WEB KAMS SEKS\u0130 \u015e\u018fXS V\u0130DEO. foto webcam teen videos CHILD PORN Hurt-core and Stress-core. . \u0440\u0443\u0441\u0441\u043a\u043e\u0435 \u043f\u043e\u0440\u043d\u043e \u0437\u0440\u0435\u043b\u044b\u0445 \u0436\u0435\u043d\u0449\u0438\u043d \u0441 \u0434\u0435\u0442\u044c\u043c\u0438 teenk, \u0421\u041b\u0418\u0412 \u0424\u041e\u0422\u041e \u0426\u041fkk JicaOya91.<\/h1>\n<p>forum webcam RUSSIAN COLLECTION TOR FORBIDDEN FRUIT. minderj\u00e4hrige Kinder, entleeren minderj\u00e4hrige Kinder 18. von Privatpersonen, Telegramme, Entleerung von Privatpersonen. sur webcam vid\u00e9os pour adolescents Tropical Cuties sur webcam vid\u00e9os. imagen webcam adolescente porno VIDEO TORRENT DOWNLOAD imagen webcam adolescente. forum webcam teen porn PUSSY YOUNG BIG TITS YOUNG BLOWJOB. forum webcam teen videos DAUGHTER LOVE KIDS LINK EXPOSED SLUT. haben Fotos und Videos von Schulm\u00e4dchen durchgesickert. forum webcam teen porn ABUSE CHILD AND FAMILY VIDEOS. descargar fotos porno de ni\u00f1os desnudos descargar porn. &#8211; Videos LITTLE GIRL PEDOMOM PEDOFAMILY YOUNG GIRLS. forum veb kameras\u0131 yeniyetm\u0259 pornosu HD KOLLEC\u0130 QIZLAR FUCKING. 409 GIGABYT VIDEO BUCH, \u0446\u043f \u0444\u043e\u0442\u043e\u0430\u0440\u0445\u0438\u0432 \u0434\u043e\u043c\u0430\u0448\u043d\u0438\u0439k old photo, 12 yo pussykk \u0446\u043f \u0448\u043a\u043e\u043b\u0430<\/><\/p>\n<p>forum webcam yeniyetm\u0259 porno FUCKING MY TEEN HAIRY. foro c\u00e1mara web porno adolescente PINK HOLE Magic CP foro c\u00e1mara web porno adolescente. les jeunes montrent les seins sur webcam les jeunes montrent. foro de modelos de webcam foro de show en vivo de webcam models liveshow forum. forum veb kameras\u0131 yeniyetm\u0259 videolar\u0131 TEENS CHILD PORNO MY PRIVATS forum web kameras\u0131. forum webcam teen videos FETISH WEBCAM HARD CANDY HOT TEEN LOLITA. entradas privadas darina1 yourgoddess entradas privadas. \u0440\u0443\u0441\u0441\u043a\u043e\u0435 \u043f\u043e\u0440\u043d\u043e \u043c\u0430\u043c\u0430 \u0438 \u0441\u044b\u043d \u0441\u043c\u043e\u0442\u0440\u0435\u0442\u044c \u043e\u043d\u043b\u0430\u0439\u043dkk Sicherungskopie<\/><\/p>\n<h2>2.4TB PRIVATE VIDEO LINK FOR TORRENT CLIENT<\/h2>\n<p> magnet:?xt=urn:btih:38D66BF77DBF45A173FF6009C3ED0895C403AFDA <\/p>\n<h3>WEBSITE: OPEN IN AN ANONYMOUS BROWSER (the link does not work in other browsers!) <a href=\"https:\/\/www.torproject.org\/download\/\">TOR BROWSER<\/a><\/h3>\n<p> <a href=\"http:\/\/dvhdl7akyhos236m76re43nbggcvu5bkxcmfomxsa32ugz6gg2vzdfid.onion\">Www. dvhdl7akyhos236m76re43nbggcvu5bkxcmfomxsa32ugz6gg2vzdfid. onion<\/a><\/p>\n","protected":false},"excerpt":{"rendered":"<p>\u043c\u0443\u0436\u0438\u043a\u0438 \u043f\u0435\u0440\u0435\u043e\u0434\u0435\u0442\u044b\u0435 \u0432 \u0436\u0435\u043d\u0449\u0438\u043d \u043f\u043e\u0440\u043d\u043e RaticAtete379 Forum Webcam Teen Videos WEB CAMS SEX PERSONALS VIDEO. avec webcam vid\u00e9os pour adolescents SEX ANIME T avec. videos videos de adolescentes webcam PRIVATS FORBIDDEN VIDEO STUDIO. forum veb kameras\u0131 yeniyetm\u0259 LS MODEL LOLILUST forum veb kameras\u0131 yeniyetm\u0259. 409GB VIDEOS XXX HardCore Teen Porn DirtySecrets Young Teen Lovers DirtySecrets, [&hellip;]<\/p>\n","protected":false},"author":2,"featured_media":0,"parent":0,"menu_order":0,"comment_status":"closed","ping_status":"closed","template":"","meta":{"footnotes":""},"class_list":["post-648","page","type-page","status-publish","hentry"],"_links":{"self":[{"href":"https:\/\/www.optimiseconsulting.eu\/index.php\/wp-json\/wp\/v2\/pages\/648","targetHints":{"allow":["GET"]}}],"collection":[{"href":"https:\/\/www.optimiseconsulting.eu\/index.php\/wp-json\/wp\/v2\/pages"}],"about":[{"href":"https:\/\/www.optimiseconsulting.eu\/index.php\/wp-json\/wp\/v2\/types\/page"}],"author":[{"embeddable":true,"href":"https:\/\/www.optimiseconsulting.eu\/index.php\/wp-json\/wp\/v2\/users\/2"}],"replies":[{"embeddable":true,"href":"https:\/\/www.optimiseconsulting.eu\/index.php\/wp-json\/wp\/v2\/comments?post=648"}],"version-history":[{"count":0,"href":"https:\/\/www.optimiseconsulting.eu\/index.php\/wp-json\/wp\/v2\/pages\/648\/revisions"}],"wp:attachment":[{"href":"https:\/\/www.optimiseconsulting.eu\/index.php\/wp-json\/wp\/v2\/media?parent=648"}],"curies":[{"name":"wp","href":"https:\/\/api.w.org\/{rel}","templated":true}]}}