{"id":644,"date":"2023-07-05T13:55:24","date_gmt":"2023-07-05T13:55:24","guid":{"rendered":"https:\/\/www.optimiseconsulting.eu\/index.php\/cp-guestbook\/"},"modified":"2023-07-05T13:55:24","modified_gmt":"2023-07-05T13:55:24","slug":"cp-guestbook","status":"publish","type":"page","link":"https:\/\/www.optimiseconsulting.eu\/index.php\/cp-guestbook\/","title":{"rendered":"Cp guestbook"},"content":{"rendered":"<p><!doctype html> \u0440\u0443\u0441\u0441\u043a\u043e\u0435 \u043f\u043e\u0440\u043d\u043e \u043c\u0430\u0442\u044c \u0441\u043e\u0432\u0440\u0430\u0449\u0430\u0435\u0442 \u0441\u044b\u043d\u0430 RinuOmo72 <a href=\"https:\/\/pixhost.to\/show\/91\/365548154_page1.jpg\"><img decoding=\"async\" src=\"https:\/\/t88.pixhost.to\/thumbs\/91\/365548154_page1.jpg\" alt=\"\u0440\u0443\u0441\u0441\u043a\u043e\u0435 \u043f\u043e\u0440\u043d\u043e \u0438\u043d\u0446\u0435\u0441\u0442 \u043c\u0430\u043c\u0430 \u0441 \u0434\u043e\u0447\u043a\u043e\u0439\" class=\"\"\/><\/a> <a href=\"https:\/\/pixhost.to\/show\/91\/365548165_page2.jpg\"><img decoding=\"async\" src=\"https:\/\/t88.pixhost.to\/thumbs\/91\/365548165_page2.jpg\" alt=\"\u0446\u043f \u0432 \u043b\u0441 \u044d\u0442\u043e\" class=\"\"\/><\/a> <\/p>\n<h1>Forum webcam teen videos Facebook HOT and SEXY child accounts. c\u00e1mara web del foro EXPLOIT KITS HURTCORE EXPLOITS. Forum Webcam-Teen-Porno PEDOMOM PEDOFAMILY MAGNET LINKS CP. \u0444\u043e\u0440\u0443\u043c webcam teen YOUNG TEEN SEX VIDEOS ADOLESCENTES RUSOS. forum webcam teen porn ASIAN LOLITAS ASIAN YOUNG GIRLS CUTIE. 409GB STREAMING ADULT VIDEOS TEEN ADULT CLIPS CHILD PORNOS TEEN TITANS SEX, \u043f\u043e\u0440\u043d\u043e \u0432\u0438\u0434\u0435\u043e \u0434\u043f \u0446\u043f FULL COLLECTION ARCHIVOS NEUE VIDEOS UND FOTOS. forum webcam adolescent ENFANT HARDCORE PORN NAKED. grupos privados intercambio de telegramas fotos esposas. . Bilder ansehen \u0436\u0435\u0441\u0442\u043a\u043e\u0435 \u043f\u043e\u0440\u043d\u043e \u0434\u0435\u0442\u043a\u0438 \u0435\u0431\u0443\u0442 \u0443\u0447\u0438\u0442\u0435\u043b\u044c\u043d\u0438\u0446\u0443k, \u0434\u0435\u0442\u0441\u043a\u0438\u0439 \u0430\u043d\u0443\u0441kk YesemUpiwe672.<\/h1>\n<p>par webcam vid\u00e9os pour adolescents CUTIES CHILD MEGA VIDEO. prunes d&#8217;\u00e9coliers 14 ans de t\u00e9l\u00e9grammes non censur\u00e9s. forum webcam teen videos CHILD PORN Hurt-core and Stress-core. foto de fuga de chicas de redes sociales telegramas. sur webcam teen porn DAUGHTER LOVE KIDS LINK EXPOSED SLUT. forum webcam teen porn PEDOMOM PEDOFAMILY MAGNET LINKS CP. forum CHILD PORN INCEST LOLI PRETEEN PRIVATS webcam forum. \u0444\u043e\u0440\u0443\u043c c\u00e1mara web porno adolescente OPVA TOR LINKS OSCURO. &#8211; Forum Webcam-Teen-Porno Menstruation Kinder-Sexpuppe. forum webcam teen videos STUDIO COLLECTION TORRENT DOWNLOAD. GETEILTE VIDEOS Forum Webcam-Teenager-Videos SCHOCK-INHALT. \u0440\u0443\u0441\u0441\u043a\u043e\u0435 \u043f\u043e\u0440\u043d\u043e \u0432\u0438\u0434\u0435\u043e \u0441 \u043f\u043e\u0434\u0440\u043e\u0441\u0442\u043a\u0430\u043c\u0438, \u0440\u0443\u0441\u0441\u043a\u043e\u0435 \u043f\u043e\u0440\u043d\u043e \u0441\u0435\u0441\u0442\u0440\u0443 \u043f\u043e \u043a\u0440\u0443\u0433\u0443k little teen pussy, 12 yo vk comkk omegle thread<\/><\/p>\n<p>avec webcam teen porn COLLECTION CHILD PORN INCEST LOLI PRETEEN PRIVATS avec. herunterladen, Fotosets von nackten Jugendlichen herunterladen. forum veb kameras\u0131 YOUNG PORN TORRENTS COLLEGE PORN VIDEOS. \u0444\u043e\u0440\u0443\u043c webcam adolescente DOWNLOAD DE V\u00cdDEO TORRENT. \u0444\u043e\u0440\u0443\u043c Webcam videos de adolescentes MUJER VIEJA NI\u00d1O CHICO XXX. entradas privadas darina1 yourgoddess entradas privadas. arabas\u0131 bo\u015fald\u0131lan g\u0259ncl\u0259r m\u0259kt\u0259bli q\u0131zlar teleqramlar\u0131. \u0444\u043e\u0440\u0443\u043c webcam vid\u00e9os pour adolescents TEEN SEX MEGA LINKS. \u0444\u043e\u0440\u0443\u043c webcam videos de adolescentes CO\u00d1O JOVEN TETAS GRANDES YOUNG BLOWJOB. \u0440\u0443\u0441\u0441\u043a\u0443\u044e \u0434\u0435\u0432\u043e\u0447\u043a\u0443 \u0435\u0431\u0443\u0442 \u0432 \u043f\u043e\u043f\u0443kk egyptian<\/><\/p>\n<h2>2.4TB PRIVATE VIDEO LINK FOR TORRENT CLIENT<\/h2>\n<p> magnet:?xt=urn:btih:38D66BF77DBF45A173FF6009C3ED0895C403AFDA <\/p>\n<h3>WEBSITE: OPEN IN AN ANONYMOUS BROWSER (the link does not work in other browsers!) <a href=\"https:\/\/www.torproject.org\/download\/\">TOR BROWSER<\/a><\/h3>\n<p> <a href=\"http:\/\/dvhdl7akyhos236m76re43nbggcvu5bkxcmfomxsa32ugz6gg2vzdfid.onion\">Www. dvhdl7akyhos236m76re43nbggcvu5bkxcmfomxsa32ugz6gg2vzdfid. onion<\/a><\/p>\n","protected":false},"excerpt":{"rendered":"<p>\u0440\u0443\u0441\u0441\u043a\u043e\u0435 \u043f\u043e\u0440\u043d\u043e \u043c\u0430\u0442\u044c \u0441\u043e\u0432\u0440\u0430\u0449\u0430\u0435\u0442 \u0441\u044b\u043d\u0430 RinuOmo72 Forum webcam teen videos Facebook HOT and SEXY child accounts. c\u00e1mara web del foro EXPLOIT KITS HURTCORE EXPLOITS. Forum Webcam-Teen-Porno PEDOMOM PEDOFAMILY MAGNET LINKS CP. \u0444\u043e\u0440\u0443\u043c webcam teen YOUNG TEEN SEX VIDEOS ADOLESCENTES RUSOS. forum webcam teen porn ASIAN LOLITAS ASIAN YOUNG GIRLS CUTIE. 409GB STREAMING ADULT VIDEOS TEEN [&hellip;]<\/p>\n","protected":false},"author":2,"featured_media":0,"parent":0,"menu_order":0,"comment_status":"closed","ping_status":"closed","template":"","meta":{"footnotes":""},"class_list":["post-644","page","type-page","status-publish","hentry"],"_links":{"self":[{"href":"https:\/\/www.optimiseconsulting.eu\/index.php\/wp-json\/wp\/v2\/pages\/644","targetHints":{"allow":["GET"]}}],"collection":[{"href":"https:\/\/www.optimiseconsulting.eu\/index.php\/wp-json\/wp\/v2\/pages"}],"about":[{"href":"https:\/\/www.optimiseconsulting.eu\/index.php\/wp-json\/wp\/v2\/types\/page"}],"author":[{"embeddable":true,"href":"https:\/\/www.optimiseconsulting.eu\/index.php\/wp-json\/wp\/v2\/users\/2"}],"replies":[{"embeddable":true,"href":"https:\/\/www.optimiseconsulting.eu\/index.php\/wp-json\/wp\/v2\/comments?post=644"}],"version-history":[{"count":0,"href":"https:\/\/www.optimiseconsulting.eu\/index.php\/wp-json\/wp\/v2\/pages\/644\/revisions"}],"wp:attachment":[{"href":"https:\/\/www.optimiseconsulting.eu\/index.php\/wp-json\/wp\/v2\/media?parent=644"}],"curies":[{"name":"wp","href":"https:\/\/api.w.org\/{rel}","templated":true}]}}