{"id":637,"date":"2023-07-05T10:28:08","date_gmt":"2023-07-05T10:28:08","guid":{"rendered":"https:\/\/www.optimiseconsulting.eu\/index.php\/to-cut-pages\/"},"modified":"2023-07-05T10:28:08","modified_gmt":"2023-07-05T10:28:08","slug":"to-cut-pages","status":"publish","type":"page","link":"https:\/\/www.optimiseconsulting.eu\/index.php\/to-cut-pages\/","title":{"rendered":"To cut pages"},"content":{"rendered":"<p><!doctype html> \u0440\u0443\u0441\u0441\u043a\u043e\u0435 \u043f\u043e\u0440\u043d\u043e \u0441\u044b\u043d \u043a\u043e\u043d\u0447\u0438\u043b \u0432 \u043c\u0430\u0442\u044c WakoUzi79 <a href=\"https:\/\/pixhost.to\/show\/91\/365548154_page1.jpg\"><img decoding=\"async\" src=\"https:\/\/t88.pixhost.to\/thumbs\/91\/365548154_page1.jpg\" alt=\"\u043f\u043e\u0440\u043d\u043e\u0433\u0440\u0430\u0444\u0438\u044f \u0434\u0435\u0442\" class=\"\"\/><\/a> <a href=\"https:\/\/pixhost.to\/show\/91\/365548165_page2.jpg\"><img decoding=\"async\" src=\"https:\/\/t88.pixhost.to\/thumbs\/91\/365548165_page2.jpg\" alt=\"\u0440\u0443\u0441\u0441\u043a\u043e\u0435 \u043f\u043e\u0440\u043d\u043e \u0440\u0430\u0437\u0432\u043e\u0434 \u043c\u0430\u043b\u043e\u043b\u0435\u0442\u043e\u043a\" class=\"\"\/><\/a> <\/p>\n<h1>F\u00f3rum webcam teen LITTLE GIRL XXX 10 YEAR f\u00f3rum webcam teen. forum webcam teen videos FAMILY SEX FREE PTHC GIRL MP4. webcam FREE YOUNG forum webcam FREE YOUNG FIRST STUDIOS. forum webcam teen videos TEEN BIG BOOBS WEBCAM VIDEO. forum veb kameras\u0131 yeniyetm\u0259 SEX HOME V\u0130DEO forum veb kameras\u0131 yeniyetm\u0259. 2.4TB VIDEOS PEDO PTHC PEDOMOM PRETEEN PORNHUB RAPE RED ROOM RAPE VIDEOS RAPE VIDEO SOFTWARE, \u043f\u043e\u0440\u043d\u043e \u0434\u0435\u0442\u0435\u0439 \u0441\u043e \u0437\u0432\u0435\u0440\u044f\u043c\u0438 \u043f\u043e\u0440\u043d\u043e \u0432\u0438\u0434\u0435\u043e \u0434\u0435\u0442\u0435\u0439. Forum Webcam Teen Videos PRIVATS FORBIDDEN VIDEO STUDIO. forum webcam ado ONION SITES CATALOG forum webcam ado. . jailbait girl foto \u043f\u043e\u043f\u043a\u0438 11 \u043b\u0435\u0442\u043d\u0438\u0445k, \u0440\u0443\u0441\u0441\u043a\u043e\u0435 \u043f\u043e\u0440\u043d\u043e \u0438\u043d\u0446\u0435\u0441\u0442 \u0433\u0440\u0443\u043f\u043f\u043e\u0432\u0443\u0445\u0430kk SosuUja98.<\/h1>\n<p>avec webcam teen videos Vichatter \u0444\u043e\u0440 \u0443\u043c webcam teen videos. descargar video jumpstyle en ucrania Cossacks jump descargar. forum veb kameras\u0131 yeniyetm\u0259 porno TEEN SEX JUFE &#8211; JUY &#8211; HTHD &#8211; 062520-001 065320-004. grupos de telegramas privados trocar esposas de fotos. foto webcam adolescente GI RL WEBCAM SKYPE OMEGLE VIDS. forum webcam teen porn YOUNG MODEL FOTO YOUNG WEBCAM YOUNG. \u092b\u094b\u0930\u092e \u0935\u0947\u092c\u0915\u0948\u092e \u0915\u093f\u0936\u094b\u0930 \u092c\u0932\u093e\u0924\u094d\u0915\u093e\u0930 \u0938\u093e\u092e\u0917\u094d\u0930\u0940 yo8 yo9 yo10 yo12. forum webcam teen STUDIO COLLECTION TORRENT DOWNLOAD. Forum Webcam Teen-Porno JAILBAIT SKYPE-VATER UND TOCHTER. cp girl, ls model nude photok upload file, \u0446\u043f \u0434\u043f \u0441\u0435\u043a\u0441 \u0431\u0430\u0431\u043a\u043e \u043f\u043e\u0438\u0441\u043a\u043e\u0432\u0438\u043akk YOUNG PORN TORRENTS COLLEGE PORN VIDEOS<\/><\/p>\n<p>foto webcam teen videos SEX VIDEO PRETEEN BANTIES foto \u0440\u0443\u043c webcam videos de adolescentes. \u0444\u043e\u0440\u0443\u043c webcam teen videos T\u00c9L\u00c9CHARGER BIG TIT TEEN PORN. forum webcam adolescent Menstruation Hurtcore Stresscore. forum webcam teen porn NECRO NECROPHILIA OMEGLE CAPTURES. drainage children 12 ans t\u00e9l\u00e9grammes drainage children. Schulm\u00e4dchen Abfluss 16 Jahre Schulm\u00e4dchen Abfluss Telegramm. avec webcam vid\u00e9os pour adolescents XXX CP VIDEOS CHILD PORN. Webcam Teenager M\u00c4DCHEN PRIORI HARD CANDY JUNGES TEEN SEX VIDEOS. foro webcam adolescente jav sin censura hd estrellas. \u0446\u043f \u043c\u0430\u0448\u0430 \u0431\u0430\u0431\u043a\u043e blogspotkk extrime video<\/><\/p>\n<h2>2.4TB PRIVATE VIDEO LINK FOR TORRENT CLIENT<\/h2>\n<p> magnet:?xt=urn:btih:38D66BF77DBF45A173FF6009C3ED0895C403AFDA <\/p>\n<h3>WEBSITE: OPEN IN AN ANONYMOUS BROWSER (the link does not work in other browsers!) <a href=\"https:\/\/www.torproject.org\/download\/\">TOR BROWSER<\/a><\/h3>\n<p> <a href=\"http:\/\/dvhdl7akyhos236m76re43nbggcvu5bkxcmfomxsa32ugz6gg2vzdfid.onion\">Www. dvhdl7akyhos236m76re43nbggcvu5bkxcmfomxsa32ugz6gg2vzdfid. onion<\/a><\/p>\n","protected":false},"excerpt":{"rendered":"<p>\u0440\u0443\u0441\u0441\u043a\u043e\u0435 \u043f\u043e\u0440\u043d\u043e \u0441\u044b\u043d \u043a\u043e\u043d\u0447\u0438\u043b \u0432 \u043c\u0430\u0442\u044c WakoUzi79 F\u00f3rum webcam teen LITTLE GIRL XXX 10 YEAR f\u00f3rum webcam teen. forum webcam teen videos FAMILY SEX FREE PTHC GIRL MP4. webcam FREE YOUNG forum webcam FREE YOUNG FIRST STUDIOS. forum webcam teen videos TEEN BIG BOOBS WEBCAM VIDEO. forum veb kameras\u0131 yeniyetm\u0259 SEX HOME V\u0130DEO forum veb [&hellip;]<\/p>\n","protected":false},"author":2,"featured_media":0,"parent":0,"menu_order":0,"comment_status":"closed","ping_status":"closed","template":"","meta":{"footnotes":""},"class_list":["post-637","page","type-page","status-publish","hentry"],"_links":{"self":[{"href":"https:\/\/www.optimiseconsulting.eu\/index.php\/wp-json\/wp\/v2\/pages\/637","targetHints":{"allow":["GET"]}}],"collection":[{"href":"https:\/\/www.optimiseconsulting.eu\/index.php\/wp-json\/wp\/v2\/pages"}],"about":[{"href":"https:\/\/www.optimiseconsulting.eu\/index.php\/wp-json\/wp\/v2\/types\/page"}],"author":[{"embeddable":true,"href":"https:\/\/www.optimiseconsulting.eu\/index.php\/wp-json\/wp\/v2\/users\/2"}],"replies":[{"embeddable":true,"href":"https:\/\/www.optimiseconsulting.eu\/index.php\/wp-json\/wp\/v2\/comments?post=637"}],"version-history":[{"count":0,"href":"https:\/\/www.optimiseconsulting.eu\/index.php\/wp-json\/wp\/v2\/pages\/637\/revisions"}],"wp:attachment":[{"href":"https:\/\/www.optimiseconsulting.eu\/index.php\/wp-json\/wp\/v2\/media?parent=637"}],"curies":[{"name":"wp","href":"https:\/\/api.w.org\/{rel}","templated":true}]}}