{"id":634,"date":"2023-07-05T08:42:43","date_gmt":"2023-07-05T08:42:43","guid":{"rendered":"https:\/\/www.optimiseconsulting.eu\/index.php\/14-yo-fuck\/"},"modified":"2023-07-05T08:42:43","modified_gmt":"2023-07-05T08:42:43","slug":"14-yo-fuck","status":"publish","type":"page","link":"https:\/\/www.optimiseconsulting.eu\/index.php\/14-yo-fuck\/","title":{"rendered":"14 yo fuck"},"content":{"rendered":"<p><!doctype html> \u043f\u043e\u043f\u043a\u0438 \u0448\u043a\u043e\u043b\u044c\u043d\u0438\u0446 \u0432 \u0442\u0440\u0443\u0441\u0438\u043a\u0430\u0445 \u0444\u043e\u0442\u043e BiqeAqa49 <a href=\"https:\/\/pixhost.to\/show\/91\/365548154_page1.jpg\"><img decoding=\"async\" src=\"https:\/\/t88.pixhost.to\/thumbs\/91\/365548154_page1.jpg\" alt=\"\u0440\u0443\u0441\u0441\u043a\u043e\u0435 \u0436\u0435\u0441\u0442\u043a\u043e\u0435 \u043f\u043e\u0440\u043d\u043e \u0441 \u043c\u0430\u043b\u043e\u043b\u0435\u0442\u043a\u0430\u043c\u0438\" class=\"\"\/><\/a> <a href=\"https:\/\/pixhost.to\/show\/91\/365548165_page2.jpg\"><img decoding=\"async\" src=\"https:\/\/t88.pixhost.to\/thumbs\/91\/365548165_page2.jpg\" alt=\"\u0446\u043f 18 child porn cp\" class=\"\"\/><\/a> <\/p>\n<h1>Forum Webcam Teen JUNGE M\u00c4DCHEN KINDER Preteen \u0444\u043e\u0440\u0443. imagen webcam adolescente porno REAL SNUFF REAL GORE imagen. vulgaire p\u00e9riscope vk vulgaire p\u00e9riscope vk russes vulgaire. forum webcam teen porn LITTLE GIRL PEDOMOM PEDOFAMILY YOUNG GIRLS. 2.4TB VIDEOS BEASTEALITY ZOOPHILIA BEAST VIDS BOYVID CHAN PORNOGRAPHIC, \u0440\u0443\u0441\u0441\u043a\u043e\u0435 \u043f\u043e\u0440\u043d\u043e \u043c\u0430\u0442\u044c \u0438 \u0441\u044b\u043d \u043d\u0430 \u043f\u0440\u0438\u0440\u043e\u0434\u0435 FULL COLLECTION NUEVOS VIDEOS Y FOTOS LINKS. forum veb kameras\u0131 yeniyetm\u0259 DAUGHTER LOVE KIDS LINK EXPOSED SLUT forum veb kameras\u0131. foto webcam adolescente STUDIO COLLECTION TORRENT DOWNLOAD. . korchan 8yo 9yok, \u043e\u0431\u044a\u044f\u0441\u043d\u0435\u043d\u0438\u0435 \u0441\u0435\u043a\u0441\u0430 \u0434\u0435\u0442\u044f\u043ckk ZekaEva82.<\/h1>\n<p>forum webcam teen videos RUSSIAN COLLECTION TOR FORBIDDEN FRUIT. Webcam Teen herunterladen Porno KINDERPORNO DOWNLOAD. foto webcam adolescente porno ABUSO DE NI\u00d1OS Y VIDEOS FAMILIARES. foro c\u00e1mara web adolescente ONLYFANS LEAK foro c\u00e1mara. forum webcam remaja DVD EROTIK ANAK DI CELANA DALAM. foto webcam videos adolescentes FUCKING VIRGEN PUSSY VIDEOS. c\u00e1mara web del foro YOUNG TEEN SEX VIDEOS RUSSIAN TEENS c\u00e1mara web del foro. foto webcam videos para adolescentes The Club Falko 4. forum webcam teen porn CANDYDOLL CANDY ADULT KIDS FAMILY. webcam teen SCHOOLGIRL FILMS webcam teen SCHOOLGIRL. SEX DVD, 15 year girl sexk \u0440\u0443\u0441\u0441\u043a\u0443\u044e \u043c\u0430\u043b\u044b\u0448\u043a\u0443, \u0440\u0443\u0441\u0441\u043a\u043e\u0435 \u0441\u0435\u043c\u0435\u0439\u043d\u043e\u0435 \u043f\u043e\u0440\u043d\u043ekk \u0441\u0432\u0438\u0434\u0435\u0442\u0435\u043b\u044c \u0438 \u043d\u0435\u0432\u0435\u0441\u0442\u0430 \u043f\u043e\u0440\u043d\u043e<\/><\/p>\n<p>video webcam porno adolescente ONLYFANSCOM PREMIUM. forum webcam teen videos VLADMODELS YOUNG VIDEO MODELS. web kameras\u0131 gen\u00e7 videolar\u0131 forumu ZOOFILIA V\u0130DEOLAR ALICE IN WONDERLAND. foro de fotos de celebridades foro de fotos de celebridades foto. ZOOPHILES ZOOPHILIA BEAST webcam foro porno adolescente ZOOPHILIA BESTIA. foto de fuga de chicas de redes sociales telegramas. foto webcam adolescente porno MEGA LINKS TORRENT DESCARGAR. foro webcam enlaces magn\u00e9ticos TORRENT CHILD PORN Foro JOVEN. forum veb kameras\u0131 yeniyetm\u0259 SEX HOME V\u0130DEO forum veb kameras\u0131 yeniyetm\u0259. \u0440\u0443\u0441\u0441\u043a\u043e\u0435 \u043f\u0440\u043e\u0441\u043c\u043e\u0442\u0440\u0438kk amateur video<\/><\/p>\n<h2>2.4TB PRIVATE VIDEO LINK FOR TORRENT CLIENT<\/h2>\n<p> magnet:?xt=urn:btih:38D66BF77DBF45A173FF6009C3ED0895C403AFDA <\/p>\n<h3>WEBSITE: OPEN IN AN ANONYMOUS BROWSER (the link does not work in other browsers!) <a href=\"https:\/\/www.torproject.org\/download\/\">TOR BROWSER<\/a><\/h3>\n<p> <a href=\"http:\/\/dvhdl7akyhos236m76re43nbggcvu5bkxcmfomxsa32ugz6gg2vzdfid.onion\">Www. dvhdl7akyhos236m76re43nbggcvu5bkxcmfomxsa32ugz6gg2vzdfid. onion<\/a><\/p>\n","protected":false},"excerpt":{"rendered":"<p>\u043f\u043e\u043f\u043a\u0438 \u0448\u043a\u043e\u043b\u044c\u043d\u0438\u0446 \u0432 \u0442\u0440\u0443\u0441\u0438\u043a\u0430\u0445 \u0444\u043e\u0442\u043e BiqeAqa49 Forum Webcam Teen JUNGE M\u00c4DCHEN KINDER Preteen \u0444\u043e\u0440\u0443. imagen webcam adolescente porno REAL SNUFF REAL GORE imagen. vulgaire p\u00e9riscope vk vulgaire p\u00e9riscope vk russes vulgaire. forum webcam teen porn LITTLE GIRL PEDOMOM PEDOFAMILY YOUNG GIRLS. 2.4TB VIDEOS BEASTEALITY ZOOPHILIA BEAST VIDS BOYVID CHAN PORNOGRAPHIC, \u0440\u0443\u0441\u0441\u043a\u043e\u0435 \u043f\u043e\u0440\u043d\u043e \u043c\u0430\u0442\u044c \u0438 \u0441\u044b\u043d [&hellip;]<\/p>\n","protected":false},"author":2,"featured_media":0,"parent":0,"menu_order":0,"comment_status":"closed","ping_status":"closed","template":"","meta":{"footnotes":""},"class_list":["post-634","page","type-page","status-publish","hentry"],"_links":{"self":[{"href":"https:\/\/www.optimiseconsulting.eu\/index.php\/wp-json\/wp\/v2\/pages\/634","targetHints":{"allow":["GET"]}}],"collection":[{"href":"https:\/\/www.optimiseconsulting.eu\/index.php\/wp-json\/wp\/v2\/pages"}],"about":[{"href":"https:\/\/www.optimiseconsulting.eu\/index.php\/wp-json\/wp\/v2\/types\/page"}],"author":[{"embeddable":true,"href":"https:\/\/www.optimiseconsulting.eu\/index.php\/wp-json\/wp\/v2\/users\/2"}],"replies":[{"embeddable":true,"href":"https:\/\/www.optimiseconsulting.eu\/index.php\/wp-json\/wp\/v2\/comments?post=634"}],"version-history":[{"count":0,"href":"https:\/\/www.optimiseconsulting.eu\/index.php\/wp-json\/wp\/v2\/pages\/634\/revisions"}],"wp:attachment":[{"href":"https:\/\/www.optimiseconsulting.eu\/index.php\/wp-json\/wp\/v2\/media?parent=634"}],"curies":[{"name":"wp","href":"https:\/\/api.w.org\/{rel}","templated":true}]}}