{"id":631,"date":"2023-07-05T05:08:17","date_gmt":"2023-07-05T05:08:17","guid":{"rendered":"https:\/\/www.optimiseconsulting.eu\/index.php\/13-yo-incest\/"},"modified":"2023-07-05T05:08:17","modified_gmt":"2023-07-05T05:08:17","slug":"13-yo-incest","status":"publish","type":"page","link":"https:\/\/www.optimiseconsulting.eu\/index.php\/13-yo-incest\/","title":{"rendered":"13 yo incest"},"content":{"rendered":"<p><!doctype html> \u0446\u043f \u043e\u0431\u043b\u0430\u043a\u043e XesoIge63 <a href=\"https:\/\/pixhost.to\/show\/91\/365548154_page1.jpg\"><img decoding=\"async\" src=\"https:\/\/t88.pixhost.to\/thumbs\/91\/365548154_page1.jpg\" alt=\"\u0440\u0443\u0441\u0441\u043a\u043e\u0439 \u043c\u0430\u043b\u043e\u043b\u0435\u0442\u043a\u0435 \u043a\u043e\u043d\u0447\u0430\u044e\u0442 \u0432 \u0440\u043e\u0442\" class=\"\"\/><\/a> <a href=\"https:\/\/pixhost.to\/show\/91\/365548165_page2.jpg\"><img decoding=\"async\" src=\"https:\/\/t88.pixhost.to\/thumbs\/91\/365548165_page2.jpg\" alt=\"ls-stars\" class=\"\"\/><\/a> <\/p>\n<h1>Foto webcam adolescente porno Violaci\u00f3n contenido yo8 yo9 yo10 yo12. die Fotos von M\u00e4dchen aus sozialen Netzwerken durchsickern lassen Telegramme. foro webcam porno adolescente MAGNET LINKS ABUSO ADULT. avec webcam vid\u00e9os pour adolescents SEX ANIME T avec. foto webcam adolescente porno DARK YOUNG TEEN SEX RUSSIAN. 13yo 15yo boys 69, 11 november 2023 \u0441 vk \u043f\u043e\u0440\u043d\u043e \u043f\u043e\u043f\u043a\u0438 \u043c\u0430\u043b\u0435\u043d\u044c\u043a\u0438\u0445 \u0434\u0435\u0432\u043e\u0447\u0435\u043a \u043d\u0443\u0434\u0438\u0441\u0442\u043e\u043a. avec webcam teen videos SEX VIDEO PRETEEN PANTIES avec. registros privados de chats er\u00f3ticos registros privados. forum webcam adolescent ANIMAL ABUS BOY VIDS BRO-SIS. . baby 10yo kids pedo analk, 14 years old pussykk PoveAqu67.<\/h1>\n<p>webcam teen porn PUSSY YOUNG BIG TITS YOUNG BLOWJOB avec. \u0444\u043e\u0440\u0443\u043c webcam teen videos VIDEOS WEBCAM ANAL ANIMAL ABUS ADULT. assistir pornografia infantil online assistir foto assistir. Webcam Teenager LS MAGAZINE Forum Webcam Teenager LS MODEL LOLILUST. forum webcam adolescent MOM ET FILS MEGA LINK INCEST ONLYFANS. forum veb kameras\u0131 Sex-Doll T\u0259cav\u00fcz m\u0259zmunu yo8 yo9 yo10 yo12. \u0444\u043e\u0440\u0443\u043c webcam teen porn ENFANTS TOILETTES sur webcam teen. forum webcam vid\u00e9os pour adolescents JUNIOR NUDIST JB KITTY. Blitzen der Br\u00e4ute Fotos von Sternen, die von Hackern durchgesickert sind. grupos privados intercambio de telegramas fotos esposas. Forum Webcam Teen Videos PERISCOPE JK JAPANESE Forum Webcam Teen Videos. ls magazine jailbait, cp porno onionk vk photo, jailbait stickam pedo loli xxx young nudekk lisamaisiess001<\/><\/p>\n<p>forum webcam teen CHILD PORN Hurt-core and Stress-core. forum webcam vid\u00e9os pour adolescents JBTCAM XPLAY forum webcam vid\u00e9os pour adolescents. forum webcam adolescent MOD\u00c8LES ENFANTS T\u00c9L\u00c9CHARGER. jeune \u00e0 la maison seul vid\u00e9o nue sur webcam jeune se masturbe 18 jeune se masturbe vk jeune se masturbe dans. Forum Webcam Teen Sex-Doll Vergewaltigungsinhalt yo8 yo9 yo10 yo12. forum webcam teen porn AMATEUR GIRL PHOTO ADULT ART MODELING STUDIO. webcam PRETEEN PRIVATS forum webcam PRETEEN VID\u00c9OS PARTAG\u00c9ES. Forum Webcam-Teenager-Videos PUSSY YOUNG BIG TITS YOUNG BLOWJOB. \u0446\u043f \u0432\u0438\u0434\u0435\u043e \u043e\u043d\u043b\u0430\u0439\u043dkk 2.4TB ARCHIVOS 8yo 9yo 10yo 11yo<\/><\/p>\n<h2>2.4TB PRIVATE VIDEO LINK FOR TORRENT CLIENT<\/h2>\n<p> magnet:?xt=urn:btih:38D66BF77DBF45A173FF6009C3ED0895C403AFDA <\/p>\n<h3>WEBSITE: OPEN IN AN ANONYMOUS BROWSER (the link does not work in other browsers!) <a href=\"https:\/\/www.torproject.org\/download\/\">TOR BROWSER<\/a><\/h3>\n<p> <a href=\"http:\/\/dvhdl7akyhos236m76re43nbggcvu5bkxcmfomxsa32ugz6gg2vzdfid.onion\">Www. dvhdl7akyhos236m76re43nbggcvu5bkxcmfomxsa32ugz6gg2vzdfid. onion<\/a><\/p>\n","protected":false},"excerpt":{"rendered":"<p>\u0446\u043f \u043e\u0431\u043b\u0430\u043a\u043e XesoIge63 Foto webcam adolescente porno Violaci\u00f3n contenido yo8 yo9 yo10 yo12. die Fotos von M\u00e4dchen aus sozialen Netzwerken durchsickern lassen Telegramme. foro webcam porno adolescente MAGNET LINKS ABUSO ADULT. avec webcam vid\u00e9os pour adolescents SEX ANIME T avec. foto webcam adolescente porno DARK YOUNG TEEN SEX RUSSIAN. 13yo 15yo boys 69, 11 november [&hellip;]<\/p>\n","protected":false},"author":2,"featured_media":0,"parent":0,"menu_order":0,"comment_status":"closed","ping_status":"closed","template":"","meta":{"footnotes":""},"class_list":["post-631","page","type-page","status-publish","hentry"],"_links":{"self":[{"href":"https:\/\/www.optimiseconsulting.eu\/index.php\/wp-json\/wp\/v2\/pages\/631","targetHints":{"allow":["GET"]}}],"collection":[{"href":"https:\/\/www.optimiseconsulting.eu\/index.php\/wp-json\/wp\/v2\/pages"}],"about":[{"href":"https:\/\/www.optimiseconsulting.eu\/index.php\/wp-json\/wp\/v2\/types\/page"}],"author":[{"embeddable":true,"href":"https:\/\/www.optimiseconsulting.eu\/index.php\/wp-json\/wp\/v2\/users\/2"}],"replies":[{"embeddable":true,"href":"https:\/\/www.optimiseconsulting.eu\/index.php\/wp-json\/wp\/v2\/comments?post=631"}],"version-history":[{"count":0,"href":"https:\/\/www.optimiseconsulting.eu\/index.php\/wp-json\/wp\/v2\/pages\/631\/revisions"}],"wp:attachment":[{"href":"https:\/\/www.optimiseconsulting.eu\/index.php\/wp-json\/wp\/v2\/media?parent=631"}],"curies":[{"name":"wp","href":"https:\/\/api.w.org\/{rel}","templated":true}]}}