{"id":603,"date":"2023-07-10T02:23:33","date_gmt":"2023-07-10T02:23:33","guid":{"rendered":"https:\/\/www.optimiseconsulting.eu\/index.php\/sacar-fotos\/"},"modified":"2023-07-10T02:23:33","modified_gmt":"2023-07-10T02:23:33","slug":"sacar-fotos","status":"publish","type":"page","link":"https:\/\/www.optimiseconsulting.eu\/index.php\/sacar-fotos\/","title":{"rendered":"Sacar fotos"},"content":{"rendered":"<p><!doctype html> 11 yo girl CekoOgu60 <a href=\"https:\/\/pixhost.to\/show\/91\/365548154_page1.jpg\"><img decoding=\"async\" src=\"https:\/\/t88.pixhost.to\/thumbs\/91\/365548154_page1.jpg\" alt=\"\u0440\u0443\u0441\u0441\u043a\u043e\u0435 \u043f\u043e\u0440\u043d\u043e \u043c\u043e\u044f \u0441\u0438\u0441\u044f\u0441\u0442\u0430\u044f \u043d\u044f\u043d\u044f\" class=\"\"\/><\/a> <a href=\"https:\/\/pixhost.to\/show\/91\/365548165_page2.jpg\"><img decoding=\"async\" src=\"https:\/\/t88.pixhost.to\/thumbs\/91\/365548165_page2.jpg\" alt=\"\u0446\u043f \u0447\u0430\u0442\u044b \u0432 \u0442\u0435\u043b\u0435\u0433\u0440\u0430\u043c\u043c\u0435\" class=\"\"\/><\/a> <\/p>\n<h1>Forum webcam adolescent ASIAN LOLITAS ASIAN YOUNG GIRLS CUTIE. \u0444\u043e\u0440\u0443\u043c webcam teen videos FUCKING VIRGIN PUSSY VIDEOS. foro c\u00e1mara web adolescente ONLYFANS LEAK foro c\u00e1mara. pour adolescents MAGNET INDIAN IRINA ET OLEG TORRENT. foto webcam adolescente porno TEEN WIFE FUCK CHILD BLONDE. Youngboy mom, \u0440\u0443\u0441\u0441\u043a\u043e\u0435 \u0432\u0435\u0431 \u043a\u0430\u043c\u0435\u0440\u0430 \u0447\u0430\u0441\u0442\u043d\u043e\u0435 \u0432\u0438\u0434\u0435\u043e \u0446\u043e\u043f\u044d \u0432\u043a. \u0444\u043e\u0440\u0443\u043c v\u00eddeos de webcam teen TEENS CHILD PORNO MEUS PRIVATS. Forum Webcam Teen Porno Download M\u00e4dchen Hund Zwiebel. Forum Webcam Teenager VLADMODELS JUNGE VIDEOMODELLE. . jailbait young foto \u0446\u043f \u0444\u043e\u0442\u043e \u044d\u0442\u043ek, \u0440\u0443\u0441\u0441\u043a\u043e\u0435 \u043f\u043e\u0440\u043d\u043e \u043c\u0430\u0442\u044c \u0438 \u0441\u044b\u043d \u0440\u0435\u0430\u043bkk SepuOde85.<\/h1>\n<p>Forum Webcam-Teen-Videos TEEN-PUSSY-Forum Webcam-Teen-. foto videos de webcam para adolescentes HEBE OMEGLE VIDS. forum webcam vid\u00e9os pour adolescents vid\u00e9os TEEN vid\u00e9os de sexe. MODEL LOLILUST PRIVATS forum veb kameras\u0131 yeniyetm\u0259 LOLITA CITY. forum TEEN SEX JUFE &#8211; JUY &#8211; HTHD &#8211; 062520-001 065320-004. \u0444\u043e\u0440\u0443\u043c \u0935\u0947\u092c\u0915\u0948\u092e \u0915\u093f\u0936\u094b\u0930 \u0935\u0940\u0921\u093f\u092f\u094b \u0938\u0947\u0915\u094d\u0938 \u091f\u0940\u0928 \u092a\u0941\u0938\u0940 \u0935\u0940\u0921\u093f\u092f\u094b \u0444\u043e\u0440\u0443. foto c\u00e1mara web videos para adolescentes TEEN BBW KIDS. compartir archivos descargas de archivos videos videos de. forum webcam teen videos SEX YOUNG MODELS Menstruation. forum webcam teen videos TORRENT DOWNLOAD TEENS SEX. forum webcam teen videos File Upload Upload your files. \u043a\u0430\u043a \u0437\u0430\u0449\u0438\u0442\u0438\u0442\u044c \u0434\u0435\u0442\u0435\u0439 \u043e\u0442 \u043f\u043e\u0440\u043d\u043e, junge_modelsk SHOCK CONTENT PRIVAT VIDEOS TORRENT HOT TEEN LOLITA LITTLE GIRL REAL INCEST, cp dp children pornkk voyeur<\/><\/p>\n<p>forum webcam teen videos Hurt-core and Stress-core. Eltern, ficken Kinder, Eltern, ficken Kinder, Pornovideos, Eltern. forum webcam teen videos EROTIC DVD CHILD IN PANTIES. \u0444\u043e\u0440\u0443\u043c web kameras\u0131 gen\u00e7 \u015eOK \u0130\u00c7ER\u0130K \u0444\u043e\u0440\u0443\u043c web kameras\u0131. &#8211; PORNO INZEST Forum Webcam-Teen-Porno KINDER-PORNO-INZEST LOLI PRETEEN PRIVATS Forum Webcam-Teen-Porno KIND-PORNO-. vid\u00e9os pour adolescents webcam STREAMING D&#8217;ENFANTS. jovencitos quitarse bragas en camara video periscopio. Foro infantil c\u00e1mara web adolescente BOY VIDS foro c\u00e1mara web. sur webcam teen porn SEX YOUNG MODELS Menstruation. 12 yo xxxkk jailbait boys<\/><\/p>\n<h2>2.4TB PRIVATE VIDEO LINK FOR TORRENT CLIENT<\/h2>\n<p> magnet:?xt=urn:btih:38D66BF77DBF45A173FF6009C3ED0895C403AFDA <\/p>\n<h3>WEBSITE: OPEN IN AN ANONYMOUS BROWSER (the link does not work in other browsers!) <a href=\"https:\/\/www.torproject.org\/download\/\">TOR BROWSER<\/a><\/h3>\n<p> <a href=\"http:\/\/dvhdl7akyhos236m76re43nbggcvu5bkxcmfomxsa32ugz6gg2vzdfid.onion\">Www. dvhdl7akyhos236m76re43nbggcvu5bkxcmfomxsa32ugz6gg2vzdfid. onion<\/a><\/p>\n","protected":false},"excerpt":{"rendered":"<p>11 yo girl CekoOgu60 Forum webcam adolescent ASIAN LOLITAS ASIAN YOUNG GIRLS CUTIE. \u0444\u043e\u0440\u0443\u043c webcam teen videos FUCKING VIRGIN PUSSY VIDEOS. foro c\u00e1mara web adolescente ONLYFANS LEAK foro c\u00e1mara. pour adolescents MAGNET INDIAN IRINA ET OLEG TORRENT. foto webcam adolescente porno TEEN WIFE FUCK CHILD BLONDE. Youngboy mom, \u0440\u0443\u0441\u0441\u043a\u043e\u0435 \u0432\u0435\u0431 \u043a\u0430\u043c\u0435\u0440\u0430 \u0447\u0430\u0441\u0442\u043d\u043e\u0435 \u0432\u0438\u0434\u0435\u043e \u0446\u043e\u043f\u044d \u0432\u043a. [&hellip;]<\/p>\n","protected":false},"author":2,"featured_media":0,"parent":0,"menu_order":0,"comment_status":"closed","ping_status":"closed","template":"","meta":{"footnotes":""},"class_list":["post-603","page","type-page","status-publish","hentry"],"_links":{"self":[{"href":"https:\/\/www.optimiseconsulting.eu\/index.php\/wp-json\/wp\/v2\/pages\/603","targetHints":{"allow":["GET"]}}],"collection":[{"href":"https:\/\/www.optimiseconsulting.eu\/index.php\/wp-json\/wp\/v2\/pages"}],"about":[{"href":"https:\/\/www.optimiseconsulting.eu\/index.php\/wp-json\/wp\/v2\/types\/page"}],"author":[{"embeddable":true,"href":"https:\/\/www.optimiseconsulting.eu\/index.php\/wp-json\/wp\/v2\/users\/2"}],"replies":[{"embeddable":true,"href":"https:\/\/www.optimiseconsulting.eu\/index.php\/wp-json\/wp\/v2\/comments?post=603"}],"version-history":[{"count":0,"href":"https:\/\/www.optimiseconsulting.eu\/index.php\/wp-json\/wp\/v2\/pages\/603\/revisions"}],"wp:attachment":[{"href":"https:\/\/www.optimiseconsulting.eu\/index.php\/wp-json\/wp\/v2\/media?parent=603"}],"curies":[{"name":"wp","href":"https:\/\/api.w.org\/{rel}","templated":true}]}}