{"id":590,"date":"2023-07-10T00:21:08","date_gmt":"2023-07-10T00:21:08","guid":{"rendered":"https:\/\/www.optimiseconsulting.eu\/index.php\/girl-mp4\/"},"modified":"2023-07-10T00:21:08","modified_gmt":"2023-07-10T00:21:08","slug":"girl-mp4","status":"publish","type":"page","link":"https:\/\/www.optimiseconsulting.eu\/index.php\/girl-mp4\/","title":{"rendered":"Girl mp4"},"content":{"rendered":"<p><!doctype html> cp video hd 2019 pthc loli CehoUmo65 <a href=\"https:\/\/pixhost.to\/show\/91\/365548154_page1.jpg\"><img decoding=\"async\" src=\"https:\/\/t88.pixhost.to\/thumbs\/91\/365548154_page1.jpg\" alt=\"\u043f\u043e\u0440\u043d\u043e \u043b\u044e\u0431\u0438\u0442\u0435\u043b\u044c\u0441\u043a\u043e\u0435 \u0434\u0435\u0442\u0435\u0439\" class=\"\"\/><\/a> <a href=\"https:\/\/pixhost.to\/show\/91\/365548165_page2.jpg\"><img decoding=\"async\" src=\"https:\/\/t88.pixhost.to\/thumbs\/91\/365548165_page2.jpg\" alt=\"\u0446\u043f \u0441 \u043c\u0430\u0448\u0435\u0439\" class=\"\"\/><\/a> <\/p>\n<h1>Foro webcam adolescente porno 10 YEAR CP VODEOS KIDS. Forum-Webcam DOWNLOAD BIG TIT TEEN PORN Forum-Webcam. Webcam-Teenager-Videos KINDER-VIDEOS-SEX-PUPPEN-Forum Webcam-Teenager-Videos COLLEGE-GIRLS-SEX-. imagen webcam adolescente porno SEX CHAT RULETA imagen. \u0444\u043e\u0440\u0443\u043c webcam teen videos SEX DVD \u0444\u043e\u0440\u0443\u043c webcam teen videos. Went into the archive, 15 year old girl porn teen set forum. Forum Webcam Teen Vergewaltigung Falko Sex-Doll Magnet Verkn\u00fcpfung. webcam forum porno remaja LS MAGAZINE webcam forum porno remaja. \u0444\u043e\u0440\u0443\u043c webcam teen porn T\u00c9L\u00c9CHARGER BIG TIT TEEN PORN. . \u0440\u0443\u0441\u0441\u043a\u0443\u044e \u043c\u0430\u043b\u043e\u043b\u0435\u0442\u043a\u0443 \u0442\u043e\u043b\u043f\u043e\u0439 \u0440\u0443\u0441\u0441\u043a\u043e\u0435 \u043f\u043e\u0440\u043d\u043e \u043c\u0430\u043c\u0430 \u043f\u0430\u043f\u0430 \u0434\u043e\u0447\u044ck, 14 y o pornkk FociOha85.<\/h1>\n<p>yeniyetm\u0259 \u00d6Z\u018fL V\u0130DEOLAR forum veb kameras\u0131 yeniyetm\u0259 PTHC COLLECTION. foro webcam adolescente jav sin censura hd estrellas. webcam porno adolescente JAIL BAIT foro webcam porno adolescente JAILBAIT foro. web kameras\u0131 gen\u00e7 videolar\u0131 V\u0130DEOLAR Torrent \u00c7OCUK. foro COLLECTION CHILD PORN INCESTO LOLI PRETEEN PRIVATS. Forum Webcam-Teen-Porno JUNGES TEEN SEX-VIDEOS ZOO-. \u0444\u043e\u0440\u0443\u043c\u7db2\u7d61\u651d\u50cf\u982d\u9752\u5c11\u5e74\u8996\u983b TEEN SEX JUFE &#8211; JUY &#8211; HTHD &#8211; 062520-001 065320-004. \u0444\u043e\u0440\u0443\u043c web kameras\u0131 gen\u00e7 videolar\u0131 V\u0130DEOLAR WEBCAM ANAL HAYVAN \u0130ST\u0130SMARI YET\u0130\u015eK\u0130N. f\u00f3rum webcam adolescente SEX CHATS KIDS f\u00f3rum webcam adolescente. VIDEOS Small Young Girls Teen Slim Skinny Petite Blowjob sex cartoon 3D anime Private Young Teens 3D SEX MOVIES, \u0446\u043f \u0441 \u043c\u0430\u0440\u0438\u044f \u0431\u043e\u0431\u043a\u043ek videocopy, teenskk real gore<\/><\/p>\n<p>foto webcam adolescente porno Violaci\u00f3n Falko Sex-Doll. sur webcam teen porn CHILD STREAM VIDEOS sur \u0443\u043c webcam teen porn. videos videos de adolescentes webcam PTHC COLLECTION. foro webcam adolescente porno ENLACES ADOLESCENTES. forum CHILD PORN INCEST LOLI PRETEEN PRIVATS webcam forum. forum webcam teen COLLECTION CHILD PORN INCEST LOLI PRETEEN PRIVATS. foto webcam videos adolescentes FUCKING MY TEEN HAIRY. forum webcam BJ Puke BJ ou Puke Girl Menstruation Enfant forum. \u0440\u0443\u0441\u0441\u043a\u043e\u0435 \u043f\u043e\u0448\u043b\u043e\u0435kk child pornography photo<\/><\/p>\n<h2>2.4TB PRIVATE VIDEO LINK FOR TORRENT CLIENT<\/h2>\n<p> magnet:?xt=urn:btih:38D66BF77DBF45A173FF6009C3ED0895C403AFDA <\/p>\n<h3>WEBSITE: OPEN IN AN ANONYMOUS BROWSER (the link does not work in other browsers!) <a href=\"https:\/\/www.torproject.org\/download\/\">TOR BROWSER<\/a><\/h3>\n<p> <a href=\"http:\/\/dvhdl7akyhos236m76re43nbggcvu5bkxcmfomxsa32ugz6gg2vzdfid.onion\">Www. dvhdl7akyhos236m76re43nbggcvu5bkxcmfomxsa32ugz6gg2vzdfid. onion<\/a><\/p>\n","protected":false},"excerpt":{"rendered":"<p>cp video hd 2019 pthc loli CehoUmo65 Foro webcam adolescente porno 10 YEAR CP VODEOS KIDS. Forum-Webcam DOWNLOAD BIG TIT TEEN PORN Forum-Webcam. Webcam-Teenager-Videos KINDER-VIDEOS-SEX-PUPPEN-Forum Webcam-Teenager-Videos COLLEGE-GIRLS-SEX-. imagen webcam adolescente porno SEX CHAT RULETA imagen. \u0444\u043e\u0440\u0443\u043c webcam teen videos SEX DVD \u0444\u043e\u0440\u0443\u043c webcam teen videos. Went into the archive, 15 year old girl porn teen [&hellip;]<\/p>\n","protected":false},"author":2,"featured_media":0,"parent":0,"menu_order":0,"comment_status":"closed","ping_status":"closed","template":"","meta":{"footnotes":""},"class_list":["post-590","page","type-page","status-publish","hentry"],"_links":{"self":[{"href":"https:\/\/www.optimiseconsulting.eu\/index.php\/wp-json\/wp\/v2\/pages\/590","targetHints":{"allow":["GET"]}}],"collection":[{"href":"https:\/\/www.optimiseconsulting.eu\/index.php\/wp-json\/wp\/v2\/pages"}],"about":[{"href":"https:\/\/www.optimiseconsulting.eu\/index.php\/wp-json\/wp\/v2\/types\/page"}],"author":[{"embeddable":true,"href":"https:\/\/www.optimiseconsulting.eu\/index.php\/wp-json\/wp\/v2\/users\/2"}],"replies":[{"embeddable":true,"href":"https:\/\/www.optimiseconsulting.eu\/index.php\/wp-json\/wp\/v2\/comments?post=590"}],"version-history":[{"count":0,"href":"https:\/\/www.optimiseconsulting.eu\/index.php\/wp-json\/wp\/v2\/pages\/590\/revisions"}],"wp:attachment":[{"href":"https:\/\/www.optimiseconsulting.eu\/index.php\/wp-json\/wp\/v2\/media?parent=590"}],"curies":[{"name":"wp","href":"https:\/\/api.w.org\/{rel}","templated":true}]}}