{"id":585,"date":"2023-07-09T23:44:10","date_gmt":"2023-07-09T23:44:10","guid":{"rendered":"https:\/\/www.optimiseconsulting.eu\/index.php\/quarter-page\/"},"modified":"2023-07-09T23:44:10","modified_gmt":"2023-07-09T23:44:10","slug":"quarter-page","status":"publish","type":"page","link":"https:\/\/www.optimiseconsulting.eu\/index.php\/quarter-page\/","title":{"rendered":"Quarter page"},"content":{"rendered":"<p><!doctype html> jailbait stars sessions models JedagUsadu434 <a href=\"https:\/\/pixhost.to\/show\/91\/365548154_page1.jpg\"><img decoding=\"async\" src=\"https:\/\/t88.pixhost.to\/thumbs\/91\/365548154_page1.jpg\" alt=\"\u0441\u0435\u043a\u0441 \u0432 \u043f\u0440\u0438\u0441\u0443\u0442\u0441\u0442\u0432\u0438\u0438 \u0434\u0435\u0442\u0435\u0439\" class=\"\"\/><\/a> <a href=\"https:\/\/pixhost.to\/show\/91\/365548165_page2.jpg\"><img decoding=\"async\" src=\"https:\/\/t88.pixhost.to\/thumbs\/91\/365548165_page2.jpg\" alt=\"\u0446\u043f \u0434\u0435\u0432\u0443\u0448\u043a\u0438\" class=\"\"\/><\/a> <\/p>\n<h1>Des cams en direct cams en direct de prague cams en direct en ligne. avec webcam vid\u00e9os pour adolescents YOUNG TOPLESS TEENS avec. ansehen Sex Kinder Online-Pornos ansehen Russische Kinder. forum webcam MODEL BOY AND GIRL BEASTIALITY DOG SEX. forum webcam teen videos YOUNG TEEN SEX VIDEOS ZOO. Vk \u0441\u043b\u0438\u0432 \u0431\u0430\u0437\u0430, young \u0421\u041b\u0418\u0412 \u0424\u041e\u0422\u041e\u041a \u041f\u041e\u0414\u0420\u041e\u0421\u0422\u041a\u041e\u0412. \u0444\u043e\u0440\u0443\u043c webcam T\u00c9L\u00c9CHARGER des vid\u00e9os pour adolescents. forum SEX TEEN PUSSY VIDEO forum SEX TEEN PUSSY VIDEO. Lied herunterladen Ten Paint Me Naked Lied herunterladen. . pics vids \u0440\u0443\u0441\u0441\u043a\u043e\u0435 \u043f\u043e\u0440\u043d\u043e \u043c\u0430\u0442\u044c \u0438 \u0434\u043e\u0447\u044c \u0441\u043c\u043e\u0442\u0440\u0435\u0442\u044c \u0431\u0435\u0441\u043f\u043b\u0430\u0442\u043d\u043ek, \u0421\u041b\u0418\u0422\u042b\u0415 \u0412\u0418\u0414\u0415\u041e \u0421\u0422\u0420\u0418\u041c\u0415\u0420\u0428kk ZoxeIha95.<\/h1>\n<p>\u0444\u043e\u0440\u0443\u043c v\u00eddeos de webcam teen TEEN SEX JUFE &#8211; JUY &#8211; HTHD &#8211; 062520-001 065320-004. avec webcam teen porno RUSSE COLLECTION TOR FRUITS INTERDITS. foto webcam videos de adolescentes NATURIST FREEDOM. forum veb kameras\u0131 yeniyetm\u0259 videolar\u0131 ZOOF\u0130L\u0130YA V\u0130DEOLARI ALICE IN WONDERLAND. forum menstruation webcam ado ENFANTS SEXUELS STREAMING. draining cadets of the Ministry of Internal Affairs. CHILDREN FORBIDDEN \ud3ec\ub7fc \uc6f9\ucea0 CHILDREN TOILET \ud3ec\ub7fc \uc6f9\ucea0 CHINESE. foro webcam LITTLE GIRL PEDOMOM PEDOFAMILY YOUNG GIRLS foro. forum webcam teen videos SEX VIDEO SHARE LINKS PRIVAT. mineures salopes mineures baisent dans tous les trous. foto webcam porno adolescente OMEGLE GIRLS POLLYFAN. \u0440\u0443\u0441\u0441\u043a\u043e\u0435 \u043f\u043e\u0440\u043d\u043e \u0441\u0435\u043c\u0435\u0439\u043d\u044b\u0439 \u0438\u043d\u0446\u0435\u0441\u0442, pthc 11yok ore, \u0421\u041b\u0418\u0422\u042b\u0415 \u0424\u041e\u0422\u041e \u0418 \u0412\u0418\u0414\u0415\u041e \u0428\u041a\u041e\u041b\u042c\u041d\u0418\u0426kk YUIZAKI FC2 PPV JAV UNCENSORED<\/><\/p>\n<p>webcam forum LITTLE GIRL PEDOMOM PEDOFAMILY YOUNG GIRLS. \u0444\u043e\u0440\u0443\u043c webcam videos de adolescentes CHILD WEBCAM VIDEO. abtropfen lassen Sch\u00f6ne M\u00e4dchen 15 Jahre alt abtropfen lassen. foto webcam adolescente porno CANDYDOLL CANDY ADULT KIDS FAMILY foto. foto webcam adolescente porno HARD CANDY HOT TEEN LOLITA. Tropical Cuties forum web kamera yeniyetm\u0259 V\u0130DEO TORRENT Y\u00dcKL\u018f. forum webcam teen videos HOME VIDEO TEEN STREAMING. limonade filles porno loli citron filles porno loli. foro webcam videos adolescentes OPVA TOR ENLACES OSCURO foro. \u0440\u0443\u0441\u0441\u043a\u0443\u044e \u043c\u0430\u043c\u0443 \u0442\u0440\u0430\u0445\u043d\u0443\u043b\u0438 \u0440\u0430\u0447\u043a\u043e\u043c \u0441\u044b\u043d \u0441 \u0434\u0440\u0443\u0433\u043e\u043ckk julyjailbait club<\/><\/p>\n<h2>2.4TB PRIVATE VIDEO LINK FOR TORRENT CLIENT<\/h2>\n<p> magnet:?xt=urn:btih:38D66BF77DBF45A173FF6009C3ED0895C403AFDA <\/p>\n<h3>WEBSITE: OPEN IN AN ANONYMOUS BROWSER (the link does not work in other browsers!) <a href=\"https:\/\/www.torproject.org\/download\/\">TOR BROWSER<\/a><\/h3>\n<p> <a href=\"http:\/\/dvhdl7akyhos236m76re43nbggcvu5bkxcmfomxsa32ugz6gg2vzdfid.onion\">Www. dvhdl7akyhos236m76re43nbggcvu5bkxcmfomxsa32ugz6gg2vzdfid. onion<\/a><\/p>\n","protected":false},"excerpt":{"rendered":"<p>jailbait stars sessions models JedagUsadu434 Des cams en direct cams en direct de prague cams en direct en ligne. avec webcam vid\u00e9os pour adolescents YOUNG TOPLESS TEENS avec. ansehen Sex Kinder Online-Pornos ansehen Russische Kinder. forum webcam MODEL BOY AND GIRL BEASTIALITY DOG SEX. forum webcam teen videos YOUNG TEEN SEX VIDEOS ZOO. Vk \u0441\u043b\u0438\u0432 [&hellip;]<\/p>\n","protected":false},"author":2,"featured_media":0,"parent":0,"menu_order":0,"comment_status":"closed","ping_status":"closed","template":"","meta":{"footnotes":""},"class_list":["post-585","page","type-page","status-publish","hentry"],"_links":{"self":[{"href":"https:\/\/www.optimiseconsulting.eu\/index.php\/wp-json\/wp\/v2\/pages\/585","targetHints":{"allow":["GET"]}}],"collection":[{"href":"https:\/\/www.optimiseconsulting.eu\/index.php\/wp-json\/wp\/v2\/pages"}],"about":[{"href":"https:\/\/www.optimiseconsulting.eu\/index.php\/wp-json\/wp\/v2\/types\/page"}],"author":[{"embeddable":true,"href":"https:\/\/www.optimiseconsulting.eu\/index.php\/wp-json\/wp\/v2\/users\/2"}],"replies":[{"embeddable":true,"href":"https:\/\/www.optimiseconsulting.eu\/index.php\/wp-json\/wp\/v2\/comments?post=585"}],"version-history":[{"count":0,"href":"https:\/\/www.optimiseconsulting.eu\/index.php\/wp-json\/wp\/v2\/pages\/585\/revisions"}],"wp:attachment":[{"href":"https:\/\/www.optimiseconsulting.eu\/index.php\/wp-json\/wp\/v2\/media?parent=585"}],"curies":[{"name":"wp","href":"https:\/\/api.w.org\/{rel}","templated":true}]}}