{"id":584,"date":"2023-07-09T22:50:34","date_gmt":"2023-07-09T22:50:34","guid":{"rendered":"https:\/\/www.optimiseconsulting.eu\/index.php\/disney-chan\/"},"modified":"2023-07-09T22:50:34","modified_gmt":"2023-07-09T22:50:34","slug":"disney-chan","status":"publish","type":"page","link":"https:\/\/www.optimiseconsulting.eu\/index.php\/disney-chan\/","title":{"rendered":"Disney chan"},"content":{"rendered":"<p><!doctype html> pthc 12yo BefiAde42 <a href=\"https:\/\/pixhost.to\/show\/91\/365548154_page1.jpg\"><img decoding=\"async\" src=\"https:\/\/t88.pixhost.to\/thumbs\/91\/365548154_page1.jpg\" alt=\"nm-10-r webm\" class=\"\"\/><\/a> <a href=\"https:\/\/pixhost.to\/show\/91\/365548165_page2.jpg\"><img decoding=\"async\" src=\"https:\/\/t88.pixhost.to\/thumbs\/91\/365548165_page2.jpg\" alt=\"cp link packs mega\" class=\"\"\/><\/a> <\/p>\n<h1>Forum webcam BJ Puke BJ or Puke Girl Menstruation Child. forum webcam teen porn RAPES BROTHER SISTER SCHOOLGIRL. forum webcam BABY HEART CHAT CHAMBRES DARK WEB SITES. foto webcam teen porn FETISH WEBCAM HARD CANDY HOT TEEN LOLITA foto. \u0444\u043e\u0440\u0443\u043c webcam videos de adolescentes CO\u00d1O JOVEN TETAS GRANDES YOUNG BLOWJOB. View photos, \u0446\u043f \u043f\u043e\u0440\u043d\u043e \u044f\u043d\u0434\u0435\u043a\u0441 \u0434\u0438\u0441\u043a 409GB VIDEOS CHILD PORN STUDIOS MetArt FTV Girls Femjoy JAVHD Duga Tokyo Hot Teens Love Huge Cocks PureTaboo R18 Mofos 1080p HD 4K. forum webcam teen FETISH WEBCAM HARD CANDY HOT TEEN LOLITA. forum webcam teen videos FUCKING VIRGIN PUSSY VIDEOS. jovencitos quitarse bragas en camara video periscopio. . \u0441\u043c\u043e\u0442\u0440\u0435\u0442\u044c \u043e\u043d\u043b\u0430\u0439\u043d \u043f\u043e\u0440\u043d\u043e \u043c\u0430\u043b\u0435\u043d\u044c\u043a\u0438\u0445 \u0434\u0435\u0442\u0435\u0439 preteenk, \u0440\u0443\u0441\u0441\u043a\u043e\u0435 \u043f\u043e\u0440\u043d\u043e \u0441 \u0441\u044b\u043d\u043e\u043ckk TageUwu36.<\/h1>\n<p>c\u00e1mara web adolescente videos ADOLESCENTE CALIENTE DESNUDA. forum webcam teen videos SEX YOUNG MODELS Menstruation. c\u00e1mara web del foro NECRO NECROFILIA CAPTURAS OMEGLE. foto webcam teen videos LITTLE GIRL XXX 10 YEAR foto \u043c. mengeringkan foto gadis dari jejaring sosial telegram. \u0444\u043e\u0440\u0443\u043c web kameras\u0131 gen\u00e7 videolar\u0131 TELEGRAM CHANNEL Teens. forum webcam teen MAGNET INDIAN IRINA AND OLEG TORRENT. Forum Webcam Teen Porno PICS VIDS RUSSIAN BOYS UND. Videos OPVA TOR LINKS DARK Forum Webcam-Teen-Videos OPVA. children in cinema videos, \u0440\u0443\u0441\u0441\u043a\u043e\u0435 \u043f\u043e\u0440\u043d\u043e \u0434\u043e\u0447\u044c \u0431\u0440\u0430\u0442k \u0441\u0435\u043a\u0441 \u0441 \u0434\u0435\u0442\u0434\u043e\u043c\u043e\u0432\u0441\u043a\u0438\u043c\u0438 \u0434\u0435\u0432\u043e\u0447\u043a\u0430\u043c\u0438, \u043f\u043e\u0440\u043d\u043e \u044e\u043d\u044b\u0445 \u0434\u0435\u0442\u0435\u0439 \u043e\u043d\u043b\u0430\u0439\u043dkk lisamaisiess001<\/><\/p>\n<p>les jeunes montrent les seins sur webcam les jeunes montrent. \u0444\u043e\u0440\u0443\u043c webcam videos para adolescentes BJ Puke BJ o Puke Girl Menstruation Child. forumu veb kameras\u0131 CHILDS POWER TOILET forumu veb kameras\u0131 CHILDS PAYYE forumu veb kameras\u0131 CHILDS PAYYE forumu veb kameras\u0131 CHILDS. web kameras\u0131 gen\u00e7 videolar\u0131 forumu ZOO CANDYDOLL CANDY. Forum Webcam-Teen-Porno Bibigon Forum Webcam-Teen-Porno. forum webcam adolescent EXPLOIT KITS HURTCORE EXPLOITS. UNIVERSITARIOS foro ADOLESCENTES J\u00d3VENES VIDEOS DE SEXO PARA ADOLESCENTES J\u00d3VENES Foro de ADOLESCENTES RUSOS VIDEOS DE SEXO PARA ADOLESCENTES. forum CHILD PORN INCEST LOLI PRETEEN PRIVATS webcam forum. webcam teen videos PUSSY YOUNG GROS SEINS YOUNG BLOWJOB. \u0446\u043f \u043a\u0430\u043a \u043d\u0430\u0439\u0442\u0438kk disappear from the archives<\/><\/p>\n<h2>2.4TB PRIVATE VIDEO LINK FOR TORRENT CLIENT<\/h2>\n<p> magnet:?xt=urn:btih:38D66BF77DBF45A173FF6009C3ED0895C403AFDA <\/p>\n<h3>WEBSITE: OPEN IN AN ANONYMOUS BROWSER (the link does not work in other browsers!) <a href=\"https:\/\/www.torproject.org\/download\/\">TOR BROWSER<\/a><\/h3>\n<p> <a href=\"http:\/\/dvhdl7akyhos236m76re43nbggcvu5bkxcmfomxsa32ugz6gg2vzdfid.onion\">Www. dvhdl7akyhos236m76re43nbggcvu5bkxcmfomxsa32ugz6gg2vzdfid. onion<\/a><\/p>\n","protected":false},"excerpt":{"rendered":"<p>pthc 12yo BefiAde42 Forum webcam BJ Puke BJ or Puke Girl Menstruation Child. forum webcam teen porn RAPES BROTHER SISTER SCHOOLGIRL. forum webcam BABY HEART CHAT CHAMBRES DARK WEB SITES. foto webcam teen porn FETISH WEBCAM HARD CANDY HOT TEEN LOLITA foto. \u0444\u043e\u0440\u0443\u043c webcam videos de adolescentes CO\u00d1O JOVEN TETAS GRANDES YOUNG BLOWJOB. View photos, [&hellip;]<\/p>\n","protected":false},"author":2,"featured_media":0,"parent":0,"menu_order":0,"comment_status":"closed","ping_status":"closed","template":"","meta":{"footnotes":""},"class_list":["post-584","page","type-page","status-publish","hentry"],"_links":{"self":[{"href":"https:\/\/www.optimiseconsulting.eu\/index.php\/wp-json\/wp\/v2\/pages\/584","targetHints":{"allow":["GET"]}}],"collection":[{"href":"https:\/\/www.optimiseconsulting.eu\/index.php\/wp-json\/wp\/v2\/pages"}],"about":[{"href":"https:\/\/www.optimiseconsulting.eu\/index.php\/wp-json\/wp\/v2\/types\/page"}],"author":[{"embeddable":true,"href":"https:\/\/www.optimiseconsulting.eu\/index.php\/wp-json\/wp\/v2\/users\/2"}],"replies":[{"embeddable":true,"href":"https:\/\/www.optimiseconsulting.eu\/index.php\/wp-json\/wp\/v2\/comments?post=584"}],"version-history":[{"count":0,"href":"https:\/\/www.optimiseconsulting.eu\/index.php\/wp-json\/wp\/v2\/pages\/584\/revisions"}],"wp:attachment":[{"href":"https:\/\/www.optimiseconsulting.eu\/index.php\/wp-json\/wp\/v2\/media?parent=584"}],"curies":[{"name":"wp","href":"https:\/\/api.w.org\/{rel}","templated":true}]}}