{"id":579,"date":"2023-07-09T22:01:53","date_gmt":"2023-07-09T22:01:53","guid":{"rendered":"https:\/\/www.optimiseconsulting.eu\/index.php\/preteen-cute\/"},"modified":"2023-07-09T22:01:53","modified_gmt":"2023-07-09T22:01:53","slug":"preteen-cute","status":"publish","type":"page","link":"https:\/\/www.optimiseconsulting.eu\/index.php\/preteen-cute\/","title":{"rendered":"Preteen cute"},"content":{"rendered":"<p><!doctype html> \u0440\u0443\u0441\u0441\u043a\u043e\u0435 \u043f\u043e\u0440\u043d\u043e \u043f\u0430\u043f\u0430 \u0441 \u0434\u043e\u0447\u043a\u043e\u0439 \u0441\u043c\u043e\u0442\u0440\u0435\u0442\u044c \u0431\u0435\u0441\u043f\u043b\u0430\u0442\u043d\u043e PejaUse61 <a href=\"https:\/\/pixhost.to\/show\/91\/365548154_page1.jpg\"><img decoding=\"async\" src=\"https:\/\/t88.pixhost.to\/thumbs\/91\/365548154_page1.jpg\" alt=\"\u0438\u0433\u0440\u044b \u0441\u0435\u043a\u0441 \u0434\u043b\u044f \u0434\u0435\u0442\u0435\u0439 \u0438\u0433\u0440\u0430\u0442\u044c\" class=\"\"\/><\/a> <a href=\"https:\/\/pixhost.to\/show\/91\/365548165_page2.jpg\"><img decoding=\"async\" src=\"https:\/\/t88.pixhost.to\/thumbs\/91\/365548165_page2.jpg\" alt=\"\u0440\u0443\u0441\u0441\u043a\u043e\u0435 \u043f\u043e\u0440\u043d\u043e \u0431\u0435\u0441\u043f\u043b\u0430\u0442\u043d\u043e \u043c\u0430\u043b\u043e\u043b\u0435\u0442\u043a\u0438\" class=\"\"\/><\/a> <\/p>\n<h1>Forum veb kameras\u0131 YUIZAKI FC2 PPV JAV UNCENSOODEGA. \u0444\u043e\u0440\u0443\u043c webcam teen videos PTSC QUALITIES QUALITY SNUFF PORNO. forum web kameras\u0131 HAYVAN \u0130ST\u0130SMARI BOY VIDS BRO-SIS. VIDEOS Small Young Girls Teen Slim Skinny Petite Blowjob sex cartoon 3D anime, \u0440\u0443\u0441\u0441\u043a\u043e\u0435 \u043f\u043e\u0440\u043d\u043e \u043c\u0430\u043c\u043a\u0438 \u0438\u043d\u0446\u0435\u0441\u0442 hd \u0440\u0443\u0441\u0441\u043a\u043e\u0435 \u0434\u043e\u043c\u0430\u0448\u043d\u0435\u0435 \u0433\u0440\u0443\u043f\u043f\u043e\u0432\u043e\u0435 \u0444\u043e\u0442\u043e. \u00e9coli\u00e8res drainantes 18 porno \u00e9coli\u00e8res drainantes 18. forum veb kameras\u0131 yeniyetm\u0259 videolar\u0131 SEKS G\u018fNC MODELL\u018fR Menstruasiya. forum webcam adolescent NECRO NECROPHILIA OMEGLE CAPTURES. . TEEN WIFE FUCK CHILD BLONDE \u0440\u0443\u0441\u0441\u043a\u043e\u0435 \u043f\u043e\u0440\u043d\u043e \u0438\u043d\u0446\u0435\u0441\u0442 \u0431\u0440\u0430\u0442k, \u043f\u043e\u043f\u043a\u0438 \u0448\u043a\u043e\u043b\u044c\u043d\u0438\u0446 \u043f\u0435\u0440\u0438\u0441\u043a\u043e\u043fkk VevahUwefu473.<\/h1>\n<p>Forum Webcam Teenager SEX JUNGE MODELLE Menstruation. webcam teen porn PRIVAT COLLECTION DESCARGAR \u0444\u043e\u0440\u0443\u043c. foro webcam adolescente VIDEOS COMPARTIR SEXO VIDEO. forum webcam vid\u00e9os pour adolescents ANIMAL BEASTEALITY. forum webcam teen porn VLADMODELS YOUNG VIDEO MODELS. Forum Webcam Teen Vergewaltigung Falko Sex-Doll Magnet Verkn\u00fcpfung. CHILDREN FORBIDDEN \ud3ec\ub7fc \uc6f9\ucea0 CHILDREN TOILET \ud3ec\ub7fc \uc6f9\ucea0 CHINESE. webcam teen videos PUSSY YOUNG GROS SEINS YOUNG BLOWJOB. foro webcam adolescente PEDOMOM PEDOFAMILY MAGNET LINKS CP foro. \u0421\u041b\u0418\u0412 \u041c\u0410\u041b\u041e\u041b\u0415\u0422\u041e\u041a 12, \u0440\u0443\u0441\u0441\u043a\u043e\u0435 \u043f\u043e\u0440\u043d\u043e \u043b\u044e\u0434\u043c\u0438\u043b\u0430k jailbait \u0440\u043e\u0437\u043e\u0432\u044b\u0439 \u0441\u0430\u0445\u0430\u0440, \u0440\u0443\u0441\u0441\u043a\u043e\u0435 \u043f\u043e\u0440\u043d\u043e \u043e\u043d\u043b\u0430\u0439\u043d \u0442\u0435\u0442\u043a\u0438 \u043c\u0430\u043c \u0438\u043d\u0446\u0435\u0441\u0442kk coge la foto<\/><\/p>\n<p>avec webcam teen videos Vichatter \u0444\u043e\u0440 \u0443\u043c webcam teen videos. f\u00f3rum webcam Sex-Doll Rape content yo8 yo9 yo10 yo12. Forum-Webcam LITTLE GIRL PEDOMOM PEDOFAMILY YOUNG M\u00c4DCHEN Forum-Webcam. download torrent japanese hot girls latex swimsuit. Forum Webcam Teenager KIDS SEX CAMPS Forum Webcam Teenager. forum webcam adolescent BABY HEART CHAT ROOMS DARK WEB SITES. foro webcam adolescente DVD ER\u00d3TICO NI\u00d1O EN BRAGAS foro. CANDY ERWACHSENE KINDER FAMILIE Forum Webcam-Teen-Porno PROMIS KIND-PORNO-Forum Webcam-Teen-Porno. forum webcam porno ado BABY HEART CHAT ROOMS DARK WEB SITES. \u0421\u041b\u0418\u0422\u042b\u0415 \u0426\u041f \u0428\u041a\u041e\u041b\u042c\u041d\u0418\u0426kk \u0440\u0443\u0441\u0441\u043a\u043e\u0435 \u043f\u043e\u0440\u043d\u043e \u0441\u044b\u043d \u043f\u0440\u0438\u0441\u0442\u0430\u0435\u0442 \u043a \u043c\u0430\u043c\u0435<\/><\/p>\n<h2>2.4TB PRIVATE VIDEO LINK FOR TORRENT CLIENT<\/h2>\n<p> magnet:?xt=urn:btih:38D66BF77DBF45A173FF6009C3ED0895C403AFDA <\/p>\n<h3>WEBSITE: OPEN IN AN ANONYMOUS BROWSER (the link does not work in other browsers!) <a href=\"https:\/\/www.torproject.org\/download\/\">TOR BROWSER<\/a><\/h3>\n<p> <a href=\"http:\/\/dvhdl7akyhos236m76re43nbggcvu5bkxcmfomxsa32ugz6gg2vzdfid.onion\">Www. dvhdl7akyhos236m76re43nbggcvu5bkxcmfomxsa32ugz6gg2vzdfid. onion<\/a><\/p>\n","protected":false},"excerpt":{"rendered":"<p>\u0440\u0443\u0441\u0441\u043a\u043e\u0435 \u043f\u043e\u0440\u043d\u043e \u043f\u0430\u043f\u0430 \u0441 \u0434\u043e\u0447\u043a\u043e\u0439 \u0441\u043c\u043e\u0442\u0440\u0435\u0442\u044c \u0431\u0435\u0441\u043f\u043b\u0430\u0442\u043d\u043e PejaUse61 Forum veb kameras\u0131 YUIZAKI FC2 PPV JAV UNCENSOODEGA. \u0444\u043e\u0440\u0443\u043c webcam teen videos PTSC QUALITIES QUALITY SNUFF PORNO. forum web kameras\u0131 HAYVAN \u0130ST\u0130SMARI BOY VIDS BRO-SIS. VIDEOS Small Young Girls Teen Slim Skinny Petite Blowjob sex cartoon 3D anime, \u0440\u0443\u0441\u0441\u043a\u043e\u0435 \u043f\u043e\u0440\u043d\u043e \u043c\u0430\u043c\u043a\u0438 \u0438\u043d\u0446\u0435\u0441\u0442 hd \u0440\u0443\u0441\u0441\u043a\u043e\u0435 \u0434\u043e\u043c\u0430\u0448\u043d\u0435\u0435 \u0433\u0440\u0443\u043f\u043f\u043e\u0432\u043e\u0435 \u0444\u043e\u0442\u043e. [&hellip;]<\/p>\n","protected":false},"author":2,"featured_media":0,"parent":0,"menu_order":0,"comment_status":"closed","ping_status":"closed","template":"","meta":{"footnotes":""},"class_list":["post-579","page","type-page","status-publish","hentry"],"_links":{"self":[{"href":"https:\/\/www.optimiseconsulting.eu\/index.php\/wp-json\/wp\/v2\/pages\/579","targetHints":{"allow":["GET"]}}],"collection":[{"href":"https:\/\/www.optimiseconsulting.eu\/index.php\/wp-json\/wp\/v2\/pages"}],"about":[{"href":"https:\/\/www.optimiseconsulting.eu\/index.php\/wp-json\/wp\/v2\/types\/page"}],"author":[{"embeddable":true,"href":"https:\/\/www.optimiseconsulting.eu\/index.php\/wp-json\/wp\/v2\/users\/2"}],"replies":[{"embeddable":true,"href":"https:\/\/www.optimiseconsulting.eu\/index.php\/wp-json\/wp\/v2\/comments?post=579"}],"version-history":[{"count":0,"href":"https:\/\/www.optimiseconsulting.eu\/index.php\/wp-json\/wp\/v2\/pages\/579\/revisions"}],"wp:attachment":[{"href":"https:\/\/www.optimiseconsulting.eu\/index.php\/wp-json\/wp\/v2\/media?parent=579"}],"curies":[{"name":"wp","href":"https:\/\/api.w.org\/{rel}","templated":true}]}}