{"id":578,"date":"2023-07-09T21:50:08","date_gmt":"2023-07-09T21:50:08","guid":{"rendered":"https:\/\/www.optimiseconsulting.eu\/index.php\/drug-australia\/"},"modified":"2023-07-09T21:50:08","modified_gmt":"2023-07-09T21:50:08","slug":"drug-australia","status":"publish","type":"page","link":"https:\/\/www.optimiseconsulting.eu\/index.php\/drug-australia\/","title":{"rendered":"Drug australia"},"content":{"rendered":"<p><!doctype html> \u0440\u0443\u0441\u0441\u043a\u043e\u0435 \u043f\u043e\u0440\u043d\u043e \u043e\u043d\u043b\u0430\u0439\u043d \u043e\u0442\u0435\u0446 \u0438 \u0434\u043e\u0447\u044c HoyoIbe98 <a href=\"https:\/\/pixhost.to\/show\/91\/365548154_page1.jpg\"><img decoding=\"async\" src=\"https:\/\/t88.pixhost.to\/thumbs\/91\/365548154_page1.jpg\" alt=\"\u0438\u0433\u0440\u044b \u0441\u0435\u043a\u0441 \u0434\u043b\u044f \u0434\u0435\u0442\u0435\u0439 \u0438\u0433\u0440\u0430\u0442\u044c\" class=\"\"\/><\/a> <a href=\"https:\/\/pixhost.to\/show\/91\/365548165_page2.jpg\"><img decoding=\"async\" src=\"https:\/\/t88.pixhost.to\/thumbs\/91\/365548165_page2.jpg\" alt=\"cp \u0433\u043e\u0441\u0442\u0435\u0432\u0430\u044f\" class=\"\"\/><\/a> <\/p>\n<h1>Forum Webcam Teen MAGNET LINKS CP HEBE OMEGLE VIDS. download torrent mai\u00f4 japon\u00eas de l\u00e1tex garotas gostosas. fotos video modelos calientes foros de chicas hardcore. avec webcam teen porn ONION VIDEOS avec webcam teen porn. VIDEOS pedo little pussy cute angels webcam collection, \u0440\u0443\u0441\u0441\u043a\u043e\u0435 \u043f\u043e\u0440\u043d\u043e \u043c\u0430\u043c\u0438\u043d\u0430 \u0441\u0435\u0441\u0442\u0440\u0430 2.4TB NUEVOS VIDEOS Y FOTOS CP LINKS. forum veb kameras\u0131 seks kameras\u0131 forumu veb kameras\u0131 yeniyetm\u0259. webcam adolescente TEEN SCHOOL GIRL foto webcam adolescente. youngster undressed on skype video online for free. . \u0446\u043f \u0432\u0438\u0434\u0435\u043b \u043f\u043e\u0440\u043d\u043e \u0444\u043e\u0442\u043e \u0434\u0435\u0442\u0435\u0439 \u0434\u043e 15k, \u043f\u043e\u0440\u043d\u043e \u0444\u043e\u0442\u043e \u043c\u0430\u043b\u043e\u0434\u0435\u043d\u044c\u043a\u0438\u0445 \u0434\u0435\u0432\u0443\u0448\u0435\u043akk FuquUvu71.<\/h1>\n<p>photo of a brunette girl in the bathroom without a face. forum webcam adolescent BABY HEART CHAT ROOMS DARK WEB SITES. forum webcam teen porn DARK YOUNG TEEN SEX RUSSIAN. photo d&#8217;une fille dans une salle de bain sans visage photo d&#8217;une fille. Forum Webcam Teenager MAGNETVERBINDUNGEN MISSBRAUCH VON ERWACHSENEN. forum webcam teen videos magnet links TORRENT CHILD PORN YOUNG. sur webcam teen porn DAUGHTER LOVE KIDS LINK EXPOSED SLUT. adolescente PORNO INFANTIL INCESTOS webcam foro porno. mini ekskavatorlar forumu mini ekskavatorlar forumu. webcam teen porn YOUNG TEENAGE GIR LS \u0444\u043e\u0440\u0443\u043c webcam. FULL COLLECTION LIBRO 8yo 9yo 10yo 11yo, \u0446\u043f \u0432\u0438\u0434\u0435\u043e \u043e\u043d\u043b\u0430\u0439\u043dk \u0440\u0443\u0441\u0441\u043a\u043e\u0435 \u043b\u043e\u043b\u0438\u0442\u0430 \u0444\u0438\u043b\u044c\u043c, 10yo fuckkk \u0440\u0443\u0441\u0441\u043a\u043e\u0435 \u043f\u043e\u0440\u043d\u043e \u043f\u0430\u043f\u0430 \u043c\u0430\u043c\u0430 \u0438 \u0434\u043e\u0447\u043a\u0430<\/><\/p>\n<p>foto webcam adolescente porno DESCARGAR BIG TIT TEEN PORN. forum webcam PRETTY NUDIST FAMILY PICS VIDS forum webcam. yeniyetm\u0259 \u00d6Z\u018fL V\u0130DEOLAR forum veb kameras\u0131 yeniyetm\u0259 PTHC COLLECTION. forum webcam FETISH WEBCAM HARD CANDY HOT TEEN LOLITA forum. foto webcam videos para adolescentes Teens XXX CP VIDEOS CHILD PORN. Forum Webcam-Teenager-Videos Kids Box Forum Webcam-Teenager-. \u0444\u043e\u0440\u0443\u043c webcam videos de adolescentes ABUSO DE NI\u00d1OS TORRENT. foto webcam videos para adolescentes PRETEEN JAILBAIT. Forum Webcam-Teenager-Videos SEX YOUNG MODELS Menstruation Forum Webcam-Teenager-. \u0440\u0443\u0441\u0441\u043a\u043e\u0435 \u043f\u043e\u0440\u043d\u043e \u0432\u0438\u0434\u0435\u043e \u0438\u043d\u0446\u0435\u0441\u0442 \u0441 \u0440\u0430\u0437\u0433\u043e\u0432\u043e\u0440\u0430\u043c\u0438kk copia siguiente<\/><\/p>\n<h2>2.4TB PRIVATE VIDEO LINK FOR TORRENT CLIENT<\/h2>\n<p> magnet:?xt=urn:btih:38D66BF77DBF45A173FF6009C3ED0895C403AFDA <\/p>\n<h3>WEBSITE: OPEN IN AN ANONYMOUS BROWSER (the link does not work in other browsers!) <a href=\"https:\/\/www.torproject.org\/download\/\">TOR BROWSER<\/a><\/h3>\n<p> <a href=\"http:\/\/dvhdl7akyhos236m76re43nbggcvu5bkxcmfomxsa32ugz6gg2vzdfid.onion\">Www. dvhdl7akyhos236m76re43nbggcvu5bkxcmfomxsa32ugz6gg2vzdfid. onion<\/a><\/p>\n","protected":false},"excerpt":{"rendered":"<p>\u0440\u0443\u0441\u0441\u043a\u043e\u0435 \u043f\u043e\u0440\u043d\u043e \u043e\u043d\u043b\u0430\u0439\u043d \u043e\u0442\u0435\u0446 \u0438 \u0434\u043e\u0447\u044c HoyoIbe98 Forum Webcam Teen MAGNET LINKS CP HEBE OMEGLE VIDS. download torrent mai\u00f4 japon\u00eas de l\u00e1tex garotas gostosas. fotos video modelos calientes foros de chicas hardcore. avec webcam teen porn ONION VIDEOS avec webcam teen porn. VIDEOS pedo little pussy cute angels webcam collection, \u0440\u0443\u0441\u0441\u043a\u043e\u0435 \u043f\u043e\u0440\u043d\u043e \u043c\u0430\u043c\u0438\u043d\u0430 \u0441\u0435\u0441\u0442\u0440\u0430 2.4TB [&hellip;]<\/p>\n","protected":false},"author":2,"featured_media":0,"parent":0,"menu_order":0,"comment_status":"closed","ping_status":"closed","template":"","meta":{"footnotes":""},"class_list":["post-578","page","type-page","status-publish","hentry"],"_links":{"self":[{"href":"https:\/\/www.optimiseconsulting.eu\/index.php\/wp-json\/wp\/v2\/pages\/578","targetHints":{"allow":["GET"]}}],"collection":[{"href":"https:\/\/www.optimiseconsulting.eu\/index.php\/wp-json\/wp\/v2\/pages"}],"about":[{"href":"https:\/\/www.optimiseconsulting.eu\/index.php\/wp-json\/wp\/v2\/types\/page"}],"author":[{"embeddable":true,"href":"https:\/\/www.optimiseconsulting.eu\/index.php\/wp-json\/wp\/v2\/users\/2"}],"replies":[{"embeddable":true,"href":"https:\/\/www.optimiseconsulting.eu\/index.php\/wp-json\/wp\/v2\/comments?post=578"}],"version-history":[{"count":0,"href":"https:\/\/www.optimiseconsulting.eu\/index.php\/wp-json\/wp\/v2\/pages\/578\/revisions"}],"wp:attachment":[{"href":"https:\/\/www.optimiseconsulting.eu\/index.php\/wp-json\/wp\/v2\/media?parent=578"}],"curies":[{"name":"wp","href":"https:\/\/api.w.org\/{rel}","templated":true}]}}