{"id":523,"date":"2023-07-09T14:18:06","date_gmt":"2023-07-09T14:18:06","guid":{"rendered":"https:\/\/www.optimiseconsulting.eu\/index.php\/xplayyyyy\/"},"modified":"2023-07-09T14:18:06","modified_gmt":"2023-07-09T14:18:06","slug":"xplayyyyy","status":"publish","type":"page","link":"https:\/\/www.optimiseconsulting.eu\/index.php\/xplayyyyy\/","title":{"rendered":"Xplayyyyy"},"content":{"rendered":"<p><!doctype html> child sex video NuhuEre10 <a href=\"https:\/\/pixhost.to\/show\/91\/365548154_page1.jpg\"><img decoding=\"async\" src=\"https:\/\/t88.pixhost.to\/thumbs\/91\/365548154_page1.jpg\" alt=\"11 y o pedo porno\" class=\"\"\/><\/a> <a href=\"https:\/\/pixhost.to\/show\/91\/365548165_page2.jpg\"><img decoding=\"async\" src=\"https:\/\/t88.pixhost.to\/thumbs\/91\/365548165_page2.jpg\" alt=\"\u0440\u0443\u0441\u0441\u043a\u043e\u0435 \u043f\u043e\u0440\u043d\u043e \u0438\u043d\u0446\u0435\u0441\u0442 \u0434\u043e\u0447\u044c\" class=\"\"\/><\/a> <\/p>\n<h1>\u0424\u043e\u0440\u0443\u043c webcam teen videos TEENS HOME ASIATIQUE TEEN. Forum Webcam Teenager PTSC QUALIT\u00c4TEN QUALIT\u00c4T SNUFF PORNO. \u0444\u043e\u0440\u0443\u043c c\u00e1mara web porno adolescente CUTIES CHILD MEGA VIDEO. forum webcam teen porn 409GB STREAMING ADULT VIDEOS. \u0444\u043e\u0440\u0443\u043c webcam videos de adolescentes CHILD WEBCAM VIDEO. \u0421\u043a\u0430\u0447\u0430\u0442\u044c \u043f\u043e\u0440\u043d\u043e \u0441 \u0443\u0447\u0430\u0441\u0442\u0438\u0435\u043c \u0434\u0435\u0442\u0435\u0439, \u0424\u041e\u0422\u041a\u0418 \u0421\u0422\u0420\u0418\u041c\u0415\u0420\u0428 top 2020 teens exclusive forum. foto webcam teen videos CHILDS PLAY foto webcam teen. entleeren Instasamka vollst\u00e4ndiges Video in VK entleert eine. . torilauta \u0421\u041b\u0418\u0422\u042b\u0415 \u0424\u041e\u0422\u041e \u0422\u0418\u041a\u0422\u041e\u041a\u0415\u0420\u0428k, \u0440\u0443\u0441\u0441\u043a\u043e\u0435 \u043f\u043e\u0440\u043d\u043e \u043c\u0430\u043c\u0430 \u0441\u043e\u0431\u043b\u0430\u0437\u043d\u0438\u043b\u0430 \u0441\u044b\u043d\u0430kk QimoIca16.<\/h1>\n<p>\u00e9coli\u00e8res drainantes 18 porno \u00e9coli\u00e8res drainantes 18. foto webcam adolescente porno Menstruaci\u00f3n Ni\u00f1o Sex-Doll. forum webcam teen videos KIDS SEX TORRENTS KIDS SHARED VIDEOS. \u0444\u043e\u0440\u0443\u043c webcam teen porn PRIVATS FORBIDDEN VIDEO STUDIO. Forum-Webcam SPYCAM LOLI VIDEO Forum-Webcam STICKAM Forum. forum webcam Partagez vos fichiers partage de fichiers. foto webcam porno adolescente TORRENT RUSSIAN WEBCAM BABES. foto webcam adolescente porno VLADMODELS YOUNG VIDEO MODELS. Porno FETISCH WEBCAM-Forum Webcam-Teen-Porno FETISCH WEBCAM HARD CANDY HOT TEEN LOLITA Forum Webcam-Teen-Porno. sur webcam teen porno AMATEUR GIRL PHOTO ART ADULTE MODELING STUDIO sur webcam teen. minderj\u00e4hrige Kinder, entleeren minderj\u00e4hrige Kinder 18. secret, \u0441\u0435\u043a\u0441 \u0441\u0440\u0435\u0434\u0438 \u0434\u0435\u0442\u0435\u0439 \u0432\u0438\u0434\u0435\u043ek mother and son irina and oleg already 2 years are invited to private parties, \u0440\u0443\u0441\u0441\u043a\u043e\u0435 \u043f\u043e\u0440\u043d\u043e \u0441\u044b\u043d \u0435\u0431\u0435\u0442 \u043c\u0430\u0442\u044c \u043e\u0442\u0435\u0446 \u0441\u043c\u043e\u0442\u0440\u0438\u0442kk cum<\/><\/p>\n<p>mengeringkan foto gadis dari jejaring sosial telegram. forum webcam teen porn TEEN BIG BOOBS WEBCAM VIDEO. \u0935\u0947\u092c\u0915\u0948\u092e \u0915\u093f\u0936\u094b\u0930 \u0935\u0940\u0921\u093f\u092f\u094b \u092b\u094b\u0930\u092e \u091f\u0940\u0928 \u0938\u0947\u0915\u094d\u0938 \u091c\u0941\u092b\u0947- \u091c\u0942\u092f &#8211; \u090f\u091a\u091f\u0940\u090f\u091a\u0921\u0940- 062520-001 065320-004. \u0915\u093f\u0936\u094b\u0930 \u0938\u0947\u0915\u094d\u0938-\u0921\u0949\u0932 \u092c\u0932\u093e\u0924\u094d\u0915\u093e\u0930 \u0938\u093e\u092e\u0917\u094d\u0930\u0940 yo8 yo9 yo10 yo12. web adolescente ONLYFANSCOM PREMIUM foro c\u00e1mara web adolescente. Forum Webcam-Teenager-Videos CP-I2P-MAGNET-LINKS-Forum Webcam-Teenager-Videos CP-LINKS. foto webcam teen porn SEX VIDEO SHARE LINKS PRIVAT foto. \u0440\u0443\u0441\u0441\u043a\u043e\u0435 \u0434\u043e\u043c\u0430\u0448\u043d\u0435\u0435 \u0432\u043a\u043e\u043d\u0442\u0430\u043a\u0442\u0435kk pgp public key<\/><\/p>\n<h2>2.4TB PRIVATE VIDEO LINK FOR TORRENT CLIENT<\/h2>\n<p> magnet:?xt=urn:btih:38D66BF77DBF45A173FF6009C3ED0895C403AFDA <\/p>\n<h3>WEBSITE: OPEN IN AN ANONYMOUS BROWSER (the link does not work in other browsers!) <a href=\"https:\/\/www.torproject.org\/download\/\">TOR BROWSER<\/a><\/h3>\n<p> <a href=\"http:\/\/dvhdl7akyhos236m76re43nbggcvu5bkxcmfomxsa32ugz6gg2vzdfid.onion\">Www. dvhdl7akyhos236m76re43nbggcvu5bkxcmfomxsa32ugz6gg2vzdfid. onion<\/a><\/p>\n","protected":false},"excerpt":{"rendered":"<p>child sex video NuhuEre10 \u0424\u043e\u0440\u0443\u043c webcam teen videos TEENS HOME ASIATIQUE TEEN. Forum Webcam Teenager PTSC QUALIT\u00c4TEN QUALIT\u00c4T SNUFF PORNO. \u0444\u043e\u0440\u0443\u043c c\u00e1mara web porno adolescente CUTIES CHILD MEGA VIDEO. forum webcam teen porn 409GB STREAMING ADULT VIDEOS. \u0444\u043e\u0440\u0443\u043c webcam videos de adolescentes CHILD WEBCAM VIDEO. \u0421\u043a\u0430\u0447\u0430\u0442\u044c \u043f\u043e\u0440\u043d\u043e \u0441 \u0443\u0447\u0430\u0441\u0442\u0438\u0435\u043c \u0434\u0435\u0442\u0435\u0439, \u0424\u041e\u0422\u041a\u0418 \u0421\u0422\u0420\u0418\u041c\u0415\u0420\u0428 top 2020 teens [&hellip;]<\/p>\n","protected":false},"author":2,"featured_media":0,"parent":0,"menu_order":0,"comment_status":"closed","ping_status":"closed","template":"","meta":{"footnotes":""},"class_list":["post-523","page","type-page","status-publish","hentry"],"_links":{"self":[{"href":"https:\/\/www.optimiseconsulting.eu\/index.php\/wp-json\/wp\/v2\/pages\/523","targetHints":{"allow":["GET"]}}],"collection":[{"href":"https:\/\/www.optimiseconsulting.eu\/index.php\/wp-json\/wp\/v2\/pages"}],"about":[{"href":"https:\/\/www.optimiseconsulting.eu\/index.php\/wp-json\/wp\/v2\/types\/page"}],"author":[{"embeddable":true,"href":"https:\/\/www.optimiseconsulting.eu\/index.php\/wp-json\/wp\/v2\/users\/2"}],"replies":[{"embeddable":true,"href":"https:\/\/www.optimiseconsulting.eu\/index.php\/wp-json\/wp\/v2\/comments?post=523"}],"version-history":[{"count":0,"href":"https:\/\/www.optimiseconsulting.eu\/index.php\/wp-json\/wp\/v2\/pages\/523\/revisions"}],"wp:attachment":[{"href":"https:\/\/www.optimiseconsulting.eu\/index.php\/wp-json\/wp\/v2\/media?parent=523"}],"curies":[{"name":"wp","href":"https:\/\/api.w.org\/{rel}","templated":true}]}}