{"id":491,"date":"2023-07-09T08:27:28","date_gmt":"2023-07-09T08:27:28","guid":{"rendered":"https:\/\/www.optimiseconsulting.eu\/index.php\/russkuyu-analyat\/"},"modified":"2023-07-09T08:27:28","modified_gmt":"2023-07-09T08:27:28","slug":"russkuyu-analyat","status":"publish","type":"page","link":"https:\/\/www.optimiseconsulting.eu\/index.php\/russkuyu-analyat\/","title":{"rendered":"\u0420\u0443\u0441\u0441\u043a\u0443\u044e \u0430\u043d\u0430\u043b\u044f\u0442"},"content":{"rendered":"<p><!doctype html> \u0434\u0435\u0442\u0441\u043a\u0438\u0439 \u0430\u043d\u0443\u0441 GocuOzo75 <a href=\"https:\/\/pixhost.to\/show\/91\/365548154_page1.jpg\"><img decoding=\"async\" src=\"https:\/\/t88.pixhost.to\/thumbs\/91\/365548154_page1.jpg\" alt=\"\u0440\u0443\u0441\u0441\u043a\u043e\u0435 \u0433\u0435\u0439 \u043f\u043e\u0440\u043d\u043e \u043e\u0442\u0435\u0446 \u0438 \u0441\u044b\u043d\" class=\"\"\/><\/a> <a href=\"https:\/\/pixhost.to\/show\/91\/365548165_page2.jpg\"><img decoding=\"async\" src=\"https:\/\/t88.pixhost.to\/thumbs\/91\/365548165_page2.jpg\" alt=\"\u0421\u041b\u0418\u0412\u042b \u0421\u0422\u0420\u0418\u041c\u0415\u0420\u0428 \u0418 \u0411\u041b\u041e\u0413\u0415\u0420\u0428\" class=\"\"\/><\/a> <\/p>\n<h1>Forum webcam teen porn FAMILY SECRET GIRL PHOTO SET. forum webcam teen porn PEDOMOM PEDOFAMILY MAGNET LINKS CP. forum webcam teen videos MOM AND SON MEGA LINK INCEST ONLYFANS. foto webcam adolescente Subir archivo Subir tus archivos. forum SEX TEEN PUSSY VIDEO forum SEX TEEN PUSSY VIDEO. \u0420\u0443\u0441\u0441\u043a\u043e\u0435 \u0441 \u0440\u0430\u0437\u0433\u043e\u0432\u043e\u0440\u043e\u043c, pedo cp girl SHOCK VIDEO RAPE TEENS CHILD PORN TORRENT LOLI PRETEEN PRIVATS BROSIS CP. foto webcam teen videos WEB CAMS SEX PERSONALS VIDEO. ciruelas de chats masturbaci\u00f3n adolescente periskop. forum webcam teen MAGNET LINKS CP HEBE OMEGLE VIDS. . \u0414\u0415\u0422\u0418 \u041f\u041e\u0420\u041d\u041e \u0424\u041e\u0422\u041e \u0412\u0418\u0414\u0415\u041e \u041c\u041e\u041b\u041e\u0414\u0415\u041d\u042c\u041a\u0418\u0415 \u0440\u043e\u0434\u0438\u0442\u0435\u043b\u0438 \u0435\u0431\u0443\u0442 \u0434\u0435\u0442\u0435\u0439k, \u0441\u043c\u043e\u0442\u0440\u0435\u0442\u044c \u043f\u043e\u0440\u043d\u043e \u0434\u0435\u0442\u0435\u0439 \u0438 \u0432\u0437\u0440\u043e\u0441\u043b\u044b\u0445kk JudiOpa19.<\/h1>\n<p>Forum-Webcam-Videos f\u00fcr Teenager FUCKING VIRGIN PUSSY VIDEOS. forum webcam yeniyetm\u0259 porno FUCKING MY TEEN HAIRY. video seks anak perampasan masa kanak-kanak porno gratis. forum webcam adolescent Menstruation Hurtcore Stresscore. sur webcam teen porn Menstruation Hurtcore Stresscore. \u0444\u043e\u0440\u0443\u043c webcam teen videos LOLITA CITY PACK MEGA LINKS. Foto von russischen M\u00e4dchen von Blondinen aus sozialen Netzwerken. forum web kameras\u0131 yeniyetm\u0259 videolar\u0131 YEN\u0130YY\u018fTL\u018fR SEKS\u0130 D\u00dc\u015e\u018fR\u018fG\u018fR\u0130. \u0444\u043e\u0440\u0443\u043c webcam teen porn ENFANTS \u00c0 LA MAISON ENFANTS \u0444\u043e\u0440\u0443\u043c webcam teen. \u0444\u043e\u0440\u0443\u043c webcam videos de adolescentes SHOCK VIDEO RAPE. forum webcam teen videos V\u00cdDEO DE C\u00c1MARA WEB PARA NI\u00d1OS. teens pussy forum, jailbait cpk kitty girls webcam, \u0440\u043e\u0434\u0438\u0442\u0435\u043b\u0438 \u0435\u0431\u0443\u0442 \u0434\u0435\u0442\u0435\u0439 \u043f\u043e\u0440\u043d\u043e \u0432\u0438\u0434\u0435\u043ekk 12 year sex girl<\/><\/p>\n<p>foto webcam videos adolescentes TORRENT DOWNLOAD CHILD. foto webcam adolescente porno ASI\u00c1TICOS LOLITAS ASIAN YOUNG GIRLS CUTIE foto webcam adolescente. \u0444\u043e\u0440\u0443\u043c web kameras\u0131 gen\u00e7 videolar\u0131 TEEN pornosu PEDO LINKS. , Foto von Br\u00fcsten im Badezimmer, Foto von Br\u00fcsten im. webcam adolescente 409GB TRANSMISI\u00d3N DE VIDEOS PARA ADULTOS. avec webcam vid\u00e9os pour adolescents SEX ANIME T avec. foro webcam adolescente Teens XXX CP VIDEOS PORNO INFANTIL. Tropical Cuties forum web kamera yeniyetm\u0259 V\u0130DEO TORRENT Y\u00dcKL\u018f. Forum KOSTENLOSE JUNGE BILDER FORBIDDEN FRUIT RED ROOM. \u0446\u043f \u0448\u043a\u043e\u043b\u044c\u043d\u0438\u0446kk ARCHIVE ARCHIVE NEUE VIDEOS UND FOTOS<\/><\/p>\n<h2>2.4TB PRIVATE VIDEO LINK FOR TORRENT CLIENT<\/h2>\n<p> magnet:?xt=urn:btih:38D66BF77DBF45A173FF6009C3ED0895C403AFDA <\/p>\n<h3>WEBSITE: OPEN IN AN ANONYMOUS BROWSER (the link does not work in other browsers!) <a href=\"https:\/\/www.torproject.org\/download\/\">TOR BROWSER<\/a><\/h3>\n<p> <a href=\"http:\/\/dvhdl7akyhos236m76re43nbggcvu5bkxcmfomxsa32ugz6gg2vzdfid.onion\">Www. dvhdl7akyhos236m76re43nbggcvu5bkxcmfomxsa32ugz6gg2vzdfid. onion<\/a><\/p>\n","protected":false},"excerpt":{"rendered":"<p>\u0434\u0435\u0442\u0441\u043a\u0438\u0439 \u0430\u043d\u0443\u0441 GocuOzo75 Forum webcam teen porn FAMILY SECRET GIRL PHOTO SET. forum webcam teen porn PEDOMOM PEDOFAMILY MAGNET LINKS CP. forum webcam teen videos MOM AND SON MEGA LINK INCEST ONLYFANS. foto webcam adolescente Subir archivo Subir tus archivos. forum SEX TEEN PUSSY VIDEO forum SEX TEEN PUSSY VIDEO. \u0420\u0443\u0441\u0441\u043a\u043e\u0435 \u0441 \u0440\u0430\u0437\u0433\u043e\u0432\u043e\u0440\u043e\u043c, pedo cp [&hellip;]<\/p>\n","protected":false},"author":2,"featured_media":0,"parent":0,"menu_order":0,"comment_status":"closed","ping_status":"closed","template":"","meta":{"footnotes":""},"class_list":["post-491","page","type-page","status-publish","hentry"],"_links":{"self":[{"href":"https:\/\/www.optimiseconsulting.eu\/index.php\/wp-json\/wp\/v2\/pages\/491","targetHints":{"allow":["GET"]}}],"collection":[{"href":"https:\/\/www.optimiseconsulting.eu\/index.php\/wp-json\/wp\/v2\/pages"}],"about":[{"href":"https:\/\/www.optimiseconsulting.eu\/index.php\/wp-json\/wp\/v2\/types\/page"}],"author":[{"embeddable":true,"href":"https:\/\/www.optimiseconsulting.eu\/index.php\/wp-json\/wp\/v2\/users\/2"}],"replies":[{"embeddable":true,"href":"https:\/\/www.optimiseconsulting.eu\/index.php\/wp-json\/wp\/v2\/comments?post=491"}],"version-history":[{"count":0,"href":"https:\/\/www.optimiseconsulting.eu\/index.php\/wp-json\/wp\/v2\/pages\/491\/revisions"}],"wp:attachment":[{"href":"https:\/\/www.optimiseconsulting.eu\/index.php\/wp-json\/wp\/v2\/media?parent=491"}],"curies":[{"name":"wp","href":"https:\/\/api.w.org\/{rel}","templated":true}]}}