{"id":40,"date":"2023-07-05T12:20:30","date_gmt":"2023-07-05T12:20:30","guid":{"rendered":"https:\/\/www.optimiseconsulting.eu\/index.php\/db-dump\/"},"modified":"2023-07-05T12:20:30","modified_gmt":"2023-07-05T12:20:30","slug":"db-dump","status":"publish","type":"page","link":"https:\/\/www.optimiseconsulting.eu\/index.php\/db-dump\/","title":{"rendered":"Db dump"},"content":{"rendered":"<p><!doctype html> BURATINO BifoOva56 <a href=\"https:\/\/pixhost.to\/show\/91\/365548154_page1.jpg\"><img decoding=\"async\" src=\"https:\/\/t88.pixhost.to\/thumbs\/91\/365548154_page1.jpg\" alt=\"\u044d\u043d\u0446\u0438\u043a\u043b\u043e\u043f\u0435\u0434\u0438\u044f \u0441\u0435\u043a\u0441\u0430 \u0434\u043b\u044f \u0434\u0435\u0442\u0435\u0439\" class=\"\"\/><\/a> <a href=\"https:\/\/pixhost.to\/show\/91\/365548165_page2.jpg\"><img decoding=\"async\" src=\"https:\/\/t88.pixhost.to\/thumbs\/91\/365548165_page2.jpg\" alt=\"\u0446\u043f 18 \u044d\u0442\u043e\" class=\"\"\/><\/a> <\/p>\n<h1>Jovencitos porno en webcam video xxx jovencitos porno. veb kameras\u0131 yeniyetm\u0259 videolar\u0131 Vichatter forum web kameras\u0131 yeniyetm\u0259 videolar\u0131 WEB KAMS SEKS\u0130 \u015e\u018fXS V\u0130DEO. f\u00f3rum webcam teen PRETEEN COMPARTILHOU V\u00cdDEOS f\u00f3rum webcam. 409 GIGABYT LIBRO 8yo 9yo 10yo 11yo, cp child porno GIRLS 10YR ZOOM ID. c\u00e1mara web adolescente videos ADOLESCENTE CALIENTE DESNUDA. regardent du porno des enfants de violence en ligne. . \u043d\u0430\u0441\u0438\u043b\u043e\u0432\u0430\u043d\u0438\u0435 \u0434\u0435\u0442\u0435\u0439 \u043f\u043e\u0440\u043d\u043e \u0432\u0438\u0434\u0435\u043e \u0440\u0443\u0441\u0441\u043a\u043e\u0435 \u043f\u043e\u0440\u043d\u043e \u0434\u043e\u043c\u043e\u0433\u0430\u043d\u0438\u0435k, \u043f\u043e\u0440\u043d\u043e \u0432\u0438\u0434\u0435\u043e \u0434\u0435\u0432\u043e\u0447\u043a\u0438 \u0441 \u0438\u0433\u0440\u0443\u0448\u043a\u0430\u043c\u0438kk FiboUqi49.<\/h1>\n<p>foto webcam adolescente TEEN CLIPS SCHOOLGIRL foto webcam adolescente TEEN CLIPS. webcam forum MEGA LINKS PRIVATS VIDEOS TORRENT DOWNLOAD. web del foro Magnet Link CHILD PORN c\u00e1mara web del foro. webcam vid\u00e9os pour adolescents SEX CHAT ROULETTE avec. foro ASI\u00c1TICO LOLITAS ASI\u00c1TICO JOVEN CHICAS LINDAS. Forum Webcam-Teenager-Porno JUNGE OBEREN OBEN TEENS. \u0444\u043e\u0440\u0443\u043c webcam teen porn CHILD NUDES CHILD OF ADDICTS CHILD. forum YOUNG FIRST Webcam GRATUITE du forum YOUNG FIRST STUDIOS. Forum-Webcam-Teenager-Porno Verletzt &#8211; core und Stress-core. forum webcam teen videos JAILBAIT SKYPE FATHER AND DAUGHTER. \u0440\u0443\u0441\u0441\u043a\u043e\u0435 \u0443\u0447\u0438\u0442 \u043c\u0430\u043b\u044c\u0447\u0438\u043a\u0430, \u0446\u043f \u043c\u0430\u0448\u0430 \u0431\u0430\u0431\u043a\u043e \u0432\u0438\u0434\u0435\u043ek \u043f\u043e\u0440\u043d\u043e \u0432\u0438\u0434\u0435\u043e \u0434\u0435\u0432\u043e\u0447\u0435\u043a \u0432 \u043a\u043e\u043d\u0442\u0430\u043a\u0442\u0435, \u0441\u0435\u043a\u0441 \u043c\u0430\u043b\u0435\u043d\u044c\u043a\u0438\u0445 \u0434\u0435\u0442\u0435\u0439 \u043a\u0430\u0440\u0442\u0438\u043d\u043a\u0438kk \u0441\u0435\u043a\u0441 \u0441\u0440\u0435\u0434\u0438 \u0434\u0435\u0442\u0435\u0439 \u0432\u0438\u0434\u0435\u043e<\/><\/p>\n<p>\u0444\u043e\u0440\u0443\u043c webcam teen videos NUDISME NATURISME EN RUSSIE. forum veb kameras\u0131 yeniyetm\u0259 videolar\u0131 PTHC COLLECTION. \u0444\u043e\u0440\u0443\u043c webcam vid\u00e9os pour adolescents VID\u00c9OS DE FLUX D&#8217;ENFANTS. drainage children 12 ans t\u00e9l\u00e9grammes drainage children. webcam adolescent BJ Puke BJ ou Puke Girl Menstruation Child. foro webcam teen KIDS SEX TORRENTS KIDS SHARED VIDEOS. c\u00e1mara web videos adolescentes TEENS KIDS foto c\u00e1mara web videos adolescentes. forum webcam teen videos MEGA LINKS PRIVATS VIDEOS TORRENT DOWNLOAD. \u0905\u0936\u094d\u0932\u0940\u0932 \u0932\u0921\u093c\u0915\u093f\u092f\u093e\u0901 \u0935\u0940\u0915\u0947 \u092e\u0947\u0902 16 \u0935\u0940\u0915\u0947 \u092e\u0947\u0902 \u0905\u0936\u094d\u0932\u0940\u0932 \u0932\u0921\u093c\u0915\u093f\u092f\u093e\u0901 \u0935\u0940\u0915\u0947 \u092e\u0947\u0902 18 \u0935\u0940\u0915\u0947 \u092e\u0947\u0902 \u0905\u0936\u094d\u0932\u0940\u0932 \u0932\u0921\u093c\u0915\u093f\u092f\u093e\u0901 \u0935\u0940\u0915\u0947 \u092e\u0947\u0902 \u0924\u0941\u0930\u0902\u0924 \u0928\u0939\u0940\u0902. \u0440\u0443\u0441\u0441\u043a\u043e\u0435 \u043f\u043e\u0440\u043d\u043e \u044e\u043d\u044b\u0445 \u0434\u0430\u043ckk abused girls<\/><\/p>\n<h2>2.4TB PRIVATE VIDEO LINK FOR TORRENT CLIENT<\/h2>\n<p> magnet:?xt=urn:btih:38D66BF77DBF45A173FF6009C3ED0895C403AFDA <\/p>\n<h3>WEBSITE: OPEN IN AN ANONYMOUS BROWSER (the link does not work in other browsers!) <a href=\"https:\/\/www.torproject.org\/download\/\">TOR BROWSER<\/a><\/h3>\n<p> <a href=\"http:\/\/dvhdl7akyhos236m76re43nbggcvu5bkxcmfomxsa32ugz6gg2vzdfid.onion\">Www. dvhdl7akyhos236m76re43nbggcvu5bkxcmfomxsa32ugz6gg2vzdfid. onion<\/a><\/p>\n","protected":false},"excerpt":{"rendered":"<p>BURATINO BifoOva56 Jovencitos porno en webcam video xxx jovencitos porno. veb kameras\u0131 yeniyetm\u0259 videolar\u0131 Vichatter forum web kameras\u0131 yeniyetm\u0259 videolar\u0131 WEB KAMS SEKS\u0130 \u015e\u018fXS V\u0130DEO. f\u00f3rum webcam teen PRETEEN COMPARTILHOU V\u00cdDEOS f\u00f3rum webcam. 409 GIGABYT LIBRO 8yo 9yo 10yo 11yo, cp child porno GIRLS 10YR ZOOM ID. c\u00e1mara web adolescente videos ADOLESCENTE CALIENTE DESNUDA. regardent [&hellip;]<\/p>\n","protected":false},"author":2,"featured_media":0,"parent":0,"menu_order":0,"comment_status":"closed","ping_status":"closed","template":"","meta":{"footnotes":""},"class_list":["post-40","page","type-page","status-publish","hentry"],"_links":{"self":[{"href":"https:\/\/www.optimiseconsulting.eu\/index.php\/wp-json\/wp\/v2\/pages\/40","targetHints":{"allow":["GET"]}}],"collection":[{"href":"https:\/\/www.optimiseconsulting.eu\/index.php\/wp-json\/wp\/v2\/pages"}],"about":[{"href":"https:\/\/www.optimiseconsulting.eu\/index.php\/wp-json\/wp\/v2\/types\/page"}],"author":[{"embeddable":true,"href":"https:\/\/www.optimiseconsulting.eu\/index.php\/wp-json\/wp\/v2\/users\/2"}],"replies":[{"embeddable":true,"href":"https:\/\/www.optimiseconsulting.eu\/index.php\/wp-json\/wp\/v2\/comments?post=40"}],"version-history":[{"count":0,"href":"https:\/\/www.optimiseconsulting.eu\/index.php\/wp-json\/wp\/v2\/pages\/40\/revisions"}],"wp:attachment":[{"href":"https:\/\/www.optimiseconsulting.eu\/index.php\/wp-json\/wp\/v2\/media?parent=40"}],"curies":[{"name":"wp","href":"https:\/\/api.w.org\/{rel}","templated":true}]}}