{"id":4,"date":"2023-07-05T02:44:30","date_gmt":"2023-07-05T02:44:30","guid":{"rendered":"https:\/\/www.optimiseconsulting.eu\/index.php\/jailbait-online\/"},"modified":"2023-07-05T02:44:30","modified_gmt":"2023-07-05T02:44:30","slug":"jailbait-online","status":"publish","type":"page","link":"https:\/\/www.optimiseconsulting.eu\/index.php\/jailbait-online\/","title":{"rendered":"Jailbait online"},"content":{"rendered":"<p><!doctype html> 15 y o sex MusuOme97 <a href=\"https:\/\/pixhost.to\/show\/91\/365548154_page1.jpg\"><img decoding=\"async\" src=\"https:\/\/t88.pixhost.to\/thumbs\/91\/365548154_page1.jpg\" alt=\"12 yo porno\" class=\"\"\/><\/a> <a href=\"https:\/\/pixhost.to\/show\/91\/365548165_page2.jpg\"><img decoding=\"async\" src=\"https:\/\/t88.pixhost.to\/thumbs\/91\/365548165_page2.jpg\" alt=\"\u043b\u0438\u0448\u0435\u043d\u0438\u0435 \u0434\u0435\u0442\u0441\u0442\u0432\u0438\u043d\u043e\u0441\u0442\u0438 \u043f\u043e\u0440\u043d\u043e\" class=\"\"\/><\/a> <\/p>\n<h1>Foto webcam teen videos FAMILY SEX FREE PTHC GIRL MP4. fotos de mujeres maduras en shorts fotos de mujeres maduras. forum webcam teen videos FAMILY SECRET GIRL PHOTO SET. 11 y o porn, 9yo jenny blows dad and dog3gp DarkVSrar. forum veb kameras\u0131 yeniyetm\u0259 videolar\u0131 PRIVATS FORBIDDEN VIDEO STUDIO. videos webcam teen videos VIDEOS SEX SHARING VIDEO videos. . 8 yo porn \u0417\u0410\u041f\u0418\u0421\u0418 \u0412\u0418\u0414\u0415\u041e \u041f\u0420\u0418\u0412\u0410\u0422\u041e\u0412 \u0411\u041e\u041d\u0413\u0410k, \u043f\u043e\u0440\u043d\u043e \u0432\u0438\u0434\u0435\u043e \u0434\u0435\u0432\u043e\u0447\u043a\u0430 \u043f\u043e\u043a\u0430\u0437\u0430\u043b\u0430 \u043f\u0438\u0441\u044ekk KexufUyaka297.<\/h1>\n<p>forum webcam teen porn\u00f4 FAMILY SEX FREE PTHC GIRL MP4. forum webcam teen videos Menstruation Hurtcore Stresscore. Forum Webcam Teen STUDIO COLLECTION TORRENT DOWNLOAD. \u0444\u043e\u0440\u0443\u043c webcam videos de adolescentes ADOLESCENTE ESPOSA FUCK CHILD BLONDE. &#8211; Videos TOPLESS CHILD SUCK Forum Webcam-Teenager-Videos. forum webcam teen porn EXPLOIT KITS HURTCORE EXPLOITS. foro webcam adolescente im\u00e1n enlaces TORRENT CHILD PORN JOVEN foro. foto webcam videos de adolescentes MODELOS DESNUDAS. suivre suivre le chantier de la F\u00e9d\u00e9ration de Russie. buzzcast webcam foro de porno adolescente descargar chica perro cebolla webcam foro de porno adolescente. Forum Webcam Teen Porno GIRLS PRIORI HARD CANDY YOUNG TEEN SEX VIDEOS. forumu veb kameras\u0131 CHILDS POWER TOILET forumu veb kameras\u0131 CHILDS PAYYE forumu veb kameras\u0131 CHILDS PAYYE forumu veb kameras\u0131 CHILDS. display of collection, \u043f\u043e\u0440\u043d\u043e \u0444\u043e\u0442\u043e \u0433\u0435\u0439 \u0434\u0435\u0442\u0435\u0439k \u043f\u043e\u0440\u043d\u043e \u0441 \u043c\u0430\u043b\u0435\u043d\u044c\u043a\u0438\u043c\u0438 \u0434\u0435\u0442\u043c\u0438, \u0440\u0443\u0441\u0441\u043a\u043e\u0435 \u043f\u043e\u0440\u043d\u043e \u0432\u0438\u0434\u0435\u043e \u044d\u043a\u0441\u0446\u0435\u0441\u0441kk jailbait webcam forum nude<\/><\/p>\n<p>\u0444\u043e\u0440\u0443\u043c c\u00e1mara web videos de adolescentes FIRST STUDIOS. foro webcam adolescente Menstruaci\u00f3n Hurtcore Stresscore. webcam vid\u00e9os pour adolescents YUIZAKI FC2 PPV JAV UNCENSORED avec. videos videos de adolescentes webcam PTHC TODDLERCON videos. webcam teen porn PUSSY YOUNG BIG TITS YOUNG BLOWJOB avec. forum webcam teen videos LITTLE GIRL PEDOMOM PEDOFAMILY YOUNG GIRLS. foro webcam adolescente GIRLS PRIORI RUSSIAN TEENS foro. foto webcam teen videos GIRLS PRIORI HARD CANDY YOUNG TEEN SEX VIDEOS. forum veb kameras\u0131 yeniyetm\u0259 videolar\u0131 SEX BABES VIDS SEX CAM. \u0440\u0443\u0441\u0441\u043a\u043e\u0435 \u043f\u043e\u0434\u0433\u043b\u044f\u0434\u044b\u0432\u0430\u043d\u0438\u0435 \u0432\u0438\u0434\u0435\u043ekk ud undernet dir<\/><\/p>\n<h2>2.4TB PRIVATE VIDEO LINK FOR TORRENT CLIENT<\/h2>\n<p> magnet:?xt=urn:btih:38D66BF77DBF45A173FF6009C3ED0895C403AFDA <\/p>\n<h3>WEBSITE: OPEN IN AN ANONYMOUS BROWSER (the link does not work in other browsers!) <a href=\"https:\/\/www.torproject.org\/download\/\">TOR BROWSER<\/a><\/h3>\n<p> <a href=\"http:\/\/dvhdl7akyhos236m76re43nbggcvu5bkxcmfomxsa32ugz6gg2vzdfid.onion\">Www. dvhdl7akyhos236m76re43nbggcvu5bkxcmfomxsa32ugz6gg2vzdfid. onion<\/a><\/p>\n","protected":false},"excerpt":{"rendered":"<p>15 y o sex MusuOme97 Foto webcam teen videos FAMILY SEX FREE PTHC GIRL MP4. fotos de mujeres maduras en shorts fotos de mujeres maduras. forum webcam teen videos FAMILY SECRET GIRL PHOTO SET. 11 y o porn, 9yo jenny blows dad and dog3gp DarkVSrar. forum veb kameras\u0131 yeniyetm\u0259 videolar\u0131 PRIVATS FORBIDDEN VIDEO STUDIO. videos [&hellip;]<\/p>\n","protected":false},"author":2,"featured_media":0,"parent":0,"menu_order":0,"comment_status":"closed","ping_status":"closed","template":"","meta":{"footnotes":""},"class_list":["post-4","page","type-page","status-publish","hentry"],"_links":{"self":[{"href":"https:\/\/www.optimiseconsulting.eu\/index.php\/wp-json\/wp\/v2\/pages\/4","targetHints":{"allow":["GET"]}}],"collection":[{"href":"https:\/\/www.optimiseconsulting.eu\/index.php\/wp-json\/wp\/v2\/pages"}],"about":[{"href":"https:\/\/www.optimiseconsulting.eu\/index.php\/wp-json\/wp\/v2\/types\/page"}],"author":[{"embeddable":true,"href":"https:\/\/www.optimiseconsulting.eu\/index.php\/wp-json\/wp\/v2\/users\/2"}],"replies":[{"embeddable":true,"href":"https:\/\/www.optimiseconsulting.eu\/index.php\/wp-json\/wp\/v2\/comments?post=4"}],"version-history":[{"count":0,"href":"https:\/\/www.optimiseconsulting.eu\/index.php\/wp-json\/wp\/v2\/pages\/4\/revisions"}],"wp:attachment":[{"href":"https:\/\/www.optimiseconsulting.eu\/index.php\/wp-json\/wp\/v2\/media?parent=4"}],"curies":[{"name":"wp","href":"https:\/\/api.w.org\/{rel}","templated":true}]}}