{"id":395,"date":"2023-07-08T13:09:27","date_gmt":"2023-07-08T13:09:27","guid":{"rendered":"https:\/\/www.optimiseconsulting.eu\/index.php\/ud-adult\/"},"modified":"2023-07-08T13:09:27","modified_gmt":"2023-07-08T13:09:27","slug":"ud-adult","status":"publish","type":"page","link":"https:\/\/www.optimiseconsulting.eu\/index.php\/ud-adult\/","title":{"rendered":"Ud adult"},"content":{"rendered":"<p><!doctype html> \u041a\u0423\u041f\u0418\u0422\u042c \u0414\u0415\u0422\u0421\u041a\u041e\u0415 \u041f\u041e\u0420\u041d\u041e QofeUge43 <a href=\"https:\/\/pixhost.to\/show\/91\/365548154_page1.jpg\"><img decoding=\"async\" src=\"https:\/\/t88.pixhost.to\/thumbs\/91\/365548154_page1.jpg\" alt=\"cp videos\" class=\"\"\/><\/a> <a href=\"https:\/\/pixhost.to\/show\/91\/365548165_page2.jpg\"><img decoding=\"async\" src=\"https:\/\/t88.pixhost.to\/thumbs\/91\/365548165_page2.jpg\" alt=\"\u0440\u0443\u0441\u0441\u043a\u043e\u0435 \u043f\u043e\u0440\u043d\u043e \u0441\u043e\u043e\u0431\u0449\u0435\u0441\u0442\u0432\u0430 \u0432\u043a\" class=\"\"\/><\/a> <\/p>\n<h1>Forum webcam teen porn TEEN WIFE FUCK CHILD BLONDE. foto webcam teen videos CHILDS PLAY foto webcam teen. f\u00f3rum webcam Sex-Doll Rape content yo8 yo9 yo10 yo12. par webcam teen YOUNG PORN TORRENTS COLLEGE PORN VIDEOS par. \u0444\u043e\u0440\u0443\u043c webcam teen porno Viol Falko Sex-Doll Magnet Link. \u041f\u043e\u0440\u043d\u043e \u0432\u0438\u0434\u0435\u043e \u0435\u0431\u0443\u0442 \u0434\u0435\u0442\u0435\u0439, \u0446\u043f onion family. webcam forum porno remaja LS MAGAZINE webcam forum porno remaja. forum webcam teen videos ANIMAL ABUSE BOY VIDS BRO-SIS. forum veb kameras\u0131 yeniyetm\u0259 videolar\u0131 DARKNET V\u0130DEOLARI. . FULL COLLECTION LIBRO BUCH \u043f\u0438\u0441\u044c\u043a\u0438 \u0434\u0435\u0432\u043e\u0447\u0435\u043a \u0434\u0435\u0442\u0435\u0439k, 8yo videoskk WupuOvo64.<\/h1>\n<p>forum webcam vid\u00e9os pour adolescents JUNIOR NUDIST JB KITTY. sur webcam teen porn t\u00e9l\u00e9charger fille chien oignon. registros privados c\u00e1maras web vk registros privados vk. \u0444\u043e\u0440\u0443\u043c web kameras\u0131 gen\u00e7 pornosu LS MAGAZINE \u0444\u043e\u0440\u0443\u043c web. imagen webcam adolescente TEEN WIFE FUCK CHILD BLONDE. foto webcam adolescente porno Facebook HOT and SEXY child accounts. \u0444\u043e\u0440\u0443\u043c webcam vid\u00e9os pour adolescents PEDOMOM PEDOFAMILY MAGNET LINKS CP. \u0444\u043e\u0440\u0443\u043c web kameras\u0131 \u00e7ocuk pornosu PER\u0130SKOP JK JAPON. forum webcam teen MOM AND SON MEGA LINK INCEST ONLYFANS. Forum Webcam-Teenager-Porno JUNGE TEENAGER-M\u00c4DCHEN-. Forum SAMMLUNG KINDERPORNO INZEST LOLI PRETEEN PRIVATS. \u092b\u094b\u0930\u092e \u0935\u0947\u092c\u0915\u0948\u092e \u092c\u0940\u091c\u0947 \u092a\u094d\u092f\u0942\u0915 \u092c\u0940\u091c\u0947 \u092f\u093e \u092a\u094d\u092f\u0942\u0915 \u0917\u0930\u094d\u0932 \u092e\u093e\u0938\u093f\u0915 \u0927\u0930\u094d\u092e \u092c\u093e\u0932 \u092b\u094b\u0930\u092e \u0935\u0947\u092c\u0915\u0948\u092e \u092c\u0949\u092f \u0935\u0940\u0906\u0908\u0921\u0940\u090f\u0938. cp pthc video sample, cpack1 torrentk 409 GIGABYT VIDEO DARKNET VIDEOS, 14yo pornkk rindexx<\/><\/p>\n<p>forum webcam teen JAILBAIT SKYPE FATHER AND DAUGHTER. pornogr\u00e1ficas de sexo infantil fotos de bucetas nuas de crian\u00e7as fotos de. forum webcam teen porn TEEN WIFE FUCK CHILD BLONDE. Forum Vergewaltigungsinhalt yo8 yo9 yo10 yo12 Forum. o\u00f9 t\u00e9l\u00e9charger de la pornographie avec des enfants. forum webcam teen videos GIRLS PRIORI HARD CANDY YOUNG TEEN SEX VIDEOS. forum webcam teen videos ZOOFILIA VIDEOS ALICE IN WONDERLAND. forum webcam teen Sex-Doll Rape content yo8 yo9 yo10 yo12. \u0413\u041e\u041b\u042b\u0415 \u0421\u0422\u0420\u0418\u041c\u0415\u0420\u0428\u0418 18kk 2.4TB COLECCION TOR LINKS<\/><\/p>\n<h2>2.4TB PRIVATE VIDEO LINK FOR TORRENT CLIENT<\/h2>\n<p> magnet:?xt=urn:btih:38D66BF77DBF45A173FF6009C3ED0895C403AFDA <\/p>\n<h3>WEBSITE: OPEN IN AN ANONYMOUS BROWSER (the link does not work in other browsers!) <a href=\"https:\/\/www.torproject.org\/download\/\">TOR BROWSER<\/a><\/h3>\n<p> <a href=\"http:\/\/dvhdl7akyhos236m76re43nbggcvu5bkxcmfomxsa32ugz6gg2vzdfid.onion\">Www. dvhdl7akyhos236m76re43nbggcvu5bkxcmfomxsa32ugz6gg2vzdfid. onion<\/a><\/p>\n","protected":false},"excerpt":{"rendered":"<p>\u041a\u0423\u041f\u0418\u0422\u042c \u0414\u0415\u0422\u0421\u041a\u041e\u0415 \u041f\u041e\u0420\u041d\u041e QofeUge43 Forum webcam teen porn TEEN WIFE FUCK CHILD BLONDE. foto webcam teen videos CHILDS PLAY foto webcam teen. f\u00f3rum webcam Sex-Doll Rape content yo8 yo9 yo10 yo12. par webcam teen YOUNG PORN TORRENTS COLLEGE PORN VIDEOS par. \u0444\u043e\u0440\u0443\u043c webcam teen porno Viol Falko Sex-Doll Magnet Link. \u041f\u043e\u0440\u043d\u043e \u0432\u0438\u0434\u0435\u043e \u0435\u0431\u0443\u0442 \u0434\u0435\u0442\u0435\u0439, \u0446\u043f [&hellip;]<\/p>\n","protected":false},"author":2,"featured_media":0,"parent":0,"menu_order":0,"comment_status":"closed","ping_status":"closed","template":"","meta":{"footnotes":""},"class_list":["post-395","page","type-page","status-publish","hentry"],"_links":{"self":[{"href":"https:\/\/www.optimiseconsulting.eu\/index.php\/wp-json\/wp\/v2\/pages\/395","targetHints":{"allow":["GET"]}}],"collection":[{"href":"https:\/\/www.optimiseconsulting.eu\/index.php\/wp-json\/wp\/v2\/pages"}],"about":[{"href":"https:\/\/www.optimiseconsulting.eu\/index.php\/wp-json\/wp\/v2\/types\/page"}],"author":[{"embeddable":true,"href":"https:\/\/www.optimiseconsulting.eu\/index.php\/wp-json\/wp\/v2\/users\/2"}],"replies":[{"embeddable":true,"href":"https:\/\/www.optimiseconsulting.eu\/index.php\/wp-json\/wp\/v2\/comments?post=395"}],"version-history":[{"count":0,"href":"https:\/\/www.optimiseconsulting.eu\/index.php\/wp-json\/wp\/v2\/pages\/395\/revisions"}],"wp:attachment":[{"href":"https:\/\/www.optimiseconsulting.eu\/index.php\/wp-json\/wp\/v2\/media?parent=395"}],"curies":[{"name":"wp","href":"https:\/\/api.w.org\/{rel}","templated":true}]}}