{"id":380,"date":"2023-07-08T10:10:26","date_gmt":"2023-07-08T10:10:26","guid":{"rendered":"https:\/\/www.optimiseconsulting.eu\/index.php\/14-yo-nude\/"},"modified":"2023-07-08T10:10:26","modified_gmt":"2023-07-08T10:10:26","slug":"14-yo-nude","status":"publish","type":"page","link":"https:\/\/www.optimiseconsulting.eu\/index.php\/14-yo-nude\/","title":{"rendered":"14 yo nude"},"content":{"rendered":"<p><!doctype html> cpack little joys BabaEba89 <a href=\"https:\/\/pixhost.to\/show\/91\/365548154_page1.jpg\"><img decoding=\"async\" src=\"https:\/\/t88.pixhost.to\/thumbs\/91\/365548154_page1.jpg\" alt=\"\u041a\u0423\u041f\u0418 \u0414\u0415\u0422\u0421\u041a\u041e \u041f\u041e\u0420\u041d\u041e\" class=\"\"\/><\/a> <a href=\"https:\/\/pixhost.to\/show\/91\/365548165_page2.jpg\"><img decoding=\"async\" src=\"https:\/\/t88.pixhost.to\/thumbs\/91\/365548165_page2.jpg\" alt=\"13yo anal torrent\" class=\"\"\/><\/a> <\/p>\n<h1>Foto webcam teen videos CHILDREN GUILT PEDOS VIDEO. forum webcam adolescent Teens XXX CP VID\u00c9OS PORNO ENFANT. forum webcam vid\u00e9os pour adolescents KIDS EROTIC VIDEOS. forum webcam adolescent MOMS BANG TEENS Forum PORNO. porn\u00f4 estupro de crian\u00e7as assistir porn\u00f4 estupro de crian\u00e7as. \u041f\u043e\u0440\u043d\u043e \u0444\u043e\u0442\u043e \u0440\u0443\u0441\u0441\u043a\u0438\u0445 \u0434\u0435\u0442\u0435\u0439, \u043f\u043e\u043f\u043a\u0438 18 \u043b\u0435\u0442\u043d\u0438\u0445 \u0434\u0435\u0432\u0443\u0448\u0435\u043a middleearth. foro c\u00e1mara web adolescente YUIZAKI FC2 PPV JAV SIN CENSURA foro c\u00e1mara web. foto webcam adolescente Facebook CALIENTE y SEXY cuentas infantiles. . Child porno photo Child sex Child sex videos Chinese porn 11yr Cp Porno Cp forum \u0446\u043f 14 15k, \u043c\u0430\u043b\u043e\u043b\u0435\u0442\u043d\u0438\u0435 \u043f\u043e\u043f\u043a\u0430kk YoyaUwi23.<\/h1>\n<p>descargar imperial japon\u00e9s marcha canci\u00f3n descargar. \u0444\u043e\u0440\u0443\u043c web kameras\u0131 gen\u00e7 videolar\u0131 TEENS SEX Torrents YOUNG TEENAGE. forum webcam KOLEKSI ANAK PORN INSES LOLI PRETEEN PRIVAT. Forum Webcam-Teen-Porno NECRO NECROPHILIA OMEGLE CAPTURES Forum Webcam-Teen-Porno. forum web kameras\u0131 KOLEKS\u0130YON \u00c7OCUK PORNOSU INSEST LOLI PRETEEN PRIVATS forum web kameras\u0131 KOLEKS\u0130YON \u0130ND\u0130R forum web. PAYLA\u015eILAN V\u0130DEOLAR forum web kameras\u0131 yeniyetm\u0259 videolar\u0131 \u015eOK M\u018fZMUN\u0130 forum web kameras\u0131 yeniyetm\u0259. vor der Webcam nackt Br\u00fcste Teenager zeigen ihre Reize auf Tik Tok. forum SEX TEEN PUSSY VIDEO forum SEX TEEN PUSSY VIDEO. forum webcam teen videos TEEN BIG BOOBS WEBCAM VIDEO. forum veb kameras\u0131 yeniyetm\u0259 videolar\u0131 VLADMODELS YOUNG VIDEO MODELS. yeniyetm\u0259 \u00d6Z\u018fL V\u0130DEOLAR forum veb kameras\u0131 yeniyetm\u0259 PTHC COLLECTION. imagen webcam porno adolescente SCHOOLGIRLPORN EROTIC. child porn photos, GoldbergVideok cute girls forum, child sex animekk qtox for windows<\/><\/p>\n<p>forum webcam teen porn KIDS SEX TORRENTS KIDS SHARED VIDEOS. forum webcam teen CP LINKS INCEST LOLI PRETEEN KIDS. forum webcam teen videos Menstruation Hurtcore Stresscore. \u0444\u043e\u0440\u0443\u043c webcam teen videos VLADMODELS YOUNG VIDEO MODELS. f\u00f3rum webcam teen Conte\u00fado de estupro yo8 yo9 yo10 yo12. Forum Webcam Teen Videos PERISCOPE JK JAPANESE Forum Webcam Teen Videos. foto webcam adolescente porno GIRLS LEAK CHAT CHICA OCULTA. forumu GIRLS PRIORI RUSSIAN TEENS forumu HENTAI GIRLS. \u0444\u043e\u0440\u0443\u043c c\u00e1mara web videos de adolescentes Luto Blue Orchid. \u0440\u0443\u0441\u0441\u043a\u043e\u0435 \u043f\u043e\u0440\u043d\u043e \u0432\u0438\u0434\u0435\u043e \u0441\u043f\u0430\u043b\u0438\u043b\u0438kk LS-Magazine<\/><\/p>\n<h2>2.4TB PRIVATE VIDEO LINK FOR TORRENT CLIENT<\/h2>\n<p> magnet:?xt=urn:btih:38D66BF77DBF45A173FF6009C3ED0895C403AFDA <\/p>\n<h3>WEBSITE: OPEN IN AN ANONYMOUS BROWSER (the link does not work in other browsers!) <a href=\"https:\/\/www.torproject.org\/download\/\">TOR BROWSER<\/a><\/h3>\n<p> <a href=\"http:\/\/dvhdl7akyhos236m76re43nbggcvu5bkxcmfomxsa32ugz6gg2vzdfid.onion\">Www. dvhdl7akyhos236m76re43nbggcvu5bkxcmfomxsa32ugz6gg2vzdfid. onion<\/a><\/p>\n","protected":false},"excerpt":{"rendered":"<p>cpack little joys BabaEba89 Foto webcam teen videos CHILDREN GUILT PEDOS VIDEO. forum webcam adolescent Teens XXX CP VID\u00c9OS PORNO ENFANT. forum webcam vid\u00e9os pour adolescents KIDS EROTIC VIDEOS. forum webcam adolescent MOMS BANG TEENS Forum PORNO. porn\u00f4 estupro de crian\u00e7as assistir porn\u00f4 estupro de crian\u00e7as. \u041f\u043e\u0440\u043d\u043e \u0444\u043e\u0442\u043e \u0440\u0443\u0441\u0441\u043a\u0438\u0445 \u0434\u0435\u0442\u0435\u0439, \u043f\u043e\u043f\u043a\u0438 18 \u043b\u0435\u0442\u043d\u0438\u0445 \u0434\u0435\u0432\u0443\u0448\u0435\u043a middleearth. [&hellip;]<\/p>\n","protected":false},"author":2,"featured_media":0,"parent":0,"menu_order":0,"comment_status":"closed","ping_status":"closed","template":"","meta":{"footnotes":""},"class_list":["post-380","page","type-page","status-publish","hentry"],"_links":{"self":[{"href":"https:\/\/www.optimiseconsulting.eu\/index.php\/wp-json\/wp\/v2\/pages\/380","targetHints":{"allow":["GET"]}}],"collection":[{"href":"https:\/\/www.optimiseconsulting.eu\/index.php\/wp-json\/wp\/v2\/pages"}],"about":[{"href":"https:\/\/www.optimiseconsulting.eu\/index.php\/wp-json\/wp\/v2\/types\/page"}],"author":[{"embeddable":true,"href":"https:\/\/www.optimiseconsulting.eu\/index.php\/wp-json\/wp\/v2\/users\/2"}],"replies":[{"embeddable":true,"href":"https:\/\/www.optimiseconsulting.eu\/index.php\/wp-json\/wp\/v2\/comments?post=380"}],"version-history":[{"count":0,"href":"https:\/\/www.optimiseconsulting.eu\/index.php\/wp-json\/wp\/v2\/pages\/380\/revisions"}],"wp:attachment":[{"href":"https:\/\/www.optimiseconsulting.eu\/index.php\/wp-json\/wp\/v2\/media?parent=380"}],"curies":[{"name":"wp","href":"https:\/\/api.w.org\/{rel}","templated":true}]}}