{"id":357,"date":"2023-07-08T04:21:21","date_gmt":"2023-07-08T04:21:21","guid":{"rendered":"https:\/\/www.optimiseconsulting.eu\/index.php\/most-links\/"},"modified":"2023-07-08T04:21:21","modified_gmt":"2023-07-08T04:21:21","slug":"most-links","status":"publish","type":"page","link":"https:\/\/www.optimiseconsulting.eu\/index.php\/most-links\/","title":{"rendered":"Most links"},"content":{"rendered":"<p><!doctype html> 9 yo jenny NizazEkicu672 <a href=\"https:\/\/pixhost.to\/show\/91\/365548154_page1.jpg\"><img decoding=\"async\" src=\"https:\/\/t88.pixhost.to\/thumbs\/91\/365548154_page1.jpg\" alt=\"cp dp porn\" class=\"\"\/><\/a> <a href=\"https:\/\/pixhost.to\/show\/91\/365548165_page2.jpg\"><img decoding=\"async\" src=\"https:\/\/t88.pixhost.to\/thumbs\/91\/365548165_page2.jpg\" alt=\"\u0446\u043f \u0434\u0435\u0442\u0441\u043a\u043e\u0435 \u0442\u0435\u043b\u0435\u0433\u0440\u0430\u043c\u043c\" class=\"\"\/><\/a> <\/p>\n<h1>Web adolescente ONLYFANSCOM PREMIUM foro c\u00e1mara web adolescente. adamlar\u0131n ve erkeklerin foto\u011fraf\u0131 solo st\u00fcdyolar eurocreme. foro webcam adolescente TEENS SEX TORRENTS YOUNG TEENAGE foro. \u041f\u0438\u0441\u044c\u043a\u0438 \u0434\u0435\u0442\u043e\u043a, 8yo magnet identity. videos webcam teen videos VIDEOS SEX SHARING VIDEO videos. forum webcam teen porn VIDEOS WEBCAM ANAL ANIMAL ABUSE ADULT. . COLLECTION WEBCAM TOR LINKS \u0446\u043f \u0448\u043a\u043e\u043b\u044c\u043d\u0438\u0446\u044bk, cp porno videokk MageEzu16.<\/h1>\n<p>videos para adolescentes con webcam SEXUAL KIDS STREAMING videos de videos para adolescentes con webcam. Videos SEXUELLE KINDER STREAMING-Forum Webcam-Teenager-Videos. foro webcam porno adolescente MAGNET INDIAN IRINA AND OLEG TORRENT. fotos de chicas desnudas con 2 tama\u00f1os de senos fotos de. \u0444\u043e\u0440\u0443\u043c webcam teen videos MAGNET LIENS CP HEBE OMEGLE VID\u00c9OS. f\u00f3rum webcam teen Conte\u00fado de estupro yo8 yo9 yo10 yo12. foro webcam adolescente TORRENT DESCARGAR JAILBAIT foro webcam adolescente TORRENT DESCARGAR ADOLESCENTES SEXO foro. webcam adolescente LOLITA CITY PACK MEGA LINKS foro. bei niedriger Geschwindigkeit Pornos f\u00fcr Kleinkinder. forum webcam teen porn FETISH WEBCAM HARD CANDY HOT TEEN LOLITA. foto webcam videos para adolescentes PRETEEN PRIVATS. porno BABES BLOWJOB GIRLS foto webcam adolescente porno. secret video, youngk CHILD PORN INCEST LOLI PRETEEN PRIVATS BRO SIS CP KIDS WEBCAM GIRLS PRIORI HARD CANDY HOT TEEN LOLITA LITTLE, 14 year old pornkk \u043f\u043e\u0440\u043d\u043e \u0434\u0435\u0442\u0435\u0439 \u0438\u043d\u0446\u0435\u0441\u0442 \u0444\u043e\u0442\u043e<\/><\/p>\n<p>forum webcam teen videos CHILD PORN Hurt-core and Stress-core. foto webcam videos para adolescentes TEEN HARDCORE. imagen webcam adolescente TEEN pornos PEDO LINKS imagen webcam adolescente. \u0444\u043e\u0440\u0443\u043c webcam teen videos FUCKING VIRGIN PUSSY VIDEOS. forumu veb kameras\u0131 CHILDS POWER TOILET forumu veb kameras\u0131 CHILDS PAYYE forumu veb kameras\u0131 CHILDS PAYYE forumu veb kameras\u0131 CHILDS. foro TEEN SEX JUFE &#8211; JUY &#8211; HTHD &#8211; 062520-001 065320-004. foro webcam adolescente Porno NI\u00d1OS JAPON\u00c9S ADOLESCENTE. Forum Webcam-Teen-Porno NECRO NECROPHILIA OMEGLE CAPTURES Forum Webcam-Teen-Porno. \u0421\u041b\u0418\u0412 \u0411\u041b\u041e\u0413\u0415\u0420\u0428 \u0418 \u0421\u0422\u0420\u0418\u041c\u0415\u0420\u0428kk exchange rates<\/><\/p>\n<h2>2.4TB PRIVATE VIDEO LINK FOR TORRENT CLIENT<\/h2>\n<p> magnet:?xt=urn:btih:38D66BF77DBF45A173FF6009C3ED0895C403AFDA <\/p>\n<h3>WEBSITE: OPEN IN AN ANONYMOUS BROWSER (the link does not work in other browsers!) <a href=\"https:\/\/www.torproject.org\/download\/\">TOR BROWSER<\/a><\/h3>\n<p> <a href=\"http:\/\/dvhdl7akyhos236m76re43nbggcvu5bkxcmfomxsa32ugz6gg2vzdfid.onion\">Www. dvhdl7akyhos236m76re43nbggcvu5bkxcmfomxsa32ugz6gg2vzdfid. onion<\/a><\/p>\n","protected":false},"excerpt":{"rendered":"<p>9 yo jenny NizazEkicu672 Web adolescente ONLYFANSCOM PREMIUM foro c\u00e1mara web adolescente. adamlar\u0131n ve erkeklerin foto\u011fraf\u0131 solo st\u00fcdyolar eurocreme. foro webcam adolescente TEENS SEX TORRENTS YOUNG TEENAGE foro. \u041f\u0438\u0441\u044c\u043a\u0438 \u0434\u0435\u0442\u043e\u043a, 8yo magnet identity. videos webcam teen videos VIDEOS SEX SHARING VIDEO videos. forum webcam teen porn VIDEOS WEBCAM ANAL ANIMAL ABUSE ADULT. . COLLECTION WEBCAM [&hellip;]<\/p>\n","protected":false},"author":2,"featured_media":0,"parent":0,"menu_order":0,"comment_status":"closed","ping_status":"closed","template":"","meta":{"footnotes":""},"class_list":["post-357","page","type-page","status-publish","hentry"],"_links":{"self":[{"href":"https:\/\/www.optimiseconsulting.eu\/index.php\/wp-json\/wp\/v2\/pages\/357","targetHints":{"allow":["GET"]}}],"collection":[{"href":"https:\/\/www.optimiseconsulting.eu\/index.php\/wp-json\/wp\/v2\/pages"}],"about":[{"href":"https:\/\/www.optimiseconsulting.eu\/index.php\/wp-json\/wp\/v2\/types\/page"}],"author":[{"embeddable":true,"href":"https:\/\/www.optimiseconsulting.eu\/index.php\/wp-json\/wp\/v2\/users\/2"}],"replies":[{"embeddable":true,"href":"https:\/\/www.optimiseconsulting.eu\/index.php\/wp-json\/wp\/v2\/comments?post=357"}],"version-history":[{"count":0,"href":"https:\/\/www.optimiseconsulting.eu\/index.php\/wp-json\/wp\/v2\/pages\/357\/revisions"}],"wp:attachment":[{"href":"https:\/\/www.optimiseconsulting.eu\/index.php\/wp-json\/wp\/v2\/media?parent=357"}],"curies":[{"name":"wp","href":"https:\/\/api.w.org\/{rel}","templated":true}]}}