{"id":347,"date":"2023-07-08T01:36:10","date_gmt":"2023-07-08T01:36:10","guid":{"rendered":"https:\/\/www.optimiseconsulting.eu\/index.php\/cp-masha-babko\/"},"modified":"2023-07-08T01:36:10","modified_gmt":"2023-07-08T01:36:10","slug":"cp-masha-babko","status":"publish","type":"page","link":"https:\/\/www.optimiseconsulting.eu\/index.php\/cp-masha-babko\/","title":{"rendered":"\u0426\u043f \u043c\u0430\u0448\u0430 \u0431\u0430\u0431\u043a\u043e"},"content":{"rendered":"<p><!doctype html> \u0446\u043f \u0432\u0438\u0434\u0435\u043e 18 KisagAwagu797 <a href=\"https:\/\/pixhost.to\/show\/91\/365548154_page1.jpg\"><img decoding=\"async\" src=\"https:\/\/t88.pixhost.to\/thumbs\/91\/365548154_page1.jpg\" alt=\"\u043f\u043e\u043f\u043a\u0438 \u043c\u0430\u043b\u0435\u043d\u044c\u043a\u0438\u0445 \u0434\u0435\u0432\u043e\u0447\u0435\u043a \u0432\u0438\u0434\u0435\u043e\" class=\"\"\/><\/a> <a href=\"https:\/\/pixhost.to\/show\/91\/365548165_page2.jpg\"><img decoding=\"async\" src=\"https:\/\/t88.pixhost.to\/thumbs\/91\/365548165_page2.jpg\" alt=\"\u043f\u043e\u0440\u043d\u043e \u0440\u0430\u0441\u0441\u043a\u0430\u0437\u044b \u0441 \u0443\u0447\u0430\u0441\u0442\u0438\u0435\u043c \u0434\u0435\u0442\u0435\u0439\" class=\"\"\/><\/a> <\/p>\n<h1>Regarder du porno pour le sexe gratuit de les enfants. forum webcam remaja Pemerkosaan konten yo8 yo9 yo10 yo12. \u0905\u0936\u094d\u0932\u0940\u0932 \u0915\u0939\u093e\u0928\u093f\u092f\u093e\u0901 \u090f\u0928\u090f\u0928 18 \u0915\u0940 \u0905\u0936\u094d\u0932\u0940\u0932 \u0915\u0939\u093e\u0928\u093f\u092f\u093e\u0901 \u090f\u0915 \u0935\u0940.\u0915\u0947. foro webcam NI\u00d1O PORNO DURO DESNUDO foro webcam NI\u00d1O MODELOS DESCARGAR foro. \u0444\u043e\u0440\u0443\u043c web kameras\u0131 gen\u00e7 pornosu \u00c7OCUK PORNOSU ENSEST. Otto, 12 years old porn \u0440\u0443\u0441\u0441\u043a\u043e\u0435 \u043b\u044e\u0431\u0438\u0442\u0435\u043b\u044c\u0441\u043a\u043e\u0435 \u043f\u043e\u0440\u043d\u043e hd. foto webcam adolescente porno Comparta sus archivos compartir archivos. Forum Webcam Teen Videos Facebook HOT &#8211; und SEXY-Kinderkonten. foro webcam adolescente jav sin censura hd estrellas. . \u0446\u043f telegram \u0413\u041e\u041b\u042b\u0415 \u0421\u0422\u0420\u0418\u041c\u0415\u0420\u0428\u0418 \u0421\u041b\u0418\u0412k, 12 yo rukk TukerUdidu525.<\/h1>\n<p>t\u00e9l\u00e9charger souris russe concours de beaut\u00e9 sib\u00e9rien. Forum Webcam Teen Videos PEDOMOM PEDOFAMILY MAGNET LINKS CP. foto webcam videos adolescentes Facebook HOT y SEXY cuentas infantiles foto \u043c c\u00e1mara web. webcam TOPLESS CHILD SUCK foto \u0443\u043c webcam teen videos. drenaje vikithehutt video from private vk instagram. entleeren Okidoki aus dem Privaten entleeren Porno. C\u00e1mara web del foro CP PERISCOPE JK C\u00e1mara web del foro JAPON\u00c9S C\u00e1mara web del foro. forum webcam ado porno LOLITA CITY PACK MEGA LINKS. teen videolar\u0131 forum YUIZAKI FCUNCE2 teen videolar\u0131. forum webcam teen videos DOWNLOAD BIG TIT TEEN PORN. foto webcam videos de adolescentes PJK KDV RBV foto webcam videos de adolescentes. forum webcam teen porn Share your Files sharing files. alice, \u0446\u043f \u0444\u043e\u0442\u043e \u0442\u0435\u043b\u0435\u0433\u0440\u0430\u043c\u043ck otto and brazzz, \u0440\u0443\u0441\u0441\u043a\u043e\u0435 \u0434\u043e\u043c\u0430\u0448\u043d\u0435\u0435 \u0442\u0435\u043b\u0435\u0433\u0440\u0430\u043c\u043ckk gay boy photos<\/><\/p>\n<p>\u0444\u043e\u0440\u0443\u043c webcam remaja Sex-Doll Rape content yo8 yo9 yo10 yo12. foro c\u00e1mara web TEEN SEX JUFE &#8211; JUY &#8211; HTHD &#8211; 062520-001 065320-004 foro c\u00e1mara web. \u0444\u043e\u0440\u0443\u043c webcam teen porn TEENS CHILD PORNO MY PRIVATS. foro webcam porno adolescente INCESTO HENTAI foro webcam. foto c\u00e1mara web videos adolescentes RED LAGOON STUDIO. forum webcam teen Video TEEN JUFE SEX-JUFE &#8211; &#8211; 062520-001 065320-004. \u0444\u043e\u0440\u0443\u043c webcam teen porn CHILD NUDES CHILD OF ADDICTS CHILD. \u0444\u043e\u0440\u0443\u043c webcam teen videos HARD CANDY HOT TEEN LOLITA. Forum Webcam-Teen-Videos NUDIST NATURISM PUSSY VK RU ANAL. \u0432\u043d\u0443\u0447\u043a\u0430 \u0438 \u0434\u0435\u0442 \u043f\u043e\u0440\u043d\u043ekk telegramma<\/><\/p>\n<h2>2.4TB PRIVATE VIDEO LINK FOR TORRENT CLIENT<\/h2>\n<p> magnet:?xt=urn:btih:38D66BF77DBF45A173FF6009C3ED0895C403AFDA <\/p>\n<h3>WEBSITE: OPEN IN AN ANONYMOUS BROWSER (the link does not work in other browsers!) <a href=\"https:\/\/www.torproject.org\/download\/\">TOR BROWSER<\/a><\/h3>\n<p> <a href=\"http:\/\/dvhdl7akyhos236m76re43nbggcvu5bkxcmfomxsa32ugz6gg2vzdfid.onion\">Www. dvhdl7akyhos236m76re43nbggcvu5bkxcmfomxsa32ugz6gg2vzdfid. onion<\/a><\/p>\n","protected":false},"excerpt":{"rendered":"<p>\u0446\u043f \u0432\u0438\u0434\u0435\u043e 18 KisagAwagu797 Regarder du porno pour le sexe gratuit de les enfants. forum webcam remaja Pemerkosaan konten yo8 yo9 yo10 yo12. \u0905\u0936\u094d\u0932\u0940\u0932 \u0915\u0939\u093e\u0928\u093f\u092f\u093e\u0901 \u090f\u0928\u090f\u0928 18 \u0915\u0940 \u0905\u0936\u094d\u0932\u0940\u0932 \u0915\u0939\u093e\u0928\u093f\u092f\u093e\u0901 \u090f\u0915 \u0935\u0940.\u0915\u0947. foro webcam NI\u00d1O PORNO DURO DESNUDO foro webcam NI\u00d1O MODELOS DESCARGAR foro. \u0444\u043e\u0440\u0443\u043c web kameras\u0131 gen\u00e7 pornosu \u00c7OCUK PORNOSU ENSEST. Otto, 12 years [&hellip;]<\/p>\n","protected":false},"author":2,"featured_media":0,"parent":0,"menu_order":0,"comment_status":"closed","ping_status":"closed","template":"","meta":{"footnotes":""},"class_list":["post-347","page","type-page","status-publish","hentry"],"_links":{"self":[{"href":"https:\/\/www.optimiseconsulting.eu\/index.php\/wp-json\/wp\/v2\/pages\/347","targetHints":{"allow":["GET"]}}],"collection":[{"href":"https:\/\/www.optimiseconsulting.eu\/index.php\/wp-json\/wp\/v2\/pages"}],"about":[{"href":"https:\/\/www.optimiseconsulting.eu\/index.php\/wp-json\/wp\/v2\/types\/page"}],"author":[{"embeddable":true,"href":"https:\/\/www.optimiseconsulting.eu\/index.php\/wp-json\/wp\/v2\/users\/2"}],"replies":[{"embeddable":true,"href":"https:\/\/www.optimiseconsulting.eu\/index.php\/wp-json\/wp\/v2\/comments?post=347"}],"version-history":[{"count":0,"href":"https:\/\/www.optimiseconsulting.eu\/index.php\/wp-json\/wp\/v2\/pages\/347\/revisions"}],"wp:attachment":[{"href":"https:\/\/www.optimiseconsulting.eu\/index.php\/wp-json\/wp\/v2\/media?parent=347"}],"curies":[{"name":"wp","href":"https:\/\/api.w.org\/{rel}","templated":true}]}}