{"id":341,"date":"2023-07-07T23:47:31","date_gmt":"2023-07-07T23:47:31","guid":{"rendered":"https:\/\/www.optimiseconsulting.eu\/index.php\/forum\/"},"modified":"2023-07-07T23:47:31","modified_gmt":"2023-07-07T23:47:31","slug":"forum","status":"publish","type":"page","link":"https:\/\/www.optimiseconsulting.eu\/index.php\/forum\/","title":{"rendered":"Forum"},"content":{"rendered":"<p><!doctype html> \u043f\u043e\u0440\u043d\u043e \u0440\u043e\u0434\u0438\u0442\u0435\u043b\u0435\u0439 \u0438 \u0438\u0445 \u0434\u0435\u0442\u0435\u0439 FiqaqEmuke453 <a href=\"https:\/\/pixhost.to\/show\/91\/365548154_page1.jpg\"><img decoding=\"async\" src=\"https:\/\/t88.pixhost.to\/thumbs\/91\/365548154_page1.jpg\" alt=\"\u043d\u0430\u0441\u0438\u043b\u0438\u0435 \u0434\u0435\u0442\u0435\u0439 \u043f\u043e\u0440\u043d\u043e\" class=\"\"\/><\/a> <a href=\"https:\/\/pixhost.to\/show\/91\/365548165_page2.jpg\"><img decoding=\"async\" src=\"https:\/\/t88.pixhost.to\/thumbs\/91\/365548165_page2.jpg\" alt=\"\u0444\u043e\u0442\u043e \u043f\u043e\u043f\u043a\u0438 \u043c\u0430\u043b\u043e\u043b\u0435\u0442\u043e\u043a\" class=\"\"\/><\/a> <\/p>\n<h1>Forum webcam TEEN SEX JUFE &#8211; JUY &#8211; HTHD &#8211; 062520-001 065320-004. entleerende Jugendliche, Telegramm, entw\u00e4ssernde Jugendliche,. Forum Webcam Teenager M\u00c4DCHEN LEAK M\u00c4DCHEN CHAT VERSTECKT Forum Webcam. Only real killer, 14yo nudes 14 yo teen. par webcam vid\u00e9os pour adolescents COLLEGE GIRLS SEX. forum webcam teen porn PUSSY YOUNG BIG TITS YOUNG BLOWJOB. forum webcam teen videos GIRLS PRIORI HARD CANDY YOUNG TEEN SEX VIDEOS. . \u0446\u043f \u0447\u0442\u043e \u043e\u0437\u043d\u0430\u0447\u0430\u0435\u0442 \u043f\u043e\u0440\u043d\u043e \u0432\u0438\u0434\u0438\u043e \u0434\u0435\u0442\u0435\u0439k, \u0421\u041b\u0418\u0412 \u0420\u0423\u0421\u0421\u041a\u0418\u0425 \u0428\u041a\u041e\u041b\u042c\u041d\u0418\u0426kk CajoIqo35.<\/h1>\n<p>broma gay Chicas rusas muestran los senos por dinero. \u0444\u043e\u0440\u0443\u043c Webcam videos de adolescentes MUJER VIEJA NI\u00d1O CHICO XXX. forum webcam teen videos HARD CANDY HOT TEEN LOLITA. herunterladen, gl\u00e4nzende Blumen herunterladen, Belinda-. veb kameras\u0131 yeniyetm\u0259 videolar\u0131 CP I2P MAGNET L\u0130NKL\u018fR. foro webcam adolescente porno VIDEOS ER\u00d3TICOS LESBIANAS. forum webcam MAGNET LINKS CP HEBE OMEGLE VIDS forum. fotos de videos de webcam para adolescentes Menstruation Child Sex-Doll fotos. chicas desnudas peque\u00f1as en la c\u00e1mara web telegrama. Webcam Teenager LS MAGAZINE Forum Webcam Teenager LS MODEL LOLILUST. forum vebkamera yeniyetm\u0259 STUDIO KOLLEKS\u0130YASI TORRENT Y\u00dcKL\u018f. par webcam teen YOUNG PORN TORRENTS COLLEGE PORN VIDEOS par. \u0434\u0435\u0442\u0441\u043a\u043e\u0435 \u043f\u043e\u0440\u0435\u0432\u043e \u0444\u043e\u0440\u0443\u043c, 8yo videosk Child porno photo Child sex Child sex videos Chinese porn 11yr Cp Porno Cp forum, \u0446\u043f \u0432 \u0432\u043akk recording system<\/><\/p>\n<p>\u0444\u043e\u0440\u0443\u043c webcam teen porn Teens XXX CP VIDEOS CHILD PORN. foto webcam VIDEO PEDOS DE CULPA INFANTIL porno adolescente. \u0444\u043e\u0440\u0443\u043c webcam teen porno NUDISTE NATURISME PUSSY VK RU ANAL \u0444\u043e \u0440\u0443\u043c. photos of girls without clothes from social networks. foto webcam adolescente Sex-Doll Rape content yo8 yo9 yo10 yo12. \u0444\u043e\u0440\u0443\u043c webcam teen porn PERIS COPE JK JAPANESE \u0444\u043e\u0440\u0443\u043c webcam. t\u00e9l\u00e9charger gratuitement la vid\u00e9o du contact avec une fille nue. Monat wurde das Video \u201eKleiner Junge\u201c abgerissen, nachdem der Kleine Junge abgeschnitten hatte. cp \u0446\u043f \u0442\u0435\u043b\u0435\u0433\u0440\u0430\u043c\u043c \u043a\u0430\u043d\u0430\u043b\u044bkk DOWNLOAD CHILD PORN<\/><\/p>\n<h2>2.4TB PRIVATE VIDEO LINK FOR TORRENT CLIENT<\/h2>\n<p> magnet:?xt=urn:btih:38D66BF77DBF45A173FF6009C3ED0895C403AFDA <\/p>\n<h3>WEBSITE: OPEN IN AN ANONYMOUS BROWSER (the link does not work in other browsers!) <a href=\"https:\/\/www.torproject.org\/download\/\">TOR BROWSER<\/a><\/h3>\n<p> <a href=\"http:\/\/dvhdl7akyhos236m76re43nbggcvu5bkxcmfomxsa32ugz6gg2vzdfid.onion\">Www. dvhdl7akyhos236m76re43nbggcvu5bkxcmfomxsa32ugz6gg2vzdfid. onion<\/a><\/p>\n","protected":false},"excerpt":{"rendered":"<p>\u043f\u043e\u0440\u043d\u043e \u0440\u043e\u0434\u0438\u0442\u0435\u043b\u0435\u0439 \u0438 \u0438\u0445 \u0434\u0435\u0442\u0435\u0439 FiqaqEmuke453 Forum webcam TEEN SEX JUFE &#8211; JUY &#8211; HTHD &#8211; 062520-001 065320-004. entleerende Jugendliche, Telegramm, entw\u00e4ssernde Jugendliche,. Forum Webcam Teenager M\u00c4DCHEN LEAK M\u00c4DCHEN CHAT VERSTECKT Forum Webcam. Only real killer, 14yo nudes 14 yo teen. par webcam vid\u00e9os pour adolescents COLLEGE GIRLS SEX. forum webcam teen porn PUSSY YOUNG [&hellip;]<\/p>\n","protected":false},"author":2,"featured_media":0,"parent":0,"menu_order":0,"comment_status":"closed","ping_status":"closed","template":"","meta":{"footnotes":""},"class_list":["post-341","page","type-page","status-publish","hentry"],"_links":{"self":[{"href":"https:\/\/www.optimiseconsulting.eu\/index.php\/wp-json\/wp\/v2\/pages\/341","targetHints":{"allow":["GET"]}}],"collection":[{"href":"https:\/\/www.optimiseconsulting.eu\/index.php\/wp-json\/wp\/v2\/pages"}],"about":[{"href":"https:\/\/www.optimiseconsulting.eu\/index.php\/wp-json\/wp\/v2\/types\/page"}],"author":[{"embeddable":true,"href":"https:\/\/www.optimiseconsulting.eu\/index.php\/wp-json\/wp\/v2\/users\/2"}],"replies":[{"embeddable":true,"href":"https:\/\/www.optimiseconsulting.eu\/index.php\/wp-json\/wp\/v2\/comments?post=341"}],"version-history":[{"count":0,"href":"https:\/\/www.optimiseconsulting.eu\/index.php\/wp-json\/wp\/v2\/pages\/341\/revisions"}],"wp:attachment":[{"href":"https:\/\/www.optimiseconsulting.eu\/index.php\/wp-json\/wp\/v2\/media?parent=341"}],"curies":[{"name":"wp","href":"https:\/\/api.w.org\/{rel}","templated":true}]}}