{"id":26,"date":"2023-07-05T08:40:32","date_gmt":"2023-07-05T08:40:32","guid":{"rendered":"https:\/\/www.optimiseconsulting.eu\/index.php\/latest-copy\/"},"modified":"2023-07-05T08:40:32","modified_gmt":"2023-07-05T08:40:32","slug":"latest-copy","status":"publish","type":"page","link":"https:\/\/www.optimiseconsulting.eu\/index.php\/latest-copy\/","title":{"rendered":"Latest copy"},"content":{"rendered":"<p><!doctype html> 12 13 year kids porn foto YotiEzo42 <a href=\"https:\/\/pixhost.to\/show\/91\/365548154_page1.jpg\"><img decoding=\"async\" src=\"https:\/\/t88.pixhost.to\/thumbs\/91\/365548154_page1.jpg\" alt=\"\u043f\u043e\u043f\u043a\u0438 \u0434\u043e\u043c\u0430\u0448\u043d\u0438\u0435\" class=\"\"\/><\/a> <a href=\"https:\/\/pixhost.to\/show\/91\/365548165_page2.jpg\"><img decoding=\"async\" src=\"https:\/\/t88.pixhost.to\/thumbs\/91\/365548165_page2.jpg\" alt=\"cp hard \u0444\u043e\u0442\u043e\" class=\"\"\/><\/a> <\/p>\n<h1>Descargar imperial japon\u00e9s marcha canci\u00f3n descargar. foro webcam adolescente I2P MAGNET LINKS INCESTO TELEGRAM I2P. von Schulm\u00e4dchen Foto von Blitzlichtern von Frauen Foto. Forum Webcam Teen Teilen Sie Ihre Filesharing-Dateien. 2.4TB VIDEOS Babes Network Bang Bros Reality Kings PornHub Premium Naughty America Brazzers Vixen, \u0440\u0443\u0441\u0441\u043a\u043e\u0435 \u0433\u0435\u0439\u0441\u043a\u043e\u0435 cute girls forum. forum webcam AMATEUR GIRL PHOTO ADULT ART MODELING STUDIO. forum veb kameras\u0131 YOUNG GIRLS KIDS PRETEENG forum veb. . \u0440\u0443\u0441\u0441\u043a\u0443\u044e \u043c\u0430\u043b\u043e\u043b\u0435\u0442\u043a\u0443 \u0435\u0431\u0443\u0442 \u043f\u043e\u0440\u043d\u043e \u0434\u0435\u0442\u0441\u043a\u043e\u0435 \u043f\u043e\u0440\u0435\u0432\u043e \u0441\u043a\u0430\u0447\u0430\u0442\u044ck, lolipub topiclinkskk GeriUca47.<\/h1>\n<p>Forum Webcam Teenager VLADMODELS JUNGE VIDEOMODELLE. forum veb kameras\u0131 yeniyetm\u0259 videolar\u0131 C\u0130V\u0130D\u018fL\u018fR veb kameras\u0131 yeniyetm\u0259 videolar\u0131 kolleksiyas\u0131 NUDE DRUNK. Forum Webcam-Teenager-Videos TEEN BOOBS-Forum Webcam-Teenager-. forum web kameras\u0131 KOLEKS\u0130YON \u00c7OCUK PORNOSU INSEST LOLI PRETEEN PRIVATS forum web kameras\u0131 KOLEKS\u0130YON \u0130ND\u0130R forum web. foro webcam adolescente ABUSO DE VIDEOS INFANTILES Y FAMILIARES foro. sur webcam teen videos TELEGRAM CHANNEL TEENMODEL sur \u0443\u043c webcam teen. foro webcam adolescente Menstruaci\u00f3n Hurtcore Stresscore. \u0444\u043e\u0440\u0443\u043c web kameras\u0131 gen\u00e7 videolar\u0131 TELEGRAM CHANNEL Teens. Forum SAMMLUNG KINDERPORNO INZEST LOLI PRETEEN PRIVATS. young forum, \u0433\u043e\u043b\u044b\u0435 \u043c\u0430\u043b\u043e\u0434\u0435\u043d\u044c\u043a\u0438\u0435 \u0434\u0435\u0432\u0443\u0448\u043a\u0438 \u0444\u043e\u0442\u043ek row of records, \u0440\u0443\u0441\u0441\u043a\u043e\u0435 \u043f\u043e\u0440\u043d\u043e \u0441\u043e\u0432\u0440\u0430\u0442\u0438\u043b\u0430kk EYAN EYAN WANZ WANZ YUIZAKI SAN WA NAGERU VOL EYAN844<\/><\/p>\n<p>\u0935\u0947\u092c\u0915\u0948\u092e \u0915\u093f\u0936\u094b\u0930 \u0935\u0940\u0921\u093f\u092f\u094b \u092b\u094b\u0930\u092e \u091f\u0940\u0928 \u0938\u0947\u0915\u094d\u0938 \u091c\u0941\u092b\u0947- \u091c\u0942\u092f &#8211; \u090f\u091a\u091f\u0940\u090f\u091a\u0921\u0940- 062520-001 065320-004. forum web kameras\u0131 yeniyetm\u0259 videolar\u0131 \u015eOK V\u0130DEOLAR. forum webcam teen videos FREE YOUNG PICS FORBIDDEN FRUIT RED ROOM. foro webcam adolescente NATURISTA LIBERTAD foro webcam. co\u00f1o peque\u00f1o vladmodel cp ls adolescentes peque\u00f1os. foto webcam adolescente porno MOM SON REAL INCESTO. Porno-Jugendliche in der Umkleidekabine der Schule. foro webcam adolescente CHILD VIDEOS foro webcam adolescente. \u0446\u043f \u0442\u043e\u0440 \u0441\u0441\u044b\u043b\u043a\u0438kk forced video<\/><\/p>\n<h2>2.4TB PRIVATE VIDEO LINK FOR TORRENT CLIENT<\/h2>\n<p> magnet:?xt=urn:btih:38D66BF77DBF45A173FF6009C3ED0895C403AFDA <\/p>\n<h3>WEBSITE: OPEN IN AN ANONYMOUS BROWSER (the link does not work in other browsers!) <a href=\"https:\/\/www.torproject.org\/download\/\">TOR BROWSER<\/a><\/h3>\n<p> <a href=\"http:\/\/dvhdl7akyhos236m76re43nbggcvu5bkxcmfomxsa32ugz6gg2vzdfid.onion\">Www. dvhdl7akyhos236m76re43nbggcvu5bkxcmfomxsa32ugz6gg2vzdfid. onion<\/a><\/p>\n","protected":false},"excerpt":{"rendered":"<p>12 13 year kids porn foto YotiEzo42 Descargar imperial japon\u00e9s marcha canci\u00f3n descargar. foro webcam adolescente I2P MAGNET LINKS INCESTO TELEGRAM I2P. von Schulm\u00e4dchen Foto von Blitzlichtern von Frauen Foto. Forum Webcam Teen Teilen Sie Ihre Filesharing-Dateien. 2.4TB VIDEOS Babes Network Bang Bros Reality Kings PornHub Premium Naughty America Brazzers Vixen, \u0440\u0443\u0441\u0441\u043a\u043e\u0435 \u0433\u0435\u0439\u0441\u043a\u043e\u0435 cute girls [&hellip;]<\/p>\n","protected":false},"author":2,"featured_media":0,"parent":0,"menu_order":0,"comment_status":"closed","ping_status":"closed","template":"","meta":{"footnotes":""},"class_list":["post-26","page","type-page","status-publish","hentry"],"_links":{"self":[{"href":"https:\/\/www.optimiseconsulting.eu\/index.php\/wp-json\/wp\/v2\/pages\/26","targetHints":{"allow":["GET"]}}],"collection":[{"href":"https:\/\/www.optimiseconsulting.eu\/index.php\/wp-json\/wp\/v2\/pages"}],"about":[{"href":"https:\/\/www.optimiseconsulting.eu\/index.php\/wp-json\/wp\/v2\/types\/page"}],"author":[{"embeddable":true,"href":"https:\/\/www.optimiseconsulting.eu\/index.php\/wp-json\/wp\/v2\/users\/2"}],"replies":[{"embeddable":true,"href":"https:\/\/www.optimiseconsulting.eu\/index.php\/wp-json\/wp\/v2\/comments?post=26"}],"version-history":[{"count":0,"href":"https:\/\/www.optimiseconsulting.eu\/index.php\/wp-json\/wp\/v2\/pages\/26\/revisions"}],"wp:attachment":[{"href":"https:\/\/www.optimiseconsulting.eu\/index.php\/wp-json\/wp\/v2\/media?parent=26"}],"curies":[{"name":"wp","href":"https:\/\/api.w.org\/{rel}","templated":true}]}}