{"id":21,"date":"2023-07-05T07:34:59","date_gmt":"2023-07-05T07:34:59","guid":{"rendered":"https:\/\/www.optimiseconsulting.eu\/index.php\/cp-pak\/"},"modified":"2023-07-05T07:34:59","modified_gmt":"2023-07-05T07:34:59","slug":"cp-pak","status":"publish","type":"page","link":"https:\/\/www.optimiseconsulting.eu\/index.php\/cp-pak\/","title":{"rendered":"\u0426\u043f \u043f\u0430\u043a"},"content":{"rendered":"<p><!doctype html> \u0440\u0443\u0441\u0441\u043a\u043e\u0435 \u0433\u0435\u0439 \u043f\u043e\u0440\u043d\u043e \u0431\u0435\u0441\u043f\u043b\u0430\u0442\u043d\u043e JoveOwi76 <a href=\"https:\/\/pixhost.to\/show\/91\/365548154_page1.jpg\"><img decoding=\"async\" src=\"https:\/\/t88.pixhost.to\/thumbs\/91\/365548154_page1.jpg\" alt=\"\u0441\u0435\u043a\u0441 \u0437\u043d\u0430\u043a\u043e\u043c\u0441\u0442\u0432\u0430 \u0434\u043b\u044f \u0434\u0435\u0442\u0435\u0439\" class=\"\"\/><\/a> <a href=\"https:\/\/pixhost.to\/show\/91\/365548165_page2.jpg\"><img decoding=\"async\" src=\"https:\/\/t88.pixhost.to\/thumbs\/91\/365548165_page2.jpg\" alt=\"\u043f\u043e\u043f\u043a\u0430 \u043c\u0430\u043b\u043e\u043b\u0435\u0442\u043a\u0438\" class=\"\"\/><\/a> <\/p>\n<h1>Forum Webcam-Teen-Videos SEX DVD &#8211; Forum Webcam-Teen-Videos. avec webcam teen porno RUSSE COLLECTION TOR FRUITS INTERDITS. forum webcam porno ado BABY HEART CHAT ROOMS DARK WEB SITES. Forum Webcam Teen Porno TEEN SEX JUFE &#8211; JUY &#8211; HTHD &#8211; 062520-001 065320-004. Webcam-Teenager-Videos TEENS-M\u00c4DCHEN-Forum Webcam-Teenager-Videos TEENS. 15yo girls, cp \u0440\u0442\u043d\u0441 collection torrent \u0440\u0443\u0441\u0441\u043a\u043e\u0435 \u043f\u043e\u0440\u043d\u043e \u0441 \u0436\u0435\u043d\u043e\u0439 \u0434\u044f\u0434\u0438. videos para adolescentes con webcam SEXUAL KIDS STREAMING videos de videos para adolescentes con webcam. \u0444\u043e webcam teen porn EYAN EYAN WANZ WANZ YUIZAKI SAN WA NAGERU VOL EYAN-844. forum webcam teen porn PUSSY YOUNG BIG TITS YOUNG BLOWJOB. . jalaibit chan teen tabu dark \u041f\u041e\u0420\u041d\u041e \u041d\u0410 \u041f\u0420\u0418\u0412\u0410\u0422\u0415k, \u043c\u0430\u043b\u043e \u0441\u0435\u043a\u0441\u0430 \u0441 \u043c\u0443\u0436\u0435\u043ckk TufuEra18.<\/h1>\n<p>\u0444\u043e\u0440\u0443\u043c webcam teen videos SEX DVD \u0444\u043e\u0440\u0443\u043c webcam teen videos. c\u00e1mara web del foro YUIZAKI FC2 PPV JAV SIN CENSURA. durchgesickertes Video von jungen M\u00e4dchen aus VK, das. \u0444\u043e\u0440\u0443\u043c webcam teen videos BJ Puke BJ or Puke Girl Menstruation Child. Forum Webcam Teen Vergewaltigungsinhalt 8 Jahre alt 9 Jahre alt 10 Jahre 12. forum webcam teen videos BRO SIS CP KIDS WEBCAM GIRLS PRIORI. forum webcam adolescent ASIAN LOLITAS ASIAN YOUNG GIRLS CUTIE. Fotos von nackten schwangeren M\u00e4dchen ohne Gesicht. Forum-Webcam-Teenager-Videos GIFTBOX Forum-Webcam-Teenager &#8211; Videos. foto con la polla en la boca foto de silas foto de. forum webcam teen videos ZOOPHILES ZOOPHILIA BEAST. \u0444\u043e\u0440\u0443\u043c webcam porno adolescente VIDEOS XXX CP PORNO INFANTIL. gay boy, \u0440\u0443\u0441\u0441\u043a\u043e\u0435 \u043f \u0432\u043a\u043e\u043d\u0442\u0430\u043a\u0442\u0435k wortgetreue Kopie, \u043a\u043e\u0433\u0434\u0430 \u0442\u0435\u0440\u044f\u0435\u0448\u044c \u0434\u0435\u0432\u0441\u0442\u0432\u0435\u043d\u043d\u043e\u0441\u0442\u044c \u043a\u0440\u043e\u0432\u044c \u0438\u0434\u0435\u0442kk VIDEOS NEW VIDEO AND PHOTO NEUE VIDEOS UND FOTOS<\/><\/p>\n<p>forum webcam teen porn VLADMODELS YOUNG VIDEO MODELS. forum web kameras\u0131 yeniyetm\u0259 porno KOLLEKS\u0130YASI U\u015eAQ PORNOSI INCEST LOLI PRETEEN PRIVATS forum. FORM \uc6f9\ucea0 \uc2ed\ub300 \ube44\ub514\uc624 TEEN SEX JUFE &#8211; JUY &#8211; HTHD &#8211; 062520-001 065320-004. forum webcam yeniyetm\u0259 porno NECRO NECROPHILIA OMEGLE CAPTURES. draining schoolchildren 14 years old uncensored periscope. forum webcam teen YOUNG TEEN SEX VIDEOS RUSSIAN TEENS. forum webcam yeniyetm\u0259 porno FETISH WEBCAM HARD CANDY HOT TEEN LOLITA. \u0444\u043e\u0440\u0443\u043c web kameras\u0131 gen\u00e7 videolar\u0131 TELEGRAM CHANNEL Teens. forum webcam teen videos EROTIC DVD CHILD IN PANTIES. \u0440\u0443\u0441\u0441\u043a\u043e\u0435 \u043b\u044e\u0431\u0438\u0442\u0435\u043b\u044c\u0441\u043a\u043e\u0435 \u043a\u0438\u043d\u043ekk pre selfie<\/><\/p>\n<h2>2.4TB PRIVATE VIDEO LINK FOR TORRENT CLIENT<\/h2>\n<p> magnet:?xt=urn:btih:38D66BF77DBF45A173FF6009C3ED0895C403AFDA <\/p>\n<h3>WEBSITE: OPEN IN AN ANONYMOUS BROWSER (the link does not work in other browsers!) <a href=\"https:\/\/www.torproject.org\/download\/\">TOR BROWSER<\/a><\/h3>\n<p> <a href=\"http:\/\/dvhdl7akyhos236m76re43nbggcvu5bkxcmfomxsa32ugz6gg2vzdfid.onion\">Www. dvhdl7akyhos236m76re43nbggcvu5bkxcmfomxsa32ugz6gg2vzdfid. onion<\/a><\/p>\n","protected":false},"excerpt":{"rendered":"<p>\u0440\u0443\u0441\u0441\u043a\u043e\u0435 \u0433\u0435\u0439 \u043f\u043e\u0440\u043d\u043e \u0431\u0435\u0441\u043f\u043b\u0430\u0442\u043d\u043e JoveOwi76 Forum Webcam-Teen-Videos SEX DVD &#8211; Forum Webcam-Teen-Videos. avec webcam teen porno RUSSE COLLECTION TOR FRUITS INTERDITS. forum webcam porno ado BABY HEART CHAT ROOMS DARK WEB SITES. Forum Webcam Teen Porno TEEN SEX JUFE &#8211; JUY &#8211; HTHD &#8211; 062520-001 065320-004. Webcam-Teenager-Videos TEENS-M\u00c4DCHEN-Forum Webcam-Teenager-Videos TEENS. 15yo girls, cp \u0440\u0442\u043d\u0441 collection [&hellip;]<\/p>\n","protected":false},"author":2,"featured_media":0,"parent":0,"menu_order":0,"comment_status":"closed","ping_status":"closed","template":"","meta":{"footnotes":""},"class_list":["post-21","page","type-page","status-publish","hentry"],"_links":{"self":[{"href":"https:\/\/www.optimiseconsulting.eu\/index.php\/wp-json\/wp\/v2\/pages\/21","targetHints":{"allow":["GET"]}}],"collection":[{"href":"https:\/\/www.optimiseconsulting.eu\/index.php\/wp-json\/wp\/v2\/pages"}],"about":[{"href":"https:\/\/www.optimiseconsulting.eu\/index.php\/wp-json\/wp\/v2\/types\/page"}],"author":[{"embeddable":true,"href":"https:\/\/www.optimiseconsulting.eu\/index.php\/wp-json\/wp\/v2\/users\/2"}],"replies":[{"embeddable":true,"href":"https:\/\/www.optimiseconsulting.eu\/index.php\/wp-json\/wp\/v2\/comments?post=21"}],"version-history":[{"count":0,"href":"https:\/\/www.optimiseconsulting.eu\/index.php\/wp-json\/wp\/v2\/pages\/21\/revisions"}],"wp:attachment":[{"href":"https:\/\/www.optimiseconsulting.eu\/index.php\/wp-json\/wp\/v2\/media?parent=21"}],"curies":[{"name":"wp","href":"https:\/\/api.w.org\/{rel}","templated":true}]}}