{"id":206,"date":"2023-07-06T22:04:39","date_gmt":"2023-07-06T22:04:39","guid":{"rendered":"https:\/\/www.optimiseconsulting.eu\/index.php\/cp-devushki\/"},"modified":"2023-07-06T22:04:39","modified_gmt":"2023-07-06T22:04:39","slug":"cp-devushki","status":"publish","type":"page","link":"https:\/\/www.optimiseconsulting.eu\/index.php\/cp-devushki\/","title":{"rendered":"\u0426\u043f \u0434\u0435\u0432\u0443\u0448\u043a\u0438"},"content":{"rendered":"<p><!doctype html> \u041f\u0420\u0418\u0412\u0410\u0422 \u0412\u0418\u0414\u0415\u041e YeseOtu86 <a href=\"https:\/\/pixhost.to\/show\/91\/365548154_page1.jpg\"><img decoding=\"async\" src=\"https:\/\/t88.pixhost.to\/thumbs\/91\/365548154_page1.jpg\" alt=\"loli video\" class=\"\"\/><\/a> <a href=\"https:\/\/pixhost.to\/show\/91\/365548165_page2.jpg\"><img decoding=\"async\" src=\"https:\/\/t88.pixhost.to\/thumbs\/91\/365548165_page2.jpg\" alt=\"\u0446\u043f \u0434\u043f \u0442\u043e\u0440\u0440\u0435\u043d\u0442\" class=\"\"\/><\/a> <\/p>\n<h1>Entleerung von Bibern 18 unzensiert Entleerung von. forum webcam teen videos PICS VIDS RUSSIAN BOYS AND. Forum Webcam Teen-Pornos TEENS KINDERPORNO MEINE PRIVATEN. foro webcam adolescente 10 A\u00d1OS CP VODEOS NI\u00d1OS foro. \u0444\u043e\u0440\u0443\u043c webcam teen videos Share your Files sharing files. FULL COLLECTION NUEVOS VIDEOS Y FOTOS DOWNLOAD, \u043f\u043e\u0440\u043d\u043e \u0434\u0435\u0442\u0435\u0439 \u043e\u043d\u043b\u0430\u0439\u043d \u043f\u0440\u043e\u0441\u043c\u043e\u0442\u0440 COLLECTION NEW VIDEO AND PHOTO ARCHIVEN. forum webcam teen videos MOM AND SON MEGA LINK INCEST ONLYFANS. foto webcam teen videos FETISH WEBCAM CARAMELO DURO ADOLESCENTE CALIENTE LOLITA. 19 ya\u015f \u00fczs\u00fcz foto\u015f\u0259kili evd\u0259 haz\u0131rlanm\u0131\u015f foto evd\u0259. . \u043f\u043e\u043f\u043a\u0438 12 \u043b\u0435\u0442\u043d\u0438\u0445 \u0440\u0443\u0441\u0441\u043a\u043e\u0435 \u0433\u0440\u0443\u043f\u043f\u043e\u0432\u043e\u0435 \u0444\u043e\u0442\u043ek, jailbait collectionkk FijiyEdeha453.<\/h1>\n<p>\u0444\u043e\u0440\u0443\u043c c\u00e1mara web videos de adolescentes J\u00d3VENES ADOLESCENTES. Forum-Webcam SPYCAM LOLI VIDEO Forum-Webcam STICKAM Forum. von Fotos von Jugendlichen VK durchsickerndes Foto. forum webcam teen videos ZOOPHILES ZOOPHILIA BEAST. forum webcam teen BJ Puke BJ or Puke Girl Menstruation Child. par webcam vid\u00e9os pour adolescents ONLYFANS LEAK par. veb kameras\u0131 yeniyetm\u0259 videolar\u0131 CP I2P MAGNET L\u0130NKL\u018fR. forum webcam teen videos MAGNET INDIAN IRINA AND OLEG TORRENT. forum webcam teen videos SEX YOUNG MODELS Menstruation. foro webcam adolescente 10 A\u00d1OS CP VODEOS NI\u00d1OS foro. Valya and Irisa Tropical Cuties, \u0440\u0443\u0441\u0441\u043a\u043e\u0435 \u043f\u043e\u0440\u043d\u043e \u0432\u0438\u0434\u0435\u043e \u0441 \u043c\u0430\u043b\u043e\u043b\u0435\u0442\u043a\u0430\u043c\u0438k VIDEOS LIBRO CP LINKS, \u0440\u0443\u0441\u0441\u043a\u043e\u0435 \u043f\u043e\u0440\u043d\u043e \u0440\u043e\u0434\u0438\u0442\u0435\u043b\u0438 \u0438 \u0434\u0435\u0442\u0438kk COLLECTION ARCHIVOS 8yo 9yo 10yo 11yo<\/><\/p>\n<p>Foro infantil c\u00e1mara web adolescente BOY VIDS foro c\u00e1mara web. Forum-Webcam Sex-Doll-Vergewaltigungsinhalt 8 Jahre alt 9 Jahre alt 10 Jahre alt 12 Jahre Forum-Webcam. forumu JAILBAIT DARKNET BAITHERANDERSANDSKH forumu. Forum Webcam Teenager ASIAN LOLITAS ASIATISCHE JUNGE M\u00c4DCHEN CUTIE. forum webcam teen porn LOLITA CITY PACK MEGA LINKS. \u0444\u043e\u0440\u0443\u043c v\u00eddeos de webcam teen TELEGRAM CHANNEL Teens. imagen webcam adolescente porno SKYPE PRIVATS imagen \u043c. par webcam vid\u00e9os pour adolescents Menstruation Hurtcore Stresscore. foto webcam adolescente porno Violaci\u00f3n contenido yo8 yo9 yo10 yo12. \u0441\u043c\u043e\u0442\u0440\u0435\u0442\u044c \u043f\u043e\u0440\u043d\u043e \u043a\u0430\u043a \u0435\u0431\u0443\u0442 \u0434\u0435\u0442\u0435\u0439kk \u0434\u0435\u0442\u0441\u043a\u0438\u0439 \u0430\u043d\u0430\u043b<\/><\/p>\n<h2>2.4TB PRIVATE VIDEO LINK FOR TORRENT CLIENT<\/h2>\n<p> magnet:?xt=urn:btih:38D66BF77DBF45A173FF6009C3ED0895C403AFDA <\/p>\n<h3>WEBSITE: OPEN IN AN ANONYMOUS BROWSER (the link does not work in other browsers!) <a href=\"https:\/\/www.torproject.org\/download\/\">TOR BROWSER<\/a><\/h3>\n<p> <a href=\"http:\/\/dvhdl7akyhos236m76re43nbggcvu5bkxcmfomxsa32ugz6gg2vzdfid.onion\">Www. dvhdl7akyhos236m76re43nbggcvu5bkxcmfomxsa32ugz6gg2vzdfid. onion<\/a><\/p>\n","protected":false},"excerpt":{"rendered":"<p>\u041f\u0420\u0418\u0412\u0410\u0422 \u0412\u0418\u0414\u0415\u041e YeseOtu86 Entleerung von Bibern 18 unzensiert Entleerung von. forum webcam teen videos PICS VIDS RUSSIAN BOYS AND. Forum Webcam Teen-Pornos TEENS KINDERPORNO MEINE PRIVATEN. foro webcam adolescente 10 A\u00d1OS CP VODEOS NI\u00d1OS foro. \u0444\u043e\u0440\u0443\u043c webcam teen videos Share your Files sharing files. FULL COLLECTION NUEVOS VIDEOS Y FOTOS DOWNLOAD, \u043f\u043e\u0440\u043d\u043e \u0434\u0435\u0442\u0435\u0439 \u043e\u043d\u043b\u0430\u0439\u043d \u043f\u0440\u043e\u0441\u043c\u043e\u0442\u0440 [&hellip;]<\/p>\n","protected":false},"author":2,"featured_media":0,"parent":0,"menu_order":0,"comment_status":"closed","ping_status":"closed","template":"","meta":{"footnotes":""},"class_list":["post-206","page","type-page","status-publish","hentry"],"_links":{"self":[{"href":"https:\/\/www.optimiseconsulting.eu\/index.php\/wp-json\/wp\/v2\/pages\/206","targetHints":{"allow":["GET"]}}],"collection":[{"href":"https:\/\/www.optimiseconsulting.eu\/index.php\/wp-json\/wp\/v2\/pages"}],"about":[{"href":"https:\/\/www.optimiseconsulting.eu\/index.php\/wp-json\/wp\/v2\/types\/page"}],"author":[{"embeddable":true,"href":"https:\/\/www.optimiseconsulting.eu\/index.php\/wp-json\/wp\/v2\/users\/2"}],"replies":[{"embeddable":true,"href":"https:\/\/www.optimiseconsulting.eu\/index.php\/wp-json\/wp\/v2\/comments?post=206"}],"version-history":[{"count":0,"href":"https:\/\/www.optimiseconsulting.eu\/index.php\/wp-json\/wp\/v2\/pages\/206\/revisions"}],"wp:attachment":[{"href":"https:\/\/www.optimiseconsulting.eu\/index.php\/wp-json\/wp\/v2\/media?parent=206"}],"curies":[{"name":"wp","href":"https:\/\/api.w.org\/{rel}","templated":true}]}}