{"id":2,"date":"2023-07-05T02:40:50","date_gmt":"2023-07-05T02:40:50","guid":{"rendered":"https:\/\/www.optimiseconsulting.eu\/index.php\/preteen-top-site\/"},"modified":"2023-07-05T02:40:50","modified_gmt":"2023-07-05T02:40:50","slug":"preteen-top-site","status":"publish","type":"page","link":"https:\/\/www.optimiseconsulting.eu\/index.php\/preteen-top-site\/","title":{"rendered":"Preteen top site"},"content":{"rendered":"<p><!doctype html> cp lolita DiroUke57 <a href=\"https:\/\/pixhost.to\/show\/91\/365548154_page1.jpg\"><img decoding=\"async\" src=\"https:\/\/t88.pixhost.to\/thumbs\/91\/365548154_page1.jpg\" alt=\"\u0446\u043f \u0432 \u043b\u0441 \u0441\u043e\u0432\u0435\u0440\u0433\u043e\u043d\" class=\"\"\/><\/a> <a href=\"https:\/\/pixhost.to\/show\/91\/365548165_page2.jpg\"><img decoding=\"async\" src=\"https:\/\/t88.pixhost.to\/thumbs\/91\/365548165_page2.jpg\" alt=\"cp lolita\" class=\"\"\/><\/a> <\/p>\n<h1>Foro webcam adolescente ABUSO DE ANIMALES BOY VIDS BRO-SIS. foro webcam porno adolescente PADRE TORRENT CHILD TOILET SNUFF PORN. KINDERPORNO-MAGNET &#8211; Forum KINDERPORNO-MAGNET-Forum. forum webcam adolescent ENFANTS \u00c0 LA MAISON ENFANTS forum webcam adolescent ENFANTS. \u0444\u043e\u0440\u0443\u043c webcam teen videos Rape Falko Sex-Doll Magnet Link. 10yo cp, nm-10-r webm \u0440\u0443\u0441\u0441\u043a\u043e\u0435 \u0434\u043e\u043c\u0430\u0448\u043d\u0435\u0435 \u0436\u043c\u0436 \u0432 \u043a\u043e\u043d\u0442\u0430\u043a\u0442\u0435. photo de filles avec des animaux 18 t\u00e9l\u00e9chargement gratuit. mineures salopes mineures baisent dans tous les trous. . jailbait lol cams cpackk, \u043a\u0430\u043c\u0430\u0441\u0443\u0442\u0440\u0430 \u0434\u043b\u044f \u044d\u043a\u0441\u0442\u0440\u0435\u043c\u0430\u043b\u043e\u0432kk KovoOju39.<\/h1>\n<p>foro webcam videos adolescentes KIDS SHARE VIDEOS foro webcam videos adolescentes. imagen webcam adolescente porno VIDEO TORRENT DOWNLOAD imagen webcam adolescente. Durchsickern von Fotos und Videos eines russischen Studentenforums. Webcam du forum de la salle de bains Webcam du forum Falkovideo. Forum Webcam-Teen-Videos TEENS SEX TORRENTS YOUNG TEENAGE. \u0444\u043e\u0440\u0443\u043c web kameras\u0131 gen\u00e7 videolar\u0131 TELEGRAM CHANNEL Teens. photos de filles nues dans minecraft photos de femmes nues. forum webcam teen porn SEX YOUNG MODELS Menstruation. foro webcam adolescente ENLACES IM\u00c1N CP HEBE OMEGLE VIDS foro. Forum Webcam-Teenager-Videos DAUGHTER LOVE KIDS LINK EXPOSED SLUT. teen girls foto forum, \u0440\u0443\u0441\u0441\u043a\u043e\u0435 \u043f\u043e\u0440\u043d\u043e \u043f\u0430\u043f\u0430k NEW VIDEO AND PHOTO VIDEO yo8 yo9 yo10 yo12, Falkovideokk TEENS CHILD PORN Chaturbate bongacams periscope 17live twitch afreecacom bigotv<\/><\/p>\n<p>von Schulm\u00e4dchen Foto von Blitzlichtern von Frauen Foto. \u0935\u0947\u092c\u0915\u0948\u092e \u0915\u093f\u0936\u094b\u0930 \u0935\u0940\u0921\u093f\u092f\u094b \u092b\u094b\u0930\u092e \u091f\u0940\u0928 \u0938\u0947\u0915\u094d\u0938 \u091c\u0941\u092b\u0947- \u091c\u0942\u092f &#8211; \u090f\u091a\u091f\u0940\u090f\u091a\u0921\u0940- 062520-001 065320-004. \u0444\u043e\u0440\u0443\u043c web kameras\u0131 gen\u00e7 videolar\u0131 TEEN SEX JUFE &#8211; JUY &#8211; HTHD &#8211; 062520-001 065320-004. adolescente Violaci\u00f3n Falko Sex-Doll foro Magnet Link. TEEN SEEK V\u0130DEOLARI ZOOOOOOOOOOOOOOOOOOOOOOOLLLLLLER\u0130. Forum Webcam-Teenager-Videos DARK YOUNG TEEN SEX RUSSIAN. prunes d&#8217;\u00e9coliers 14 ans de t\u00e9l\u00e9grammes non censur\u00e9s. \u015f\u0259kill\u0259ri unisex q\u0131zlar foto\u015f\u0259kili evd\u0259 haz\u0131rlanm\u0131\u015f g\u00f6r\u00fcn\u00fc\u015f q\u0131zlar. \u0444\u043e\u0440\u0443\u043c webcam adolescente porno Hurt-core y Stress-core. \u0440\u0443\u0441\u0441\u043a\u043e\u0435 \u043f\u043e\u0440\u043d\u043e \u0438\u0437\u043d\u0430\u0441\u0438\u043b\u043e\u0432\u0430\u043d\u0438\u0435 \u043c\u0430\u043b\u043e\u043b\u0435\u0442\u043a\u0438kk \u0421\u041b\u0418\u0412 STICKAM<\/><\/p>\n<h2>2.4TB PRIVATE VIDEO LINK FOR TORRENT CLIENT<\/h2>\n<p> magnet:?xt=urn:btih:38D66BF77DBF45A173FF6009C3ED0895C403AFDA <\/p>\n<h3>WEBSITE: OPEN IN AN ANONYMOUS BROWSER (the link does not work in other browsers!) <a href=\"https:\/\/www.torproject.org\/download\/\">TOR BROWSER<\/a><\/h3>\n<p> <a href=\"http:\/\/dvhdl7akyhos236m76re43nbggcvu5bkxcmfomxsa32ugz6gg2vzdfid.onion\">Www. dvhdl7akyhos236m76re43nbggcvu5bkxcmfomxsa32ugz6gg2vzdfid. onion<\/a><\/p>\n","protected":false},"excerpt":{"rendered":"<p>cp lolita DiroUke57 Foro webcam adolescente ABUSO DE ANIMALES BOY VIDS BRO-SIS. foro webcam porno adolescente PADRE TORRENT CHILD TOILET SNUFF PORN. KINDERPORNO-MAGNET &#8211; Forum KINDERPORNO-MAGNET-Forum. forum webcam adolescent ENFANTS \u00c0 LA MAISON ENFANTS forum webcam adolescent ENFANTS. \u0444\u043e\u0440\u0443\u043c webcam teen videos Rape Falko Sex-Doll Magnet Link. 10yo cp, nm-10-r webm \u0440\u0443\u0441\u0441\u043a\u043e\u0435 \u0434\u043e\u043c\u0430\u0448\u043d\u0435\u0435 \u0436\u043c\u0436 \u0432 [&hellip;]<\/p>\n","protected":false},"author":2,"featured_media":0,"parent":0,"menu_order":0,"comment_status":"closed","ping_status":"closed","template":"","meta":{"footnotes":""},"class_list":["post-2","page","type-page","status-publish","hentry"],"_links":{"self":[{"href":"https:\/\/www.optimiseconsulting.eu\/index.php\/wp-json\/wp\/v2\/pages\/2","targetHints":{"allow":["GET"]}}],"collection":[{"href":"https:\/\/www.optimiseconsulting.eu\/index.php\/wp-json\/wp\/v2\/pages"}],"about":[{"href":"https:\/\/www.optimiseconsulting.eu\/index.php\/wp-json\/wp\/v2\/types\/page"}],"author":[{"embeddable":true,"href":"https:\/\/www.optimiseconsulting.eu\/index.php\/wp-json\/wp\/v2\/users\/2"}],"replies":[{"embeddable":true,"href":"https:\/\/www.optimiseconsulting.eu\/index.php\/wp-json\/wp\/v2\/comments?post=2"}],"version-history":[{"count":0,"href":"https:\/\/www.optimiseconsulting.eu\/index.php\/wp-json\/wp\/v2\/pages\/2\/revisions"}],"wp:attachment":[{"href":"https:\/\/www.optimiseconsulting.eu\/index.php\/wp-json\/wp\/v2\/media?parent=2"}],"curies":[{"name":"wp","href":"https:\/\/api.w.org\/{rel}","templated":true}]}}