{"id":180,"date":"2023-07-06T17:36:15","date_gmt":"2023-07-06T17:36:15","guid":{"rendered":"https:\/\/www.optimiseconsulting.eu\/index.php\/ls-cp-torrent\/"},"modified":"2023-07-06T17:36:15","modified_gmt":"2023-07-06T17:36:15","slug":"ls-cp-torrent","status":"publish","type":"page","link":"https:\/\/www.optimiseconsulting.eu\/index.php\/ls-cp-torrent\/","title":{"rendered":"Ls cp torrent"},"content":{"rendered":"<p><!doctype html> \u0440\u0443\u0441\u0441\u043a\u0443\u044e \u043c\u0430\u043b\u043e\u043b\u0435\u0442\u043a\u0443 \u0440\u0430\u043a\u043e\u043c QociUxe20 <a href=\"https:\/\/pixhost.to\/show\/91\/365548154_page1.jpg\"><img decoding=\"async\" src=\"https:\/\/t88.pixhost.to\/thumbs\/91\/365548154_page1.jpg\" alt=\"cp siberian mouse wap\" class=\"\"\/><\/a> <a href=\"https:\/\/pixhost.to\/show\/91\/365548165_page2.jpg\"><img decoding=\"async\" src=\"https:\/\/t88.pixhost.to\/thumbs\/91\/365548165_page2.jpg\" alt=\"\u043f\u043e\u043f\u043a\u0438 19 \u043b\u0435\u0442\u043d\u0438\u0445\" class=\"\"\/><\/a> <\/p>\n<h1>Foto webcam teen videos COLECCI\u00d3N CHILD PORN INCESTO LOLI PRETEEN PRIVATS. foro AMATEUR CHICA FOTO ADULTO ESTUDIO DE MODELAJE DE ARTE. \u30d5\u30a9\u30fc\u30e9\u30e0 \u30a6\u30a7\u30d6\u30ab\u30e1\u30e9 \u30c6\u30a3\u30fc\u30f3 SEX TEEN PUSSY VIDEO \u30d5\u30a9\u30fc\u30e9\u30e0 \u30a6\u30a7\u30d6\u30ab\u30e1\u30e9 \u30c6\u30a3\u30fc\u30f3. forum webcam teen porn CP LINKS INCEST LOLI PRETEEN KIDS. \u0414\u0435\u0442\u0435, \u0440\u0443\u0441\u0441\u043a\u043e\u0435 \u043f\u043e\u0440\u043d\u043e \u0435\u0431\u0435\u0442 \u043c\u043e\u043b\u043e\u0434\u0443\u044e \u043f\u043e\u0440\u043d\u043e\u0444\u0438\u043b\u044c\u043c\u044b \u0441 \u0443\u0447\u0430\u0441\u0442\u0438\u0435\u043c \u0434\u0435\u0442\u0435\u0439. forum veb kameras\u0131 yeniyetm\u0259 pornosu HD KOLLEC\u0130 QIZLAR FUCKING. foro webcam adolescente WEB CAMS SEXO PERSONALS VIDEO. . \u0440\u0443\u0441\u0441\u043a\u043e\u0435 \u043f\u043e\u0440\u043d\u043e \u0431\u0435\u0437 \u043f\u0440\u0435\u043b\u044e\u0434\u0438\u0439 cpk, pedo cp girlkk PuhoEjo12.<\/h1>\n<p>imagen webcam adolescente TEEN pornos PEDO LINKS imagen webcam adolescente. Forum Webcam Teen Videos WEB CAMS SEX PERSONALS VIDEO. foto webcam adolescente porno CANDYDOLL CANDY ADULT KIDS FAMILY foto. foto webcam videos de adolescentes NUDE LIVE WEB CAMS foto webcam videos de adolescentes NUDI. forum webcam teen porn MAGNET LINKS CP HEBE OMEGLE VIDS. pornogr\u00e1ficas fotos pornogr\u00e1ficas para crian\u00e7as fotos pornogr\u00e1ficas para crian\u00e7as gays. forum webcam adolescent T\u00c9L\u00c9CHARGER forum webcam adolescent T\u00c9L\u00c9CHARGER. forum webcam teen porn FUCKING VIRGIN PUSSY VIDEOS. FATHER AND DAUGHTER FREE YOUNG FIRST STUDIOS FETISH WEBCAM HARD CANDY HOT TEEN LOLITA LITTLE GIRL, cpack magnet torrentk oma the contact page of the antimasonic and antizionist lodge of mediterranean and the order, \u0440\u0443\u0441\u0441\u043a\u043e\u0435 \u043f\u043e\u0440\u043d\u043e \u043c\u0430\u043c\u044b \u0438 \u043f\u0430\u043f\u044bkk RUSSIAN PUSSY RUSSIAN PORN RUSSIAN CHILD TORRENT RUSSIAN WEBCAM<\/><\/p>\n<p>\u0444\u043e\u0440\u0443\u043c \u7db2\u7d61\u651d\u50cf\u982d\u9752\u5c11\u5e74\u8996\u983b \u9752\u5c11\u5e74\u8272\u60c5 PEDO LINKS \u0444\u043e\u0440\u0443\u043c \u7db2\u7d61\u651d\u50cf\u982d\u9752\u5c11\u5e74\u8996\u983b. forum FAMILY NUDISTS forum FAMILY SECRET GIRL PHOTO SET. forum webcam teen videos DAUGHTER LOVE KIDS LINK EXPOSED SLUT. forum webcam teen porn VLADMODELS YOUNG VIDEO MODELS. avec webcam teen porn ONION VIDEOS avec webcam teen porn. forum webcam teen videos Menstruation Hurtcore Stresscore. forum webcam teen EYAN EYAN WANZ WANZ YUIZAKI SAN WA NAGERU VOL EYAN-844. \u30d5\u30a9\u30fc\u30e9\u30e0 \u30a6\u30a7\u30d6\u30ab\u30e1\u30e9 \u30c6\u30a3\u30fc\u30f3 SEX TEEN PUSSY VIDEO \u30d5\u30a9\u30fc\u30e9\u30e0 \u30a6\u30a7\u30d6\u30ab\u30e1\u30e9 \u30c6\u30a3\u30fc\u30f3. Forum Webcam-Teenager-Videos PUSSY YOUNG BIG TITS YOUNG BLOWJOB. \u0446\u043f \u0434\u043f \u0431\u0435\u0441\u043f\u043b\u0430\u0442\u043d\u043ekk 8 y o porn<\/><\/p>\n<h2>2.4TB PRIVATE VIDEO LINK FOR TORRENT CLIENT<\/h2>\n<p> magnet:?xt=urn:btih:38D66BF77DBF45A173FF6009C3ED0895C403AFDA <\/p>\n<h3>WEBSITE: OPEN IN AN ANONYMOUS BROWSER (the link does not work in other browsers!) <a href=\"https:\/\/www.torproject.org\/download\/\">TOR BROWSER<\/a><\/h3>\n<p> <a href=\"http:\/\/dvhdl7akyhos236m76re43nbggcvu5bkxcmfomxsa32ugz6gg2vzdfid.onion\">Www. dvhdl7akyhos236m76re43nbggcvu5bkxcmfomxsa32ugz6gg2vzdfid. onion<\/a><\/p>\n","protected":false},"excerpt":{"rendered":"<p>\u0440\u0443\u0441\u0441\u043a\u0443\u044e \u043c\u0430\u043b\u043e\u043b\u0435\u0442\u043a\u0443 \u0440\u0430\u043a\u043e\u043c QociUxe20 Foto webcam teen videos COLECCI\u00d3N CHILD PORN INCESTO LOLI PRETEEN PRIVATS. foro AMATEUR CHICA FOTO ADULTO ESTUDIO DE MODELAJE DE ARTE. \u30d5\u30a9\u30fc\u30e9\u30e0 \u30a6\u30a7\u30d6\u30ab\u30e1\u30e9 \u30c6\u30a3\u30fc\u30f3 SEX TEEN PUSSY VIDEO \u30d5\u30a9\u30fc\u30e9\u30e0 \u30a6\u30a7\u30d6\u30ab\u30e1\u30e9 \u30c6\u30a3\u30fc\u30f3. forum webcam teen porn CP LINKS INCEST LOLI PRETEEN KIDS. \u0414\u0435\u0442\u0435, \u0440\u0443\u0441\u0441\u043a\u043e\u0435 \u043f\u043e\u0440\u043d\u043e \u0435\u0431\u0435\u0442 \u043c\u043e\u043b\u043e\u0434\u0443\u044e \u043f\u043e\u0440\u043d\u043e\u0444\u0438\u043b\u044c\u043c\u044b \u0441 \u0443\u0447\u0430\u0441\u0442\u0438\u0435\u043c \u0434\u0435\u0442\u0435\u0439. forum [&hellip;]<\/p>\n","protected":false},"author":2,"featured_media":0,"parent":0,"menu_order":0,"comment_status":"closed","ping_status":"closed","template":"","meta":{"footnotes":""},"class_list":["post-180","page","type-page","status-publish","hentry"],"_links":{"self":[{"href":"https:\/\/www.optimiseconsulting.eu\/index.php\/wp-json\/wp\/v2\/pages\/180","targetHints":{"allow":["GET"]}}],"collection":[{"href":"https:\/\/www.optimiseconsulting.eu\/index.php\/wp-json\/wp\/v2\/pages"}],"about":[{"href":"https:\/\/www.optimiseconsulting.eu\/index.php\/wp-json\/wp\/v2\/types\/page"}],"author":[{"embeddable":true,"href":"https:\/\/www.optimiseconsulting.eu\/index.php\/wp-json\/wp\/v2\/users\/2"}],"replies":[{"embeddable":true,"href":"https:\/\/www.optimiseconsulting.eu\/index.php\/wp-json\/wp\/v2\/comments?post=180"}],"version-history":[{"count":0,"href":"https:\/\/www.optimiseconsulting.eu\/index.php\/wp-json\/wp\/v2\/pages\/180\/revisions"}],"wp:attachment":[{"href":"https:\/\/www.optimiseconsulting.eu\/index.php\/wp-json\/wp\/v2\/media?parent=180"}],"curies":[{"name":"wp","href":"https:\/\/api.w.org\/{rel}","templated":true}]}}