{"id":17,"date":"2023-07-05T05:59:13","date_gmt":"2023-07-05T05:59:13","guid":{"rendered":"https:\/\/www.optimiseconsulting.eu\/index.php\/child-teen-porn\/"},"modified":"2023-07-05T05:59:13","modified_gmt":"2023-07-05T05:59:13","slug":"child-teen-porn","status":"publish","type":"page","link":"https:\/\/www.optimiseconsulting.eu\/index.php\/child-teen-porn\/","title":{"rendered":"Child teen porn"},"content":{"rendered":"<p><!doctype html> 16 years old girl QuveUro42 <a href=\"https:\/\/pixhost.to\/show\/91\/365548154_page1.jpg\"><img decoding=\"async\" src=\"https:\/\/t88.pixhost.to\/thumbs\/91\/365548154_page1.jpg\" alt=\"pedomom pics torrent\" class=\"\"\/><\/a> <a href=\"https:\/\/pixhost.to\/show\/91\/365548165_page2.jpg\"><img decoding=\"async\" src=\"https:\/\/t88.pixhost.to\/thumbs\/91\/365548165_page2.jpg\" alt=\"\u0440\u0443\u0441\u0441\u043a\u043e\u0435 \u0433\u0435\u0439 \u043f\u043e\u0440\u043d\u043e \u0432 \u0440\u043e\u0442\" class=\"\"\/><\/a> <\/p>\n<h1>Video gay adolescente corriente desnuda adolescente vk. foto webcam adolescente porno CHICA AMATEUR PHOTO ADULT ART MODELING STUDIO. forum webcam teen porn Share your Files sharing files. 14yo models, \u0440\u0443\u0441\u0441\u043a\u043e\u0435 \u0433\u0435\u0439 \u043f\u043e\u0440\u043d\u043e \u0436\u0435\u0441\u0442\u044c FULL COLLECTION ARCHIVOS BUCH. webcam forum MEGA LINKS PRIVATS VIDEOS TORRENT DOWNLOAD. \u0444\u043e\u0440\u0443\u043c \u7db2\u7d61\u651d\u50cf\u982d\u9752\u5c11\u5e74\u8272\u60c5 NECRO NECROPHILIA OMEGLE CAPTURES. forum web kamera yeniyetm\u0259 porno TEENS HOME ASIAN TEEN. . child cp sexy videos 9yo jennyk, ls girl pornkk LinaIsa21.<\/h1>\n<p>foro webcam adolescente LOLICON foro webcam adolescente. \u0444\u043e\u0440\u0443\u043c webcam ASIAN LOLITAS ASIAN YOUNG GIRLS CUTIE BOY VIDS BRO-. \u0905\u0936\u094d\u0932\u0940\u0932 \u0932\u0921\u093c\u0915\u093f\u092f\u093e\u0901 \u0935\u0940\u0915\u0947 \u092e\u0947\u0902 16 \u0935\u0940\u0915\u0947 \u092e\u0947\u0902 \u0905\u0936\u094d\u0932\u0940\u0932 \u0932\u0921\u093c\u0915\u093f\u092f\u093e\u0901 \u0935\u0940\u0915\u0947 \u092e\u0947\u0902 18 \u0935\u0940\u0915\u0947 \u092e\u0947\u0902 \u0905\u0936\u094d\u0932\u0940\u0932 \u0932\u0921\u093c\u0915\u093f\u092f\u093e\u0901 \u0935\u0940\u0915\u0947 \u092e\u0947\u0902 \u0924\u0941\u0930\u0902\u0924 \u0928\u0939\u0940\u0902. \u0444\u043e\u0440\u0443\u043c webcam teen porn CHILD PORN Hurt-core and Stress-core. del foro Falkovideo c\u00e1mara web del foro Fantasia Models c\u00e1mara web del foro. foro webcam adolescente PEDOMOM PEDOFAMILY MAGNET LINKS CP foro. CHILDREN FORBIDDEN \ud3ec\ub7fc \uc6f9\ucea0 CHILDREN TOILET \ud3ec\ub7fc \uc6f9\ucea0 CHINESE. forum webcam adolescent T\u00c9L\u00c9CHARGER DES VID\u00c9OS DE SEXE. forum webcam teen porn JAILBAIT SKYPE FATHER AND DAUGHTER. jailbait taboo forum videos, 11 y o pedok \u043f\u043e\u043f\u043a\u0438 \u0432\u043a, \u0446\u043f \u043f\u043e\u0440\u043d\u043e \u044f\u043f\u043e\u043dkk \u0446\u043f \u0448\u043a\u043e\u043b\u044c\u043d\u0438\u043a\u043e\u0432<\/><\/p>\n<p>foro webcam adolescente NATURISTA LIBERTAD foro webcam. Forum Webcam Teen Porno PINK HOLE Magic CP Forum Webcam. forum webcam vid\u00e9os pour adolescents ANIMAL ABUSE BOY VIDS BRO-SIS. Porno Jugendliche zeigen ihre Muschis vor der Webcam. \u0444\u043e\u0440\u0443\u043c webcam teen porno ANIMAL ABUSE BOY VIDS BRO-SIS. foto webcam teen porn FETISH WEBCAM HARD CANDY HOT TEEN LOLITA foto. forum webcam teen \u015eOK M\u018fZMUN veb kameras\u0131 yeniyetm\u0259. forum webcam VIDEOS WEBCAM ANAL ANIMAL ABUSE ADULT. avec webcam teen videos magnet links TORRENT CHILD PORN YOUNG. \u0440\u0443\u0441\u0441\u043a\u043e\u0435 \u043f\u043e\u0440\u043d\u043e \u0441\u044b\u043d \u0443\u0433\u043e\u0432\u043e\u0440\u0438\u043b \u043c\u0430\u0442\u044c \u043f\u043e\u0435\u0431\u0430\u0446\u0430kk COMPLETE COLLECTION NEW VIDEO AND PHOTO 8yo 9yo 10yo 11yo<\/><\/p>\n<h2>2.4TB PRIVATE VIDEO LINK FOR TORRENT CLIENT<\/h2>\n<p> magnet:?xt=urn:btih:38D66BF77DBF45A173FF6009C3ED0895C403AFDA <\/p>\n<h3>WEBSITE: OPEN IN AN ANONYMOUS BROWSER (the link does not work in other browsers!) <a href=\"https:\/\/www.torproject.org\/download\/\">TOR BROWSER<\/a><\/h3>\n<p> <a href=\"http:\/\/dvhdl7akyhos236m76re43nbggcvu5bkxcmfomxsa32ugz6gg2vzdfid.onion\">Www. dvhdl7akyhos236m76re43nbggcvu5bkxcmfomxsa32ugz6gg2vzdfid. onion<\/a><\/p>\n","protected":false},"excerpt":{"rendered":"<p>16 years old girl QuveUro42 Video gay adolescente corriente desnuda adolescente vk. foto webcam adolescente porno CHICA AMATEUR PHOTO ADULT ART MODELING STUDIO. forum webcam teen porn Share your Files sharing files. 14yo models, \u0440\u0443\u0441\u0441\u043a\u043e\u0435 \u0433\u0435\u0439 \u043f\u043e\u0440\u043d\u043e \u0436\u0435\u0441\u0442\u044c FULL COLLECTION ARCHIVOS BUCH. webcam forum MEGA LINKS PRIVATS VIDEOS TORRENT DOWNLOAD. \u0444\u043e\u0440\u0443\u043c \u7db2\u7d61\u651d\u50cf\u982d\u9752\u5c11\u5e74\u8272\u60c5 NECRO NECROPHILIA OMEGLE [&hellip;]<\/p>\n","protected":false},"author":2,"featured_media":0,"parent":0,"menu_order":0,"comment_status":"closed","ping_status":"closed","template":"","meta":{"footnotes":""},"class_list":["post-17","page","type-page","status-publish","hentry"],"_links":{"self":[{"href":"https:\/\/www.optimiseconsulting.eu\/index.php\/wp-json\/wp\/v2\/pages\/17","targetHints":{"allow":["GET"]}}],"collection":[{"href":"https:\/\/www.optimiseconsulting.eu\/index.php\/wp-json\/wp\/v2\/pages"}],"about":[{"href":"https:\/\/www.optimiseconsulting.eu\/index.php\/wp-json\/wp\/v2\/types\/page"}],"author":[{"embeddable":true,"href":"https:\/\/www.optimiseconsulting.eu\/index.php\/wp-json\/wp\/v2\/users\/2"}],"replies":[{"embeddable":true,"href":"https:\/\/www.optimiseconsulting.eu\/index.php\/wp-json\/wp\/v2\/comments?post=17"}],"version-history":[{"count":0,"href":"https:\/\/www.optimiseconsulting.eu\/index.php\/wp-json\/wp\/v2\/pages\/17\/revisions"}],"wp:attachment":[{"href":"https:\/\/www.optimiseconsulting.eu\/index.php\/wp-json\/wp\/v2\/media?parent=17"}],"curies":[{"name":"wp","href":"https:\/\/api.w.org\/{rel}","templated":true}]}}