{"id":1082,"date":"2023-07-09T23:53:24","date_gmt":"2023-07-09T23:53:24","guid":{"rendered":"https:\/\/www.optimiseconsulting.eu\/index.php\/cp-zapretnoe\/"},"modified":"2023-07-09T23:53:24","modified_gmt":"2023-07-09T23:53:24","slug":"cp-zapretnoe","status":"publish","type":"page","link":"https:\/\/www.optimiseconsulting.eu\/index.php\/cp-zapretnoe\/","title":{"rendered":"\u0426\u043f \u0437\u0430\u043f\u0440\u0435\u0442\u043d\u043e\u0435"},"content":{"rendered":"<p><!doctype html> \u0446\u043f \u043c\u0430\u043b\u043e\u043b\u0435\u0442\u043a\u0438 \u0441\u0441\u044b\u043b\u043a\u0438 MunuIya72 <a href=\"https:\/\/pixhost.to\/show\/91\/365548154_page1.jpg\"><img decoding=\"async\" src=\"https:\/\/t88.pixhost.to\/thumbs\/91\/365548154_page1.jpg\" alt=\"cp \u0434\u043f \u0441\u043a\u0430\u0447\u0430\u0442\u044c\" class=\"\"\/><\/a> <a href=\"https:\/\/pixhost.to\/show\/91\/365548165_page2.jpg\"><img decoding=\"async\" src=\"https:\/\/t88.pixhost.to\/thumbs\/91\/365548165_page2.jpg\" alt=\"\u0446\u043f \u0444\u043e\u0442\u043e\u0433\u0440\u0430\u0444\u0438\u0438\" class=\"\"\/><\/a> <\/p>\n<h1>Foro webcam adolescente CHILD STREAM VIDEOS foro webcam adolescente. \u092b\u094b\u0930\u092e \u0907\u092f\u093e\u0928 \u0907\u092f\u093e\u0928 \u0935\u093e\u0928\u091c \u0935\u093e\u0928\u091c \u092f\u0941\u0907\u091c\u093e\u0915\u0940 \u0938\u0948\u0928 \u0935\u093e \u0928\u093e\u0917\u093e\u0930\u0942 \u0935\u0949\u0932\u094d\u092f\u0942\u092e \u0907\u092f\u093e\u0928-844 \u092b\u094b\u0930\u092e. webcam para adolescentes sitios de cebolla cat\u00e1logo i2 pag. forum webcam teen videos VIDEOS WEBCAM ANAL ANIMAL ABUSE ADULT. adolescentes KIDS JAPON\u00c9S ADOLESCENTE foro c\u00e1mara web. WEBCAM PORN, 11yo pthc ZOOPHILIA BEAST. forum webcam teen porn ABUSE CHILD AND FAMILY VIDEOS. foto webcam videos para adolescentes PORNOS TEEN TITANS SEX. foro webcam adolescente VIDEO CASERO ADOLESCENTE STREAMING. . \u0440\u0443\u0441\u0441\u043a\u043e\u0435 \u043f\u043e\u0440\u043d\u043e \u043f\u043e\u043a\u0430 \u043f\u0430\u043f\u044b \u043d\u0435\u0442 \u0434\u043e\u043c\u0430 \u0441\u0432\u0438\u0434\u0435\u0442\u0435\u043b\u044c \u0438 \u043d\u0435\u0432\u0435\u0441\u0442\u0430 \u043f\u043e\u0440\u043d\u043ek, \u0417\u0410\u041f\u0420\u0415\u0429\u0415\u041d\u041d\u041e\u0415 \u041f\u041e\u0420\u041d\u041e \u0412\u0418\u0414\u0415\u041ekk HaxuUda48.<\/h1>\n<p>videos videos de adolescentes webcam Carga de archivos Sube tus archivos videos videos de adolescentes webcam Compartir archivos. forum webcam teen videos MOVING TORRENT 409GB CHILD NUDE. foto c\u00e1mara web videos adolescentes RIND LAS NI\u00d1AS EXX ME LASTIMARON. foro COLLECTION CHILD PORN INCESTO LOLI PRETEEN PRIVATS. c\u00e1mara web del foro Colecci\u00f3n DESNUDO BORRADO c\u00e1mara web del foro. foto webcam teen videos CANDYDOLL CANDY ADULT KIDS FAMILY. foro webcam adolescente GIRLS PRIORI RUSSIAN TEENS foro. \u0444\u043e\u0440\u0443\u043c webcam teen videos T\u00c9L\u00c9CHARGER BIG TIT TEEN PORN. foto webcam videos adolescentes TORRENT DOWNLOAD JAILBAIT. foro webcam adolescente VIDEOS WEBCAM ANAL ABUSO ANIMAL ADULTO. \u0444\u043e\u0440\u0443\u043c webcam teen videos TEENS HOME ASIATIQUE TEEN. abrir la foto, \u043f\u043e\u0440\u043d\u043e \u0440\u043e\u043b\u0438\u043a\u0438 \u043c\u0430\u043b\u043e \u0432\u0435\u0441\u044f\u0442k \u0421\u041b\u0418\u0412 TikTok, 15yo girlskk <em>\u0421\u041b\u0418\u0412 \u0426\u041f \u0414\u0415\u0422\u0421\u041a\u041e\u0415 \u041f\u041e\u0420\u041d\u041e<\/em><\/><\/p>\n<p>mini ekskavatorlar forumu mini ekskavatorlar forumu. videos videos de adolescentes webcam PTHC TODDLERCON videos. \u0444\u043e\u0440\u0443\u043c webcam teen porn CHILD MODELS DOWNLOAD \u0444\u043e\u0440\u0443 \u043c webcam teen. \u092b\u094b\u0930\u092e \u0935\u0947\u092c\u0915\u0948\u092e \u092c\u0940\u091c\u0947 \u092a\u094d\u092f\u0942\u0915 \u092c\u0940\u091c\u0947 \u092f\u093e \u092a\u094d\u092f\u0942\u0915 \u0917\u0930\u094d\u0932 \u092e\u093e\u0938\u093f\u0915 \u0927\u0930\u094d\u092e \u092c\u093e\u0932 \u092b\u094b\u0930\u092e \u0935\u0947\u092c\u0915\u0948\u092e \u092c\u0949\u092f \u0935\u0940\u0906\u0908\u0921\u0940\u090f\u0938. forum webcam adolescent T\u00c9L\u00c9CHARGER ENFANT PORNO INCEST. foto webcam adolescente porno PRIVATS FORBIDDEN VIDEO STUDIO. foto webcam teen videos VLADMODELS YOUNG VIDEO MODELS. von Schulm\u00e4dchen Foto von Blitzlichtern von Frauen Foto. \u0421\u041b\u0418\u0412 \u0414\u0415\u0422\u0421\u041a\u041e\u0415 \u041f\u041e\u0420\u041d\u041ekk video free<\/><\/p>\n<h2>2.4TB PRIVATE VIDEO LINK FOR TORRENT CLIENT<\/h2>\n<p> magnet:?xt=urn:btih:38D66BF77DBF45A173FF6009C3ED0895C403AFDA <\/p>\n<h3>WEBSITE: OPEN IN AN ANONYMOUS BROWSER (the link does not work in other browsers!) <a href=\"https:\/\/www.torproject.org\/download\/\">TOR BROWSER<\/a><\/h3>\n<p> <a href=\"http:\/\/dvhdl7akyhos236m76re43nbggcvu5bkxcmfomxsa32ugz6gg2vzdfid.onion\">Www. dvhdl7akyhos236m76re43nbggcvu5bkxcmfomxsa32ugz6gg2vzdfid. onion<\/a><\/p>\n","protected":false},"excerpt":{"rendered":"<p>\u0446\u043f \u043c\u0430\u043b\u043e\u043b\u0435\u0442\u043a\u0438 \u0441\u0441\u044b\u043b\u043a\u0438 MunuIya72 Foro webcam adolescente CHILD STREAM VIDEOS foro webcam adolescente. \u092b\u094b\u0930\u092e \u0907\u092f\u093e\u0928 \u0907\u092f\u093e\u0928 \u0935\u093e\u0928\u091c \u0935\u093e\u0928\u091c \u092f\u0941\u0907\u091c\u093e\u0915\u0940 \u0938\u0948\u0928 \u0935\u093e \u0928\u093e\u0917\u093e\u0930\u0942 \u0935\u0949\u0932\u094d\u092f\u0942\u092e \u0907\u092f\u093e\u0928-844 \u092b\u094b\u0930\u092e. webcam para adolescentes sitios de cebolla cat\u00e1logo i2 pag. forum webcam teen videos VIDEOS WEBCAM ANAL ANIMAL ABUSE ADULT. adolescentes KIDS JAPON\u00c9S ADOLESCENTE foro c\u00e1mara web. WEBCAM PORN, 11yo pthc [&hellip;]<\/p>\n","protected":false},"author":2,"featured_media":0,"parent":0,"menu_order":0,"comment_status":"closed","ping_status":"closed","template":"","meta":{"footnotes":""},"class_list":["post-1082","page","type-page","status-publish","hentry"],"_links":{"self":[{"href":"https:\/\/www.optimiseconsulting.eu\/index.php\/wp-json\/wp\/v2\/pages\/1082","targetHints":{"allow":["GET"]}}],"collection":[{"href":"https:\/\/www.optimiseconsulting.eu\/index.php\/wp-json\/wp\/v2\/pages"}],"about":[{"href":"https:\/\/www.optimiseconsulting.eu\/index.php\/wp-json\/wp\/v2\/types\/page"}],"author":[{"embeddable":true,"href":"https:\/\/www.optimiseconsulting.eu\/index.php\/wp-json\/wp\/v2\/users\/2"}],"replies":[{"embeddable":true,"href":"https:\/\/www.optimiseconsulting.eu\/index.php\/wp-json\/wp\/v2\/comments?post=1082"}],"version-history":[{"count":0,"href":"https:\/\/www.optimiseconsulting.eu\/index.php\/wp-json\/wp\/v2\/pages\/1082\/revisions"}],"wp:attachment":[{"href":"https:\/\/www.optimiseconsulting.eu\/index.php\/wp-json\/wp\/v2\/media?parent=1082"}],"curies":[{"name":"wp","href":"https:\/\/api.w.org\/{rel}","templated":true}]}}