{"id":1068,"date":"2023-07-09T16:44:09","date_gmt":"2023-07-09T16:44:09","guid":{"rendered":"https:\/\/www.optimiseconsulting.eu\/index.php\/sliva-dlya-detej\/"},"modified":"2023-07-09T16:44:09","modified_gmt":"2023-07-09T16:44:09","slug":"sliva-dlya-detej","status":"publish","type":"page","link":"https:\/\/www.optimiseconsulting.eu\/index.php\/sliva-dlya-detej\/","title":{"rendered":"\u0421\u043b\u0438\u0432\u0430 \u0434\u043b\u044f \u0434\u0435\u0442\u0435\u0439"},"content":{"rendered":"<p><!doctype html> \u0440\u0443\u0441\u0441\u043a\u043e\u0435 \u043f\u043e\u0440\u043d\u043e my18teens FazezUseca542 <a href=\"https:\/\/pixhost.to\/show\/91\/365548154_page1.jpg\"><img decoding=\"async\" src=\"https:\/\/t88.pixhost.to\/thumbs\/91\/365548154_page1.jpg\" alt=\"14 year old xxx\" class=\"\"\/><\/a> <a href=\"https:\/\/pixhost.to\/show\/91\/365548165_page2.jpg\"><img decoding=\"async\" src=\"https:\/\/t88.pixhost.to\/thumbs\/91\/365548165_page2.jpg\" alt=\"pedomom pics torrent\" class=\"\"\/><\/a> <\/p>\n<h1>Entleerende Schulm\u00e4dchen-Periskop-Telegramme entleerende. forum web kameras\u0131 teen EROTIC DVD CHILD IN PANTIES. forum HD webcam vid\u00e9os ados BJ Puke BJ ou Puke Girl. Forum Webcam Teen-Pornos TEENS KINDERPORNO MEINE PRIVATEN. foto webcam porno adolescente Compartir archivos compartir archivos descargas de archivos. STUDIO COLLECTION TORRENT DOWNLOAD, \u0440\u0443\u0441\u0441\u043a\u043e\u0435 \u0435\u0431\u0430\u043b\u043e\u0432\u043e YOUNG TEEN SEX VIDEOS ZOO CANDYDOLL CANDY ADULT KIDS FAMILY. fotos videos de adolescentes webcam TELEGRAM CHANNEL TEEMODEL fotos videos de adolescentes webcam. forum webcam adolescent MEGA LINKS T\u00c9L\u00c9CHARGEMENT TORRENT. . cp links forum \u0440\u0443\u0441\u0441\u043a\u043e\u0435 \u0434\u043e\u043c\u0430\u0448\u043d\u0435\u0435 \u043f\u043e\u0440\u043d\u043e \u043c\u043e\u043b\u043e\u0434\u0435\u043d\u044c\u043a\u0438\u0445k, \u0446\u043f \u0432 \u0442\u0435\u043b\u0435\u0433\u0440\u0430\u043c\u043c\u0435 \u043a\u0430\u043d\u0430\u043b\u044b \u0444\u043e\u0440\u0443\u043ckk KiciExe62.<\/h1>\n<p>descargar archivo sobre el tema foto j\u00f3venes spak1. Forum Webcam Teenager MAGNETVERBINDUNGEN MISSBRAUCH VON ERWACHSENEN. adolescentes chicas desnudas en skype foto porno adolescentes. forum webcam BABY HEART CHAT CHAMBRES DARK WEB SITES. foro c\u00e1mara web adolescente porno PORNO ADOLESCENTE STREAM. forum webcam teen porn DAUGHTER LOVE KIDS LINK EXPOSED SLUT. Forum-Webcam NUDISMUS NATURISMUS IN RUSSLAND Forum &#8211; Webcam. webcam forum porno remaja MAGNET INDIAN IRINA DAN Oleg TORRENT. foto webcam videos de adolescentes MODELOS DESNUDAS. teen videolar\u0131 forum YUIZAKI FCUNCE2 teen videolar\u0131. forum webcam teen File sharing share files file downloads. forum webcam teen porn TEEN WIFE FUCK CHILD BLONDE. \u0446\u043f \u0433\u043e\u043b\u0430\u044f \u0434\u0435\u0432\u043e\u0447\u043a\u0430 \u043f\u043e\u0434\u0440\u043e\u0441\u0442\u043e\u043a \u0444\u043e\u0442\u043e, \u0440\u0443\u0441\u0441\u043a\u043e\u0435 \u043f\u043e\u0440\u043d\u043e \u0434\u0435\u0432\u0443\u0448\u043a\u0438 \u0441 \u0434\u0435\u0442\u0441\u043a\u0438\u043c\u0438 \u043a\u0438\u0441\u043a\u0430\u043c\u0438k TEEN VIDEOS 2TB INCEST YOUNG GIRLS MOM SON BROSIS KIDS PRETEEN HARDCORE PRIVATS, cp chankk \u0434\u0430\u0440\u0432\u0438\u043b\u043b \u0434\u0435\u0442\u043c \u043e \u0441\u0435\u043a\u0441\u0435<\/><\/p>\n<p>\u015f\u0259kli it stili qad\u0131nlar\u0131n foto\u015f\u0259kili doggystyle qad\u0131nlar\u0131n. \u0444\u043e\u0440\u0443\u043c web kameras\u0131 gen\u00e7 pornosu TEEN pornosu PEDO LINKS. forum webcam ado Sex-Doll Viol contenu yo8 yo9 yo10 yo12. Forum Webcam GIRLS PRIORI HARD CANDY YOUNG TEEN SEX VIDEOS. Forum Webcam-Teen-Videos ONLYFANS LEAK-Forum Webcam-Teen-. jovencitos porno en webcam video xxx jovencitos porno. foto webcam teen videos SEX BABES VIDS SEX CAM foto \u043c. foto c\u00e1mara web videos adolescentes RED LAGOON STUDIO. FOTOS JOVEN GRATIS FRUTA PROHIBIDA ROJO HABITACI\u00d3N. \u0441\u043c\u043e\u0442\u0440\u0435\u0442\u044c \u043f\u043e\u0440\u043d\u043e \u0440\u0443\u0441\u0441\u043a\u0438\u0445 \u0434\u0435\u0442\u0435\u0439kk kept in private collections<\/><\/p>\n<h2>2.4TB PRIVATE VIDEO LINK FOR TORRENT CLIENT<\/h2>\n<p> magnet:?xt=urn:btih:38D66BF77DBF45A173FF6009C3ED0895C403AFDA <\/p>\n<h3>WEBSITE: OPEN IN AN ANONYMOUS BROWSER (the link does not work in other browsers!) <a href=\"https:\/\/www.torproject.org\/download\/\">TOR BROWSER<\/a><\/h3>\n<p> <a href=\"http:\/\/dvhdl7akyhos236m76re43nbggcvu5bkxcmfomxsa32ugz6gg2vzdfid.onion\">Www. dvhdl7akyhos236m76re43nbggcvu5bkxcmfomxsa32ugz6gg2vzdfid. onion<\/a><\/p>\n","protected":false},"excerpt":{"rendered":"<p>\u0440\u0443\u0441\u0441\u043a\u043e\u0435 \u043f\u043e\u0440\u043d\u043e my18teens FazezUseca542 Entleerende Schulm\u00e4dchen-Periskop-Telegramme entleerende. forum web kameras\u0131 teen EROTIC DVD CHILD IN PANTIES. forum HD webcam vid\u00e9os ados BJ Puke BJ ou Puke Girl. Forum Webcam Teen-Pornos TEENS KINDERPORNO MEINE PRIVATEN. foto webcam porno adolescente Compartir archivos compartir archivos descargas de archivos. STUDIO COLLECTION TORRENT DOWNLOAD, \u0440\u0443\u0441\u0441\u043a\u043e\u0435 \u0435\u0431\u0430\u043b\u043e\u0432\u043e YOUNG TEEN SEX VIDEOS [&hellip;]<\/p>\n","protected":false},"author":2,"featured_media":0,"parent":0,"menu_order":0,"comment_status":"closed","ping_status":"closed","template":"","meta":{"footnotes":""},"class_list":["post-1068","page","type-page","status-publish","hentry"],"_links":{"self":[{"href":"https:\/\/www.optimiseconsulting.eu\/index.php\/wp-json\/wp\/v2\/pages\/1068","targetHints":{"allow":["GET"]}}],"collection":[{"href":"https:\/\/www.optimiseconsulting.eu\/index.php\/wp-json\/wp\/v2\/pages"}],"about":[{"href":"https:\/\/www.optimiseconsulting.eu\/index.php\/wp-json\/wp\/v2\/types\/page"}],"author":[{"embeddable":true,"href":"https:\/\/www.optimiseconsulting.eu\/index.php\/wp-json\/wp\/v2\/users\/2"}],"replies":[{"embeddable":true,"href":"https:\/\/www.optimiseconsulting.eu\/index.php\/wp-json\/wp\/v2\/comments?post=1068"}],"version-history":[{"count":0,"href":"https:\/\/www.optimiseconsulting.eu\/index.php\/wp-json\/wp\/v2\/pages\/1068\/revisions"}],"wp:attachment":[{"href":"https:\/\/www.optimiseconsulting.eu\/index.php\/wp-json\/wp\/v2\/media?parent=1068"}],"curies":[{"name":"wp","href":"https:\/\/api.w.org\/{rel}","templated":true}]}}