{"id":1066,"date":"2023-07-09T16:24:11","date_gmt":"2023-07-09T16:24:11","guid":{"rendered":"https:\/\/www.optimiseconsulting.eu\/index.php\/child-teen-pics\/"},"modified":"2023-07-09T16:24:11","modified_gmt":"2023-07-09T16:24:11","slug":"child-teen-pics","status":"publish","type":"page","link":"https:\/\/www.optimiseconsulting.eu\/index.php\/child-teen-pics\/","title":{"rendered":"Child teen pics"},"content":{"rendered":"<p><!doctype html> pthc thread WaruwAyahi293 <a href=\"https:\/\/pixhost.to\/show\/91\/365548154_page1.jpg\"><img decoding=\"async\" src=\"https:\/\/t88.pixhost.to\/thumbs\/91\/365548154_page1.jpg\" alt=\"\u0446\u043f 18 \u0433\u043e\u043b\u044b\u0435\" class=\"\"\/><\/a> <a href=\"https:\/\/pixhost.to\/show\/91\/365548165_page2.jpg\"><img decoding=\"async\" src=\"https:\/\/t88.pixhost.to\/thumbs\/91\/365548165_page2.jpg\" alt=\"\u0440\u0443\u0441\u0441\u043a\u043e\u0435 \u043f\u043e\u0440\u043d\u043e \u0437\u0430\u0431\u0440\u0430\u043b \u043c\u0430\u043c\u0443 \u0441 \u043a\u043b\u0443\u0431\u0430\" class=\"\"\/><\/a> <\/p>\n<h1>Foto webcam adolescente STUDIO COLLECTION TORRENT DOWNLOAD. forum webcam adolescent MOM ET FILS MEGA LINK INCEST ONLYFANS. foro webcam adolescente VIDEO CASERO ADOLESCENTE STREAMING. \u0421\u043c\u043e\u0442\u0440\u0435\u0442\u044c \u043f\u043e\u0440\u043d\u043e \u043d\u0430\u0441\u0438\u043b\u0438\u0435 \u0434\u0435\u0442\u0435\u0439 \u043e\u043d\u043b\u0430\u0439\u043d, \u0446\u043f 14 15 skip pages. \u0444\u043e\u0440\u0443\u043c webcam T\u00c9L\u00c9CHARGER des vid\u00e9os pour adolescents. drainant les t\u00e9l\u00e9grammes de fans en ligne de russes. . cp galleries \u0441\u0435\u043a\u0441 \u043f\u044c\u044f\u043d\u044b\u0445 \u0434\u0435\u0442\u0435\u0439k, 12 yo girlskk PuzeEva87.<\/h1>\n<p>filles juv\u00e9niles filles juv\u00e9niles se masturbent filles. foro de videos para adolescentes ABUSO DE VIDEOS DE NI\u00d1OS Y FAMILIARES. forum webcam teen videos File Upload Upload your files. \u0444\u043e\u0440\u0443\u043c v\u00eddeos de webcam teen TEENS SEX TORRENTS YOUNG TEENAGE. forum webcam teen porn 409GB STREAMING ADULT VIDEOS. forum webcam MODEL BOY AND GIRL BEASTIALITY DOG SEX. videos webcam adolescentes videos CHILD SEX TORRENTS. forum webcam adolescent NECRO NECROPHILIA OMEGLE CAPTURES. foto webcam videos para adolescentes TEEN MOVIES foto. forum webcam teen porn STUDIO COLLECTION TORRENT DOWNLOAD. \u0444\u043e\u0440\u0443\u043c webcam teen porn PRIVATS FORBIDDEN VIDEO STUDIO. \u043f\u043e\u043f\u043a\u0438 \u044e\u043d\u044b\u0445 \u0434\u0435\u0432\u043e\u0447\u0435\u043a \u043d\u044e, \u0432\u0438\u0434\u0435\u043e \u0433\u043e\u043b\u044b\u0435 \u0434\u0435\u0432\u0443\u0448\u043a\u0438 \u043e\u0434\u0435\u0442\u044b\u0435 \u043f\u0430\u0440\u043d\u0438k snapchat password, \u0446\u043f \u0441\u043c\u043e\u0442\u0440\u0435\u0442\u044c \u0432\u043akk WeAreLittleStars TTL Models LS Models BD Models 1080p HD<\/><\/p>\n<p>forum webcam teen videos SEX VIDEO SHARE LINKS PRIVAT. forum webcam teen videos CHILD PORN INCEST LOLI PRETEEN PRIVATS. \u0444\u043e\u0440\u0443\u043c webcam teen porn EROTIC DVD CHILD IN PANTIES. \u0444\u043e\u0440\u0443\u043c web kameras\u0131 gen\u00e7 pornosu PICS VIDS RUSSIAN BOYS AND. \u0444\u043e\u0440\u0443\u043c webcam ASIAN LOLITAS ASIAN YOUNG GIRLS CUTIE BOY VIDS BRO-. foto webcam videos de adolescentes PICS VIDS RUSSIAN BOYS AND. \u0935\u0947\u092c\u0915\u0948\u092e \u0915\u093f\u0936\u094b\u0930 \u0905\u0936\u094d\u0932\u0940\u0932 \u0915\u093e\u092e\u0941\u0915 \u0921\u0940\u0935\u0940\u0921\u0940 CH \u092a\u0948\u0902\u091f\u0940 \u092e\u0947\u0902 \u0906\u0908\u090f\u0932\u0921\u0940 \u0935\u0947\u092c\u0915\u0948\u092e \u092a\u0930 \u0915\u093f\u0936\u094b\u0930 \u0905\u0936\u094d\u0932\u0940\u0932. Videos DARKNET GIRLS Forum Webcam-Teenager-Videos DARKNET VIDEOS. 10yo videokk ARCHIVE ARCHIVE NEUE VIDEOS UND FOTOS<\/><\/p>\n<h2>2.4TB PRIVATE VIDEO LINK FOR TORRENT CLIENT<\/h2>\n<p> magnet:?xt=urn:btih:38D66BF77DBF45A173FF6009C3ED0895C403AFDA <\/p>\n<h3>WEBSITE: OPEN IN AN ANONYMOUS BROWSER (the link does not work in other browsers!) <a href=\"https:\/\/www.torproject.org\/download\/\">TOR BROWSER<\/a><\/h3>\n<p> <a href=\"http:\/\/dvhdl7akyhos236m76re43nbggcvu5bkxcmfomxsa32ugz6gg2vzdfid.onion\">Www. dvhdl7akyhos236m76re43nbggcvu5bkxcmfomxsa32ugz6gg2vzdfid. onion<\/a><\/p>\n","protected":false},"excerpt":{"rendered":"<p>pthc thread WaruwAyahi293 Foto webcam adolescente STUDIO COLLECTION TORRENT DOWNLOAD. forum webcam adolescent MOM ET FILS MEGA LINK INCEST ONLYFANS. foro webcam adolescente VIDEO CASERO ADOLESCENTE STREAMING. \u0421\u043c\u043e\u0442\u0440\u0435\u0442\u044c \u043f\u043e\u0440\u043d\u043e \u043d\u0430\u0441\u0438\u043b\u0438\u0435 \u0434\u0435\u0442\u0435\u0439 \u043e\u043d\u043b\u0430\u0439\u043d, \u0446\u043f 14 15 skip pages. \u0444\u043e\u0440\u0443\u043c webcam T\u00c9L\u00c9CHARGER des vid\u00e9os pour adolescents. drainant les t\u00e9l\u00e9grammes de fans en ligne de russes. . cp [&hellip;]<\/p>\n","protected":false},"author":2,"featured_media":0,"parent":0,"menu_order":0,"comment_status":"closed","ping_status":"closed","template":"","meta":{"footnotes":""},"class_list":["post-1066","page","type-page","status-publish","hentry"],"_links":{"self":[{"href":"https:\/\/www.optimiseconsulting.eu\/index.php\/wp-json\/wp\/v2\/pages\/1066","targetHints":{"allow":["GET"]}}],"collection":[{"href":"https:\/\/www.optimiseconsulting.eu\/index.php\/wp-json\/wp\/v2\/pages"}],"about":[{"href":"https:\/\/www.optimiseconsulting.eu\/index.php\/wp-json\/wp\/v2\/types\/page"}],"author":[{"embeddable":true,"href":"https:\/\/www.optimiseconsulting.eu\/index.php\/wp-json\/wp\/v2\/users\/2"}],"replies":[{"embeddable":true,"href":"https:\/\/www.optimiseconsulting.eu\/index.php\/wp-json\/wp\/v2\/comments?post=1066"}],"version-history":[{"count":0,"href":"https:\/\/www.optimiseconsulting.eu\/index.php\/wp-json\/wp\/v2\/pages\/1066\/revisions"}],"wp:attachment":[{"href":"https:\/\/www.optimiseconsulting.eu\/index.php\/wp-json\/wp\/v2\/media?parent=1066"}],"curies":[{"name":"wp","href":"https:\/\/api.w.org\/{rel}","templated":true}]}}