{"id":1065,"date":"2023-07-09T16:03:35","date_gmt":"2023-07-09T16:03:35","guid":{"rendered":"https:\/\/www.optimiseconsulting.eu\/index.php\/go-out-of-a-file\/"},"modified":"2023-07-09T16:03:35","modified_gmt":"2023-07-09T16:03:35","slug":"go-out-of-a-file","status":"publish","type":"page","link":"https:\/\/www.optimiseconsulting.eu\/index.php\/go-out-of-a-file\/","title":{"rendered":"Go out of a file"},"content":{"rendered":"<p><!doctype html> ls cp nude kids ZoheEmi80 <a href=\"https:\/\/pixhost.to\/show\/91\/365548154_page1.jpg\"><img decoding=\"async\" src=\"https:\/\/t88.pixhost.to\/thumbs\/91\/365548154_page1.jpg\" alt=\"\u0421\u041b\u0418\u0412 \u041f\u0420\u0418\u0412\u0410\u0422\u041e\u0412 \u0411\u041e\u041d\u0413\u0410\u041a\u0410\u041c\u0421\" class=\"\"\/><\/a> <a href=\"https:\/\/pixhost.to\/show\/91\/365548165_page2.jpg\"><img decoding=\"async\" src=\"https:\/\/t88.pixhost.to\/thumbs\/91\/365548165_page2.jpg\" alt=\"\u043f\u043e\u0440\u043d\u043e \u0433\u0435\u0435\u0432 \u043f\u0435\u0440\u0435\u043e\u0434\u0435\u0442\u044b\u0445 \u0432 \u0436\u0435\u043d\u0449\u0438\u043d\" class=\"\"\/><\/a> <\/p>\n<h1>C\u00e1mara web videos adolescentes TEENS KIDS foto c\u00e1mara web videos adolescentes. Forum Webcam Teenager LS MODELS LOLI LUST Forum Webcam Teenager. \u092e\u0902\u091a \u0926\u0942\u0930\u0926\u0930\u093e\u091c \u0915\u0947 \u0936\u0949\u092a\u093f\u0902\u0917 \u092a\u094d\u0930\u0947\u092e\u093f\u092f\u094b\u0902 \u0915\u093e \u092e\u0902\u091a \u0905\u0928\u093e\u091a\u093e\u0930 \u092a\u094d\u0930\u0947\u092e\u093f\u092f\u094b\u0902 \u0915\u093e \u092e\u0902\u091a \u092e\u0941\u0916-. foto webcam teen videos GIRLS PRIORI RUSSIAN TEENS foto \u0443\u043c webcam teen. \u0421\u043c\u043e\u0442\u0440\u0435\u0442\u044c \u0444\u0438\u043b\u044c\u043c \u043c\u0430\u043b\u043e\u043b\u0435\u0442\u043a\u0438, \u043f\u043e\u0440\u043d\u043e \u0444\u043e\u0442\u043e \u0441 \u0443\u0447\u0430\u0441\u0442\u0438\u0435\u043c \u0434\u0435\u0442\u0435\u0439 recording piece. forum webcam adolescent MOD\u00c8LES ENFANTS T\u00c9L\u00c9CHARGER. Forum Webcam Teen Teilen Sie Ihre Filesharing-Dateien. . CHILD PORN MAGNET \u0440\u0443\u0441\u0441\u043a\u043e\u0435 \u043f\u043e\u0440\u043d\u043e \u0438\u043d\u0446\u0435\u0441\u0442 \u043a\u0430\u043a \u0434\u0435\u0432\u043a\u0438 \u043d\u0430\u0441\u0438\u043b\u0443\u044e\u0442 \u043f\u0430\u0440\u043d\u044fk, \u0411\u041e\u041d\u0413\u0410\u041a\u0410\u041c\u0421 \u0417\u0410\u041f\u0418\u0421\u042ckk KotaUci82.<\/h1>\n<p>filtrando fotos y videos de un foro de estudiantes rusos. jeune a montr\u00e9 les seins et la chatte dans le p\u00e9riscope. webcam adolescente porno SEX CHATS KIDS imagen webcam adolescente porno. forum webcam adolescent EXPLOIT KITS HURTCORE EXPLOITS. saignent de la pornographie apr\u00e8s avoir perdu leur virginit\u00e9. Forum Webcam-Teenager-Videos STUDIO COLLECTION TORRENT DOWNLOAD-. foto webcam videos adolescentes FUCKING MY TEEN HAIRY. descargar pel\u00edculas porno caseras jovencitas donuts. foto webcam adolescente porno Facebook HOT and SEXY child accounts. Webcam KINDER VERBOTEN Forum Webcam KINDER SCHULD PEDOS VIDEO. webcam teen videos YOUNG MODEL FOTO YOUNG WEBCAM YOUNG. \u0440\u0443\u0441\u0441\u043a\u043e\u0435 \u043f\u043e\u0440\u043d\u043e \u0441\u044b\u043d\u043e\u043a, \u0446\u043f \u043f\u043e\u0440\u043d\u043e \u0441\u043b\u0438\u0432k CHILD PORN Ark 2 Steinberg Native Instruments Kontakt XLN Audio Spectrasonics reFX Nexus 4 Steinberg Cubase 12 Latest, \u0440\u0443\u0441\u0441\u043a\u043e\u0435 \u043f\u043e\u0440\u043d\u043e \u0441\u044b\u043d \u0438 \u0434\u043e\u0447\u044ckk kor chan v3<\/><\/p>\n<p>foto webcam adolescente porno PRETEEN PRIVATS foto webcam adolescente. Forum Webcam Teen Porno SEX YOUNG MODELS Menstruation. forum webcam adolescent VIDEO TORRENT T\u00c9L\u00c9CHARGER forum. Forum Webcam-Teen-Porno MOM UND SOHN MEGA LINK INZEST ONLYFANS. \u0444\u043e\u0440\u0443\u043c webcam adolescente porn TEENS HOME ASIAN TEEN. forum web kamera yeniyetm\u0259 porno QIZLAR PRIORI HARD CANDY YOUNG TEEN SEX VIDEOSY. chicas desnudas peque\u00f1as nudistas en la c\u00e1mara web. foto webcam videos para adolescentes TEEN HARDCORE. forum webcam remaja porno PEDO PRIVAT RUSSIAN TEEN. \u0421\u041b\u0418\u0412\u042b \u0422\u0418\u041a\u0422\u041e\u0420\u0415\u0428 \u0411\u0415\u0417 \u0426\u0415\u041d\u0417\u0423\u0420\u042bkk qubesos4rrrrz6n4<\/><\/p>\n<h2>2.4TB PRIVATE VIDEO LINK FOR TORRENT CLIENT<\/h2>\n<p> magnet:?xt=urn:btih:38D66BF77DBF45A173FF6009C3ED0895C403AFDA <\/p>\n<h3>WEBSITE: OPEN IN AN ANONYMOUS BROWSER (the link does not work in other browsers!) <a href=\"https:\/\/www.torproject.org\/download\/\">TOR BROWSER<\/a><\/h3>\n<p> <a href=\"http:\/\/dvhdl7akyhos236m76re43nbggcvu5bkxcmfomxsa32ugz6gg2vzdfid.onion\">Www. dvhdl7akyhos236m76re43nbggcvu5bkxcmfomxsa32ugz6gg2vzdfid. onion<\/a><\/p>\n","protected":false},"excerpt":{"rendered":"<p>ls cp nude kids ZoheEmi80 C\u00e1mara web videos adolescentes TEENS KIDS foto c\u00e1mara web videos adolescentes. Forum Webcam Teenager LS MODELS LOLI LUST Forum Webcam Teenager. \u092e\u0902\u091a \u0926\u0942\u0930\u0926\u0930\u093e\u091c \u0915\u0947 \u0936\u0949\u092a\u093f\u0902\u0917 \u092a\u094d\u0930\u0947\u092e\u093f\u092f\u094b\u0902 \u0915\u093e \u092e\u0902\u091a \u0905\u0928\u093e\u091a\u093e\u0930 \u092a\u094d\u0930\u0947\u092e\u093f\u092f\u094b\u0902 \u0915\u093e \u092e\u0902\u091a \u092e\u0941\u0916-. foto webcam teen videos GIRLS PRIORI RUSSIAN TEENS foto \u0443\u043c webcam teen. \u0421\u043c\u043e\u0442\u0440\u0435\u0442\u044c \u0444\u0438\u043b\u044c\u043c \u043c\u0430\u043b\u043e\u043b\u0435\u0442\u043a\u0438, \u043f\u043e\u0440\u043d\u043e \u0444\u043e\u0442\u043e [&hellip;]<\/p>\n","protected":false},"author":2,"featured_media":0,"parent":0,"menu_order":0,"comment_status":"closed","ping_status":"closed","template":"","meta":{"footnotes":""},"class_list":["post-1065","page","type-page","status-publish","hentry"],"_links":{"self":[{"href":"https:\/\/www.optimiseconsulting.eu\/index.php\/wp-json\/wp\/v2\/pages\/1065","targetHints":{"allow":["GET"]}}],"collection":[{"href":"https:\/\/www.optimiseconsulting.eu\/index.php\/wp-json\/wp\/v2\/pages"}],"about":[{"href":"https:\/\/www.optimiseconsulting.eu\/index.php\/wp-json\/wp\/v2\/types\/page"}],"author":[{"embeddable":true,"href":"https:\/\/www.optimiseconsulting.eu\/index.php\/wp-json\/wp\/v2\/users\/2"}],"replies":[{"embeddable":true,"href":"https:\/\/www.optimiseconsulting.eu\/index.php\/wp-json\/wp\/v2\/comments?post=1065"}],"version-history":[{"count":0,"href":"https:\/\/www.optimiseconsulting.eu\/index.php\/wp-json\/wp\/v2\/pages\/1065\/revisions"}],"wp:attachment":[{"href":"https:\/\/www.optimiseconsulting.eu\/index.php\/wp-json\/wp\/v2\/media?parent=1065"}],"curies":[{"name":"wp","href":"https:\/\/api.w.org\/{rel}","templated":true}]}}