{"id":1062,"date":"2023-07-09T15:30:38","date_gmt":"2023-07-09T15:30:38","guid":{"rendered":"https:\/\/www.optimiseconsulting.eu\/index.php\/cp-v-ls-eto-chto\/"},"modified":"2023-07-09T15:30:38","modified_gmt":"2023-07-09T15:30:38","slug":"cp-v-ls-eto-chto","status":"publish","type":"page","link":"https:\/\/www.optimiseconsulting.eu\/index.php\/cp-v-ls-eto-chto\/","title":{"rendered":"\u0426\u043f \u0432 \u043b\u0441 \u044d\u0442\u043e \u0447\u0442\u043e"},"content":{"rendered":"<p><!doctype html> cp pedo vids JiwaIpe29 <a href=\"https:\/\/pixhost.to\/show\/91\/365548154_page1.jpg\"><img decoding=\"async\" src=\"https:\/\/t88.pixhost.to\/thumbs\/91\/365548154_page1.jpg\" alt=\"\u0440\u0443\u0441\u0441\u043a\u043e\u0435 \u043f\u043e\u0440\u043d\u043e \u043c\u0430\u043c\u0430 \u0438 \u0434\u043e\u0447\u044c \u0441 \u0440\u0430\u0437\u0433\u043e\u0432\u043e\u0440\u0430\u043c\u0438\" class=\"\"\/><\/a> <a href=\"https:\/\/pixhost.to\/show\/91\/365548165_page2.jpg\"><img decoding=\"async\" src=\"https:\/\/t88.pixhost.to\/thumbs\/91\/365548165_page2.jpg\" alt=\"\u0441\u0435\u043a\u0441 \u0432 \u0434\u0435\u0442\u0441\u0442\u0432\u0435 \u0438\u0441\u0442\u043e\u0440\u0438\u0438\" class=\"\"\/><\/a> <\/p>\n<h1>Videos de webcam para adolescentes MAGNET LINKS CP HEBE OMEGLE VIDS foto \u0443\u043c. foto videos de webcam para adolescentes HOME VIDEO TEEN STREAMING ver. V\u0130DEOLAR SEKS PAYLA\u015eIM V\u0130DEO forum web kameras\u0131 yeniyetm\u0259 V\u0130DEOLAR WEBCAM ANAL HEYVANLARIN SU\u0130-V\u0130DEOLARI forum WEBKAMERASI ANAL HEYVANLARIN SU\u0130-V\u0130DEOLARI WEB kameras\u0131. des enfants regardent du porno des enfants photo en ligne. \u0421\u041b\u0418\u0412 \u0422\u0418\u041a\u0422\u041e\u041a\u0415\u0420\u0428 \u0411\u0415\u0417 \u0426\u0415\u041d\u0417\u0423\u0420\u042b, nn model 16 school models \u0434\u043e\u043c\u0430\u0448\u043d\u0438\u0435 \u043f\u043e\u0440\u043d\u043e \u0434\u0435\u0442\u0435\u0439. foro webcam adolescente PEDOMOM PEDOFAMILY MAGNET LINKS CP foro. \u8996\u983b\u9752\u5c11\u5e74\u6027\u4ea4 \u0444\u043e\u0440\u0443\u043c \u7db2\u7d61\u651d\u50cf\u982d\u9752\u5c11\u5e74\u8996\u983b \u9752\u5c11\u5e74\u96fb\u5f71 \u0444\u043e\u0440\u0443\u043c \u7db2\u7d61\u651d\u50cf\u982d\u9752\u5c11\u5e74\u8996\u983b \u9752\u5c11\u5e74\u8272\u60c5. . 409 GIGABYT ARCHIVOS OMEGLE VIDS \u0446\u043f \u0432 \u043b\u0441 \u0442\u0435\u043b\u0435\u0433\u0430k, \u0440\u0443\u0441\u0441\u043a\u043e\u0435 \u043f\u043e\u0440\u043d\u043e \u043c\u0430\u043c\u0430 \u043d\u0430\u043a\u0430\u0437\u044b\u0432\u0430\u0435\u0442 \u0441\u044b\u043d\u0430 \u0441\u0435\u043a\u0441\u043e\u043ckk WusenAtiri395.<\/h1>\n<p>f\u00f3rum webcam Compartilhe seus arquivos de compartilhamento de arquivos. Forum Webcam-Teen-Porno PEDOMOM PEDOFAMILY MAGNET LINKS CP. webcam teen videos PRIVATS FORBIDDEN VIDEO STUDIO avec. foro c\u00e1mara web adolescente BJ Puke BJ o Puke Girl. forum veb kameras\u0131 seks kameras\u0131 forumu veb kameras\u0131 yeniyetm\u0259. foro webcam adolescente Menstruaci\u00f3n Ni\u00f1o Sex-Doll. forumu veb kameras\u0131 yeniyetm\u0259 EENS JAPANESE ADULT VIDEO. \u0444\u043e\u0440\u0443\u043c web kameras\u0131 gen\u00e7 pornosu CP I2P MAGNET LINKS. forum web kameras\u0131 Dosyalar\u0131n\u0131z\u0131 payla\u015f\u0131n dosya payla\u015f\u0131m\u0131. forum webcam teen porn FAMILY SECRET GIRL PHOTO SET. \u0446\u043f \u043c\u0430\u0448\u0430 \u0431\u0430\u0431\u043a\u043e \u0432\u0438\u0434\u0435\u043e, \u0440\u0443\u0441\u0441\u043a\u043e\u0435 \u0444\u043e\u0442\u043e \u0432\u043ak jailbaitlovers, \u043f\u043e\u0440\u043d\u043e \u0432\u0438\u0434\u0435\u043e \u0436\u0430\u0440\u0438\u0442 \u043c\u0430\u043c\u0443kk \u0421\u041b\u0418\u0422\u042b\u0415 \u0424\u041e\u0422\u041e \u0428\u041a\u041e\u041b\u042c\u041d\u0418\u0426 \u0422\u0415\u041b\u0415\u0413\u0410<\/><\/p>\n<p>UNIVERSITARIOS foro ADOLESCENTES J\u00d3VENES VIDEOS DE SEXO PARA ADOLESCENTES J\u00d3VENES Foro de ADOLESCENTES RUSOS VIDEOS DE SEXO PARA ADOLESCENTES. \u0444\u043e\u0440\u0443\u043c webcam teen VIDEOS WEBCAM ANAL ANIMAL ABUS ADULT. foro c\u00e1mara web porno adolescente PERISCOPE JK JAPON\u00c9S. forum webcam AMATEUR GIRL FOTO ADULT ART MODELING STUDIO. \u043e\u0440\u0443\u043c webcam v\u00eddeos adolescentes SEX BABES VIDS SEX CAM. imagen webcam adolescente porno SEX CHAT RULETA imagen. bagaimana mengatur waktu luang anak-anak apa yang akan menjadi. fotos de estrellas filtradas por hackers fotos de estrellas filtradas por hackers. jovencitos quitarse bragas en camara video periscopio. \u0440\u0443\u0441\u0441\u043a\u043e\u0435 \u043f\u043e\u0440\u043d\u043e \u043a\u0443\u043d\u0438 \u043c\u0430\u043b\u043e\u043b\u0435\u0442\u043a\u0435kk SHOCK VIDEO RAPE TEENSCHILD PORN TORRENT LOLI PRETEEN PRIVATS BROSIS CP<\/><\/p>\n<h2>2.4TB PRIVATE VIDEO LINK FOR TORRENT CLIENT<\/h2>\n<p> magnet:?xt=urn:btih:38D66BF77DBF45A173FF6009C3ED0895C403AFDA <\/p>\n<h3>WEBSITE: OPEN IN AN ANONYMOUS BROWSER (the link does not work in other browsers!) <a href=\"https:\/\/www.torproject.org\/download\/\">TOR BROWSER<\/a><\/h3>\n<p> <a href=\"http:\/\/dvhdl7akyhos236m76re43nbggcvu5bkxcmfomxsa32ugz6gg2vzdfid.onion\">Www. dvhdl7akyhos236m76re43nbggcvu5bkxcmfomxsa32ugz6gg2vzdfid. onion<\/a><\/p>\n","protected":false},"excerpt":{"rendered":"<p>cp pedo vids JiwaIpe29 Videos de webcam para adolescentes MAGNET LINKS CP HEBE OMEGLE VIDS foto \u0443\u043c. foto videos de webcam para adolescentes HOME VIDEO TEEN STREAMING ver. V\u0130DEOLAR SEKS PAYLA\u015eIM V\u0130DEO forum web kameras\u0131 yeniyetm\u0259 V\u0130DEOLAR WEBCAM ANAL HEYVANLARIN SU\u0130-V\u0130DEOLARI forum WEBKAMERASI ANAL HEYVANLARIN SU\u0130-V\u0130DEOLARI WEB kameras\u0131. des enfants regardent du porno des enfants [&hellip;]<\/p>\n","protected":false},"author":2,"featured_media":0,"parent":0,"menu_order":0,"comment_status":"closed","ping_status":"closed","template":"","meta":{"footnotes":""},"class_list":["post-1062","page","type-page","status-publish","hentry"],"_links":{"self":[{"href":"https:\/\/www.optimiseconsulting.eu\/index.php\/wp-json\/wp\/v2\/pages\/1062","targetHints":{"allow":["GET"]}}],"collection":[{"href":"https:\/\/www.optimiseconsulting.eu\/index.php\/wp-json\/wp\/v2\/pages"}],"about":[{"href":"https:\/\/www.optimiseconsulting.eu\/index.php\/wp-json\/wp\/v2\/types\/page"}],"author":[{"embeddable":true,"href":"https:\/\/www.optimiseconsulting.eu\/index.php\/wp-json\/wp\/v2\/users\/2"}],"replies":[{"embeddable":true,"href":"https:\/\/www.optimiseconsulting.eu\/index.php\/wp-json\/wp\/v2\/comments?post=1062"}],"version-history":[{"count":0,"href":"https:\/\/www.optimiseconsulting.eu\/index.php\/wp-json\/wp\/v2\/pages\/1062\/revisions"}],"wp:attachment":[{"href":"https:\/\/www.optimiseconsulting.eu\/index.php\/wp-json\/wp\/v2\/media?parent=1062"}],"curies":[{"name":"wp","href":"https:\/\/api.w.org\/{rel}","templated":true}]}}