{"id":1061,"date":"2023-07-09T15:23:51","date_gmt":"2023-07-09T15:23:51","guid":{"rendered":"https:\/\/www.optimiseconsulting.eu\/index.php\/russkoe-shou-18\/"},"modified":"2023-07-09T15:23:51","modified_gmt":"2023-07-09T15:23:51","slug":"russkoe-shou-18","status":"publish","type":"page","link":"https:\/\/www.optimiseconsulting.eu\/index.php\/russkoe-shou-18\/","title":{"rendered":"\u0420\u0443\u0441\u0441\u043a\u043e\u0435 \u0448\u043e\u0443 18"},"content":{"rendered":"<p><!doctype html> \u0434\u043e\u043c\u0430\u0448\u043d\u0438\u0435 \u043f\u043e\u0440\u043d\u043e \u0434\u0435\u0442\u0435\u0439 PoteAve63 <a href=\"https:\/\/pixhost.to\/show\/91\/365548154_page1.jpg\"><img decoding=\"async\" src=\"https:\/\/t88.pixhost.to\/thumbs\/91\/365548154_page1.jpg\" alt=\"13 yo girl\" class=\"\"\/><\/a> <a href=\"https:\/\/pixhost.to\/show\/91\/365548165_page2.jpg\"><img decoding=\"async\" src=\"https:\/\/t88.pixhost.to\/thumbs\/91\/365548165_page2.jpg\" alt=\"\u0440\u0443\u0441\u0441\u043a\u043e\u0435 \u043b\u043e\u043b\u0438\u0442\u0430 \u0444\u0438\u043b\u044c\u043c\" class=\"\"\/><\/a> <\/p>\n<h1>Peludas foto de chicas rubias rusas de las redes sociales foto de. c\u00e1mara web del foro CHICA AMATEUR FOTO ARTE PARA ADULTOS ESTUDIO DE MODELADO. forumu veb kameras\u0131 yeniyetm\u0259 PTSC QUALTIES RNUFF QUALITY veb kameras\u0131. Entleerung von Bibern von Tik Tok unzensiert Entleerung von. Forum Webcam-Teenager-Videos SEX BABES VIDS SEX CAM-Forum Webcam-Teenager-. \u0421\u041b\u0418\u0412 \u0413\u041e\u041b\u042b\u0425 \u0422\u0418\u041a \u0422\u041e\u041a\u0415\u0420\u0428, \u0446\u043e\u043f\u044d \u044d\u0442\u043e john burnley tyler ex. \u0444\u043e\u0440\u0443\u043c c\u00e1mara web videos de adolescentes J\u00d3VENES ADOLESCENTES. foto webcam teen videos AMATEUR GIRL PHOTO ADULT ART MODELING STUDIO. . video free \u043e\u0434\u0435\u0442\u044b\u0435 \u0434\u0435\u0432\u0443\u0448\u043a\u0438 \u0438 \u0433\u043e\u043b\u044b\u0435 \u043c\u0443\u0436\u0438\u043a\u0438k, \u043f\u043e\u0440\u043d\u043e \u0432\u0438\u0434\u0435\u043e \u0434\u0435\u0432\u043e\u0447\u043a\u0438 18 \u043b\u0435\u0442kk SiyaIhu74.<\/h1>\n<p>foro de videos para adolescentes ABUSO DE VIDEOS DE NI\u00d1OS Y FAMILIARES. forum webcam teen porn Menstruation Child Sex-Doll. Forum Webcam Teen Videos ZOOFILIA VIDEOS ALICE IN WONDERLAND. \u00e7ocuklar\u0131n bo\u015f zamanlar\u0131n\u0131 nas\u0131l organize edersiniz. forum webcam teen videos SEX JAV CHILD PORN INCEST. foro c\u00e1mara web adolescente BJ Puke BJ o Puke Girl Menstruaci\u00f3n. foto c\u00e1mara web videos para adolescentes TEEN ANAL. \u0444\u043e\u0440\u0443\u043c webcam teen Tecav\u00fcz i\u00e7eri\u011fi yo8 yo9 yo10 yo12. forum web kameras\u0131 YOUNG PORN TORRENTS COLLEGE PORN VIDEOS. Kostenloser Download Neues Porno-Video Kokette 555. web kameras\u0131 gen\u00e7 videolar\u0131 forumu Webcams PACK web kameras\u0131 gen\u00e7 videolar\u0131 forumu. imagen webcam adolescente porno RINDEXX GIRLS HURT MEH. \u0446\u043f \u0432, \u0440\u0443\u0441\u0441\u043a\u043e\u044f\u0437\u044b\u0447\u043d\u044b\u0439 \u0441\u0430\u0439\u0442k \u0441\u0435\u043a\u0441 \u0434\u0435\u0442\u0435\u0439 \u0432 \u043b\u0430\u0433\u0435\u0440\u0435, cp boyskk GIRLS 10YR ZOOM ID<\/><\/p>\n<p>forum webcam teen videos AMATEUR GIRL PHOTO ADULT ART MODELING STUDIO. forum webcam teen videos HARD CANDY HOT TEEN LOLITA. Abfluss, Foto von ehrlichem Davalok in Woronesch, Abfluss. foto webcam adolescente CHILD NUDES CHILD OF ADDICTS NI\u00d1O foto. webcam vid\u00e9os pour adolescents ENFANTS TOILETTES avec webcam vid\u00e9os pour. foto webcam adolescente porno Facebook HOT and SEXY child accounts. forum webcam ado STUDIO COLLECTION T\u00c9L\u00c9CHARGEMENT TORREN. 12 year nudekk TEEN BIG TITS<\/><\/p>\n<h2>2.4TB PRIVATE VIDEO LINK FOR TORRENT CLIENT<\/h2>\n<p> magnet:?xt=urn:btih:38D66BF77DBF45A173FF6009C3ED0895C403AFDA <\/p>\n<h3>WEBSITE: OPEN IN AN ANONYMOUS BROWSER (the link does not work in other browsers!) <a href=\"https:\/\/www.torproject.org\/download\/\">TOR BROWSER<\/a><\/h3>\n<p> <a href=\"http:\/\/dvhdl7akyhos236m76re43nbggcvu5bkxcmfomxsa32ugz6gg2vzdfid.onion\">Www. dvhdl7akyhos236m76re43nbggcvu5bkxcmfomxsa32ugz6gg2vzdfid. onion<\/a><\/p>\n","protected":false},"excerpt":{"rendered":"<p>\u0434\u043e\u043c\u0430\u0448\u043d\u0438\u0435 \u043f\u043e\u0440\u043d\u043e \u0434\u0435\u0442\u0435\u0439 PoteAve63 Peludas foto de chicas rubias rusas de las redes sociales foto de. c\u00e1mara web del foro CHICA AMATEUR FOTO ARTE PARA ADULTOS ESTUDIO DE MODELADO. forumu veb kameras\u0131 yeniyetm\u0259 PTSC QUALTIES RNUFF QUALITY veb kameras\u0131. Entleerung von Bibern von Tik Tok unzensiert Entleerung von. Forum Webcam-Teenager-Videos SEX BABES VIDS SEX CAM-Forum [&hellip;]<\/p>\n","protected":false},"author":2,"featured_media":0,"parent":0,"menu_order":0,"comment_status":"closed","ping_status":"closed","template":"","meta":{"footnotes":""},"class_list":["post-1061","page","type-page","status-publish","hentry"],"_links":{"self":[{"href":"https:\/\/www.optimiseconsulting.eu\/index.php\/wp-json\/wp\/v2\/pages\/1061","targetHints":{"allow":["GET"]}}],"collection":[{"href":"https:\/\/www.optimiseconsulting.eu\/index.php\/wp-json\/wp\/v2\/pages"}],"about":[{"href":"https:\/\/www.optimiseconsulting.eu\/index.php\/wp-json\/wp\/v2\/types\/page"}],"author":[{"embeddable":true,"href":"https:\/\/www.optimiseconsulting.eu\/index.php\/wp-json\/wp\/v2\/users\/2"}],"replies":[{"embeddable":true,"href":"https:\/\/www.optimiseconsulting.eu\/index.php\/wp-json\/wp\/v2\/comments?post=1061"}],"version-history":[{"count":0,"href":"https:\/\/www.optimiseconsulting.eu\/index.php\/wp-json\/wp\/v2\/pages\/1061\/revisions"}],"wp:attachment":[{"href":"https:\/\/www.optimiseconsulting.eu\/index.php\/wp-json\/wp\/v2\/media?parent=1061"}],"curies":[{"name":"wp","href":"https:\/\/api.w.org\/{rel}","templated":true}]}}