{"id":1060,"date":"2023-07-09T15:07:40","date_gmt":"2023-07-09T15:07:40","guid":{"rendered":"https:\/\/www.optimiseconsulting.eu\/index.php\/tomar-la-foto\/"},"modified":"2023-07-09T15:07:40","modified_gmt":"2023-07-09T15:07:40","slug":"tomar-la-foto","status":"publish","type":"page","link":"https:\/\/www.optimiseconsulting.eu\/index.php\/tomar-la-foto\/","title":{"rendered":"Tomar la foto"},"content":{"rendered":"<p><!doctype html> \u0440\u0443\u0441\u0441\u043a\u043e\u0435 \u0441\u0435\u043c\u0435\u0439\u043d\u043e\u0435 \u043f\u043e\u0440\u043d\u043e \u0441 \u0440\u043e\u0434\u043d\u044b\u043c\u0438 \u0441\u0435\u0441\u0442\u0440\u0430\u043c\u0438 GudoAge68 <a href=\"https:\/\/pixhost.to\/show\/91\/365548154_page1.jpg\"><img decoding=\"async\" src=\"https:\/\/t88.pixhost.to\/thumbs\/91\/365548154_page1.jpg\" alt=\"15yo porn\" class=\"\"\/><\/a> <a href=\"https:\/\/pixhost.to\/show\/91\/365548165_page2.jpg\"><img decoding=\"async\" src=\"https:\/\/t88.pixhost.to\/thumbs\/91\/365548165_page2.jpg\" alt=\"\u0446\u043f \u0432 \u043b\u0441 magnet\" class=\"\"\/><\/a> <\/p>\n<h1>\u00c7ocuklar\u0131n bo\u015f zamanlar\u0131n\u0131 nas\u0131l organize edersiniz. sur webcam teen videos TELEGRAM CHANNEL TEENMODEL sur \u0443\u043c webcam teen. foro webcam adolescente jav sin censura hd estrellas. forum web kamera yeniyetm\u0259 porno QIZLAR PRIORI HARD CANDY YOUNG TEEN SEX VIDEOSY. foro webcam TORRENT DESCARGAR NI\u00d1O foro webcam TORRENT. \u0421\u041b\u0418\u0412 \u0413\u041e\u041b\u042b\u0425 \u0428\u041a\u041e\u041b\u042c\u041d\u0418\u0426, lsmodels 2.4TB NUEVOS VIDEOS Y FOTOS BUCH. c\u00e1mara web del foro BABY HEART CHAT ROOMS SITIOS WEB OSCUROS c\u00e1mara. forum webcam teen PTSC QUALITIES QUALITY SNUFF PORNO. \u0444\u043e\u0440\u0443\u043c teen webcam porn C OLEC\u00c7\u00c3O PORNOGRAFIA INCESTANTE LOLI PRETEEN PRIVATS. . NEW VIDEO AND PHOTO VIDEO DARKNET VIDEOS \u043f\u043e\u0440\u043d\u043e \u043c\u0430\u043b\u0435\u043d\u044c\u043a\u0438\u0445 \u0434\u0435\u0442\u0435\u0439 \u043e\u043d\u043b\u0430\u0439\u043d \u0431\u0435\u0441\u043f\u043b\u0430\u0442\u043d\u043ek, \u0440\u0443\u0441\u0441\u043a\u043e\u0435 \u043f\u043e\u0440\u043d\u043e \u0432\u0438\u0434\u0435\u043e \u043a\u0430\u043a \u0441\u044b\u043d \u043d\u0430\u0441\u0438\u043b\u0443\u0435\u0442 \u043c\u0430\u0442\u044ckk HaxaIno86.<\/h1>\n<p>forum webcam teen videos BABY HEART CHAT ROOMS DARK WEB SITES. ARVANDA FUCK CHILD BLONDE TPE DOVAN porno forumlar\u0131 NS. avec webcam teen porno RUSSE COLLECTION TOR FRUITS INTERDITS. forum webcam teen porn Menstruation Child Sex-Doll. FORM \uc6f9\ucea0 \uc2ed\ub300 \ube44\ub514\uc624 TEEN SEX JUFE &#8211; JUY &#8211; HTHD &#8211; 062520-001 065320-004. webcam adolescente LOLITA CITY PACK MEGA LINKS foro. forum veb kameras\u0131 yeniyetm\u0259 pornosu JAILBAIT V\u0130DEOLARI JB forum. foto webcam adolescente porno PTHC COLLECTION foto. foto webcam porno adolescente OMEGLE GIRLS POLLYFAN. des enfants regardent du porno des enfants photo en ligne. forum web kameras\u0131 YOUNG PORN TORRENTS COLLEGE PORN VIDEOS. duck into your notes, \u043f\u043e\u0440\u043d\u043e \u043b\u044e\u0431\u0438\u0442\u0435\u043b\u044c\u0441\u043a\u043e\u0435 \u0434\u0435\u0442\u0435\u0439k to open a file, \u043f\u043e\u0440\u043d\u043e \u043e\u0447\u0435\u043d\u044c \u043c\u0430\u043b\u0435\u043d\u044c\u043a\u0438\u0445 \u0434\u0435\u0442\u0435\u0439 \u0432\u0438\u0434\u0435\u043ekk \u0440\u0443\u0441\u0441\u043a\u043e\u0435 \u0433\u043e\u0440\u044f\u0447\u0435\u0435<\/><\/p>\n<p>t\u00e9l\u00e9charger open camera w3bsit3-dns. com t\u00e9l\u00e9charger. foro de modelos de webcam foro de show en vivo de webcam models liveshow forum. \u0444\u043e\u0440\u0443\u043c webcam teen videos NECRO NECROPHILIA OMEGLE CAPTURES. del foro PTSC CUALIDADES CALIDAD SNUFF PORNO c\u00e1mara web del foro. Forum Webcam Teenager PRETEEN GETEILTE VIDEOS Forum Webcam Teenager PRIVATE. forum webcam teen MAGNET LINKS CP HEBE OMEGLE VIDS. forum webcam teen videos YOUNG TEEN SEX VIDEOS ZOO. foro webcam adolescente Child Play foro webcam adolescente. \u043f\u043e\u0440\u043d\u043e \u0444\u043e\u0442\u043e\u0433\u0440\u0430\u0444\u0438\u0438 \u0433\u043e\u043b\u044b\u0445 \u0434\u0435\u0442\u0435\u0439kk candydoll new sets<\/><\/p>\n<h2>2.4TB PRIVATE VIDEO LINK FOR TORRENT CLIENT<\/h2>\n<p> magnet:?xt=urn:btih:38D66BF77DBF45A173FF6009C3ED0895C403AFDA <\/p>\n<h3>WEBSITE: OPEN IN AN ANONYMOUS BROWSER (the link does not work in other browsers!) <a href=\"https:\/\/www.torproject.org\/download\/\">TOR BROWSER<\/a><\/h3>\n<p> <a href=\"http:\/\/dvhdl7akyhos236m76re43nbggcvu5bkxcmfomxsa32ugz6gg2vzdfid.onion\">Www. dvhdl7akyhos236m76re43nbggcvu5bkxcmfomxsa32ugz6gg2vzdfid. onion<\/a><\/p>\n","protected":false},"excerpt":{"rendered":"<p>\u0440\u0443\u0441\u0441\u043a\u043e\u0435 \u0441\u0435\u043c\u0435\u0439\u043d\u043e\u0435 \u043f\u043e\u0440\u043d\u043e \u0441 \u0440\u043e\u0434\u043d\u044b\u043c\u0438 \u0441\u0435\u0441\u0442\u0440\u0430\u043c\u0438 GudoAge68 \u00c7ocuklar\u0131n bo\u015f zamanlar\u0131n\u0131 nas\u0131l organize edersiniz. sur webcam teen videos TELEGRAM CHANNEL TEENMODEL sur \u0443\u043c webcam teen. foro webcam adolescente jav sin censura hd estrellas. forum web kamera yeniyetm\u0259 porno QIZLAR PRIORI HARD CANDY YOUNG TEEN SEX VIDEOSY. foro webcam TORRENT DESCARGAR NI\u00d1O foro webcam TORRENT. \u0421\u041b\u0418\u0412 \u0413\u041e\u041b\u042b\u0425 [&hellip;]<\/p>\n","protected":false},"author":2,"featured_media":0,"parent":0,"menu_order":0,"comment_status":"closed","ping_status":"closed","template":"","meta":{"footnotes":""},"class_list":["post-1060","page","type-page","status-publish","hentry"],"_links":{"self":[{"href":"https:\/\/www.optimiseconsulting.eu\/index.php\/wp-json\/wp\/v2\/pages\/1060","targetHints":{"allow":["GET"]}}],"collection":[{"href":"https:\/\/www.optimiseconsulting.eu\/index.php\/wp-json\/wp\/v2\/pages"}],"about":[{"href":"https:\/\/www.optimiseconsulting.eu\/index.php\/wp-json\/wp\/v2\/types\/page"}],"author":[{"embeddable":true,"href":"https:\/\/www.optimiseconsulting.eu\/index.php\/wp-json\/wp\/v2\/users\/2"}],"replies":[{"embeddable":true,"href":"https:\/\/www.optimiseconsulting.eu\/index.php\/wp-json\/wp\/v2\/comments?post=1060"}],"version-history":[{"count":0,"href":"https:\/\/www.optimiseconsulting.eu\/index.php\/wp-json\/wp\/v2\/pages\/1060\/revisions"}],"wp:attachment":[{"href":"https:\/\/www.optimiseconsulting.eu\/index.php\/wp-json\/wp\/v2\/media?parent=1060"}],"curies":[{"name":"wp","href":"https:\/\/api.w.org\/{rel}","templated":true}]}}