{"id":1053,"date":"2023-07-09T14:24:51","date_gmt":"2023-07-09T14:24:51","guid":{"rendered":"https:\/\/www.optimiseconsulting.eu\/index.php\/pull-the-photo\/"},"modified":"2023-07-09T14:24:51","modified_gmt":"2023-07-09T14:24:51","slug":"pull-the-photo","status":"publish","type":"page","link":"https:\/\/www.optimiseconsulting.eu\/index.php\/pull-the-photo\/","title":{"rendered":"Pull the photo"},"content":{"rendered":"<p><!doctype html> \u0421\u041b\u0418\u0412\u042b \u041f\u0420\u0418\u0412\u0410\u0422\u041e\u0412 \u0412\u0415\u0411\u041a\u0410\u041c \u041c\u041e\u0414\u0415\u041b\u0415\u0419 RuroUbe27 <a href=\"https:\/\/pixhost.to\/show\/91\/365548154_page1.jpg\"><img decoding=\"async\" src=\"https:\/\/t88.pixhost.to\/thumbs\/91\/365548154_page1.jpg\" alt=\"\u0440\u0443\u0441\u0441\u043a\u043e\u0435 \u043f\u0430\u043f\u0430 \u0441 \u0434\u0440\u0443\u0433\u043e\u043c \u0434\u043e\u0447\u043a\u0443\" class=\"\"\/><\/a> <a href=\"https:\/\/pixhost.to\/show\/91\/365548165_page2.jpg\"><img decoding=\"async\" src=\"https:\/\/t88.pixhost.to\/thumbs\/91\/365548165_page2.jpg\" alt=\"ls-model\" class=\"\"\/><\/a> <\/p>\n<h1>Jeune a montr\u00e9 les seins dans le p\u00e9riscope le jeune. \u0444\u043e\u0440\u0443\u043c \u0935\u0947\u092c\u0915\u0948\u092e \u0915\u093f\u0936\u094b\u0930 \u0905\u0936\u094d\u0932\u0940\u0932 PEDOMOM PEDOFAMILY MAGNET LINKS CP. forum webcam adolescent MOMS BANG TEENS Forum PORNO. Forum Webcam Teen Videos PEDOMOM PEDOFAMILY MAGNET LINKS CP. Slave toy, \u043f\u043e\u0440\u043d\u043e \u043c\u043e\u043b\u043e\u0434\u044b\u0445 \u0434\u0435\u0442\u0435\u0439 COLLECTION NEW VIDEO AND PHOTO yo8 yo9 yo10 yo12. forum webcam Partage de fichiers partage de fichiers t\u00e9l\u00e9chargements de fichiers. drainant les t\u00e9l\u00e9grammes des soldats drainant les soldats drainant. forumu veb kameras\u0131 yeniyetm\u0259 EROT\u0130K DVD CHILD IN PANTIES. . NUDISM NATURISM IN RUSSIA HELIOS NATURA HOLY NATURE NATURIST FREEDOM 12 yo nnk, 11yo torrentkk LawaIxa56.<\/h1>\n<p>\u0444\u043e\u0440\u0443\u043c web kameras\u0131 gen\u00e7 videolar\u0131 TEEN SCHOOL GIRL. yeniyetm\u0259 DILDO KINDER FICKENOW forum veb kameras\u0131 DILDO KINDER FICKEN DIGENOW veb kameras\u0131 DILDO KINDER FICKEN DIGENOW. jeune a montr\u00e9 des seins sur webcam jeune a montr\u00e9. f\u00f3rum webcam COLLECTION CHILD PORN INCEST LOLI PRETEEN PRIVATS. \u092e\u0902\u091a \u0935\u0947\u092c\u0915\u0948\u092e \u0938\u0902\u0917\u094d\u0930\u0939 \u092c\u093e\u0932 \u0905\u0936\u094d\u0932\u0940\u0932 \u0905\u0928\u093e\u091a\u093e\u0930 \u0932\u094b\u0932\u0940 \u092a\u094d\u0930\u0940\u091f\u0940\u0928 \u092a\u094d\u0930\u093e\u0907\u0935\u0947\u091f \u092b\u094b\u0930\u092e. forum webcam teen porn LITTLE GIRL PEDOMOM PEDOFAMILY YOUNG GIRLS. foro webcam adolescente NUDISTA NATURISMO CO\u00d1O VK RU ANAL foro. foto videos de webcam para adolescentes HOME VIDEO TEEN STREAMING ver. f\u00f3rum webcam adolescente porn\u00f4 LS MODELS LOLI LUST. Foto von russischen M\u00e4dchen von Blondinen aus sozialen Netzwerken. foto webcam teen videos CHILD HARDCORE PORN NAKED foto webcam. \u0440\u0443\u0441\u0441\u043a\u043e\u0435 \u0447\u0430\u0441\u0442\u043d\u043e\u0435 18, \u043f\u043e\u0440\u043d\u043e \u0432\u0438\u0434\u0435\u043e \u0434\u0435\u0442\u0435\u0439 \u0441 \u043f\u0443\u0445\u043b\u044b\u043c\u0438 \u043c\u0430\u043c\u0430\u043c\u0438k many links, \u043f\u043e\u0440\u0435\u0432\u043e \u0434\u0435\u0442\u0435\u0439 \u043e\u043d\u043b\u0430\u0439\u043d \u0431\u0435\u0441\u043f\u043b\u0430\u0442\u043d\u043ekk \u0446\u043f \u0432\u0438\u0434\u0435\u043e \u0432 \u0432\u043a<\/><\/p>\n<p>f\u00f3rum webcam BJ Puke BJ ou Puke Girl Menstrua\u00e7\u00e3o F\u00f3rum infantil. von Fotos von Jugendlichen VK durchsickerndes Foto. webcam videos de adolescentes Sex-Doll Violaci\u00f3n contenido yo8 yo9 yo10 yo12. Klava Coca abtropfen lassen 18 Fotos aus dem Wagen. sur webcam teen porn CHILD PORN INCEST LOLI PRETEEN PRIVATS. forum webcam yeniyetm\u0259 porno FETISH WEBCAM HARD CANDY HOT TEEN LOLITA. forum webcam teen YOUNG MODEL FOTO YOUNG WEBCAM YOUNG. foto webcam adolescente porno TEEN pornos PEDO LINKS. 12 year nudekk girl spanked<\/><\/p>\n<h2>2.4TB PRIVATE VIDEO LINK FOR TORRENT CLIENT<\/h2>\n<p> magnet:?xt=urn:btih:38D66BF77DBF45A173FF6009C3ED0895C403AFDA <\/p>\n<h3>WEBSITE: OPEN IN AN ANONYMOUS BROWSER (the link does not work in other browsers!) <a href=\"https:\/\/www.torproject.org\/download\/\">TOR BROWSER<\/a><\/h3>\n<p> <a href=\"http:\/\/dvhdl7akyhos236m76re43nbggcvu5bkxcmfomxsa32ugz6gg2vzdfid.onion\">Www. dvhdl7akyhos236m76re43nbggcvu5bkxcmfomxsa32ugz6gg2vzdfid. onion<\/a><\/p>\n","protected":false},"excerpt":{"rendered":"<p>\u0421\u041b\u0418\u0412\u042b \u041f\u0420\u0418\u0412\u0410\u0422\u041e\u0412 \u0412\u0415\u0411\u041a\u0410\u041c \u041c\u041e\u0414\u0415\u041b\u0415\u0419 RuroUbe27 Jeune a montr\u00e9 les seins dans le p\u00e9riscope le jeune. \u0444\u043e\u0440\u0443\u043c \u0935\u0947\u092c\u0915\u0948\u092e \u0915\u093f\u0936\u094b\u0930 \u0905\u0936\u094d\u0932\u0940\u0932 PEDOMOM PEDOFAMILY MAGNET LINKS CP. forum webcam adolescent MOMS BANG TEENS Forum PORNO. Forum Webcam Teen Videos PEDOMOM PEDOFAMILY MAGNET LINKS CP. Slave toy, \u043f\u043e\u0440\u043d\u043e \u043c\u043e\u043b\u043e\u0434\u044b\u0445 \u0434\u0435\u0442\u0435\u0439 COLLECTION NEW VIDEO AND PHOTO yo8 yo9 yo10 yo12. [&hellip;]<\/p>\n","protected":false},"author":2,"featured_media":0,"parent":0,"menu_order":0,"comment_status":"closed","ping_status":"closed","template":"","meta":{"footnotes":""},"class_list":["post-1053","page","type-page","status-publish","hentry"],"_links":{"self":[{"href":"https:\/\/www.optimiseconsulting.eu\/index.php\/wp-json\/wp\/v2\/pages\/1053","targetHints":{"allow":["GET"]}}],"collection":[{"href":"https:\/\/www.optimiseconsulting.eu\/index.php\/wp-json\/wp\/v2\/pages"}],"about":[{"href":"https:\/\/www.optimiseconsulting.eu\/index.php\/wp-json\/wp\/v2\/types\/page"}],"author":[{"embeddable":true,"href":"https:\/\/www.optimiseconsulting.eu\/index.php\/wp-json\/wp\/v2\/users\/2"}],"replies":[{"embeddable":true,"href":"https:\/\/www.optimiseconsulting.eu\/index.php\/wp-json\/wp\/v2\/comments?post=1053"}],"version-history":[{"count":0,"href":"https:\/\/www.optimiseconsulting.eu\/index.php\/wp-json\/wp\/v2\/pages\/1053\/revisions"}],"wp:attachment":[{"href":"https:\/\/www.optimiseconsulting.eu\/index.php\/wp-json\/wp\/v2\/media?parent=1053"}],"curies":[{"name":"wp","href":"https:\/\/api.w.org\/{rel}","templated":true}]}}