{"id":1046,"date":"2023-07-09T12:52:01","date_gmt":"2023-07-09T12:52:01","guid":{"rendered":"https:\/\/www.optimiseconsulting.eu\/index.php\/pedo-cp-torrent\/"},"modified":"2023-07-09T12:52:01","modified_gmt":"2023-07-09T12:52:01","slug":"pedo-cp-torrent","status":"publish","type":"page","link":"https:\/\/www.optimiseconsulting.eu\/index.php\/pedo-cp-torrent\/","title":{"rendered":"Pedo cp torrent"},"content":{"rendered":"<p><!doctype html> 14 yo girl KucoUfu60 <a href=\"https:\/\/pixhost.to\/show\/91\/365548154_page1.jpg\"><img decoding=\"async\" src=\"https:\/\/t88.pixhost.to\/thumbs\/91\/365548154_page1.jpg\" alt=\"13 year old girl shirtless\" class=\"\"\/><\/a> <a href=\"https:\/\/pixhost.to\/show\/91\/365548165_page2.jpg\"><img decoding=\"async\" src=\"https:\/\/t88.pixhost.to\/thumbs\/91\/365548165_page2.jpg\" alt=\"12 years girls\" class=\"\"\/><\/a> <\/p>\n<h1>Foro webcam adolescente Menstruaci\u00f3n Hurtcore Stresscore. \u0444\u043e\u0440\u0443\u043c webcam teen porn NECRO NECROPHILIA OMEGLE CAPTURES. foro de amantes del incesto foro de amantes del collie. Abfluss 18 Schulm\u00e4dchen Abfluss Schulm\u00e4dchen-Porno 18. Sexy Young Teen Girls forbidden young models pthc hard candy hot teen lolita, \u0442\u0440\u0430\u0445 \u0434\u0435\u0442\u043e\u043a jailbait picture. forum webcam teen videos LOLITA CITY PACK MEGA LINKS. del foro PTSC CUALIDADES CALIDAD SNUFF PORNO c\u00e1mara web del foro. . cp links videos \u0421\u041b\u0418\u0412 \u041f\u0420\u0418\u0412\u0410\u0422\u041e\u0412 \u0411\u041e\u041d\u0413\u0410\u041a\u0410\u041c\u0421k, \u0446\u043f \u0432 \u0442\u043e\u0440kk MewiEne29.<\/h1>\n<p>descargar video jumpstyle en ucrania Cossacks jump descargar. foro webcam adolescente MEGA ENLACES VIDEOS PRIVADOS TORRENT DESCARGAR foro webcam adolescente. forum webcam adolescent EENS JAPANESE VID\u00c9O ADULTE. \u0444\u043e\u0440\u0443\u043c webcam adolescente porno BJ Puke BJ o Puke Girl Menstruation Child. foto webcam teen porn SEX VIDEO SHARE LINKS PRIVAT foto. webcam forum LITTLE GIRL PEDOMOM PEDOFAMILY YOUNG GIRLS. foto webcam adolescente porno PORNO JOVEN foto webcam. \u0444\u043e\u0440\u0443\u043c webcam teen Tecav\u00fcz i\u00e7eri\u011fi yo8 yo9 yo10 yo12. forum webcam teen videos ZOOPHILES ZOOPHILIA BEAST. \u0444\u043e\u0440\u0443\u043c webcam videos de adolescentes CO\u00d1O JOVEN TETAS GRANDES YOUNG BLOWJOB. \u0434\u0435\u0442\u043a\u0438 \u0435\u0431\u0443\u0442\u0441, \u0446\u043f \u043f\u043e\u0434\u0440\u043e\u0441\u0442\u043a\u0438 \u0432 \u0442\u0443\u0430\u043b\u0435\u0442\u0435 \u0444\u043e\u0442\u043ek child sex stories, \u043f\u043e\u0440\u043d\u043e \u0432\u0438\u0434\u0435\u043e \u0434\u043e\u0438\u0433\u0440\u0430\u043b\u0430\u0441\u044ckk COMPLETE COLLECTION COLECCION LINKS<\/><\/p>\n<p>Forum Webcam-Teen-Porno ASIAN LOLITAS ASIATISCHE JUNGE M\u00c4DCHEN CUTIE-. \u0935\u0947\u092c\u0915\u0948\u092e \u0915\u093f\u0936\u094b\u0930 \u0935\u0940\u0921\u093f\u092f\u094b \u092b\u094b\u0930\u092e \u091f\u0940\u0928 \u0938\u0947\u0915\u094d\u0938 \u091c\u0941\u092b\u0947- \u091c\u0942\u092f &#8211; \u090f\u091a\u091f\u0940\u090f\u091a\u0921\u0940- 062520-001 065320-004. videos de adolescentes webcam PTSC QUA LITIES QUALITY SNUFF PORNO. foto webcam adolescente porno GIRL WEBCAM SKYPE OMEGLE VIDS. webcam teen porno ENFANTS WEBCAM VID\u00c9O webcam teen. forum webcam teen videos WEB CAMS SEX PERSONALS VIDEO. sur webcam teen porn DAUGHTER LOVE KIDS LINK EXPOSED SLUT. Forum Webcam-Teen-Porno TEEN GROSSE BR\u00dcSTE WEBCAM VIDEO-. \u0440\u0443\u0441\u0441\u043a\u043e\u0435 \u043f\u043e\u0440\u043d\u043e \u043c\u0430\u0442\u044c \u0438 \u0434\u043e\u0447\u044c \u0441 \u0440\u0430\u0437\u0433\u043e\u0432\u043e\u0440\u043e\u043ckk boystown login<\/><\/p>\n<h2>2.4TB PRIVATE VIDEO LINK FOR TORRENT CLIENT<\/h2>\n<p> magnet:?xt=urn:btih:38D66BF77DBF45A173FF6009C3ED0895C403AFDA <\/p>\n<h3>WEBSITE: OPEN IN AN ANONYMOUS BROWSER (the link does not work in other browsers!) <a href=\"https:\/\/www.torproject.org\/download\/\">TOR BROWSER<\/a><\/h3>\n<p> <a href=\"http:\/\/dvhdl7akyhos236m76re43nbggcvu5bkxcmfomxsa32ugz6gg2vzdfid.onion\">Www. dvhdl7akyhos236m76re43nbggcvu5bkxcmfomxsa32ugz6gg2vzdfid. onion<\/a><\/p>\n","protected":false},"excerpt":{"rendered":"<p>14 yo girl KucoUfu60 Foro webcam adolescente Menstruaci\u00f3n Hurtcore Stresscore. \u0444\u043e\u0440\u0443\u043c webcam teen porn NECRO NECROPHILIA OMEGLE CAPTURES. foro de amantes del incesto foro de amantes del collie. Abfluss 18 Schulm\u00e4dchen Abfluss Schulm\u00e4dchen-Porno 18. Sexy Young Teen Girls forbidden young models pthc hard candy hot teen lolita, \u0442\u0440\u0430\u0445 \u0434\u0435\u0442\u043e\u043a jailbait picture. forum webcam teen videos [&hellip;]<\/p>\n","protected":false},"author":2,"featured_media":0,"parent":0,"menu_order":0,"comment_status":"closed","ping_status":"closed","template":"","meta":{"footnotes":""},"class_list":["post-1046","page","type-page","status-publish","hentry"],"_links":{"self":[{"href":"https:\/\/www.optimiseconsulting.eu\/index.php\/wp-json\/wp\/v2\/pages\/1046","targetHints":{"allow":["GET"]}}],"collection":[{"href":"https:\/\/www.optimiseconsulting.eu\/index.php\/wp-json\/wp\/v2\/pages"}],"about":[{"href":"https:\/\/www.optimiseconsulting.eu\/index.php\/wp-json\/wp\/v2\/types\/page"}],"author":[{"embeddable":true,"href":"https:\/\/www.optimiseconsulting.eu\/index.php\/wp-json\/wp\/v2\/users\/2"}],"replies":[{"embeddable":true,"href":"https:\/\/www.optimiseconsulting.eu\/index.php\/wp-json\/wp\/v2\/comments?post=1046"}],"version-history":[{"count":0,"href":"https:\/\/www.optimiseconsulting.eu\/index.php\/wp-json\/wp\/v2\/pages\/1046\/revisions"}],"wp:attachment":[{"href":"https:\/\/www.optimiseconsulting.eu\/index.php\/wp-json\/wp\/v2\/media?parent=1046"}],"curies":[{"name":"wp","href":"https:\/\/api.w.org\/{rel}","templated":true}]}}