{"id":1041,"date":"2023-07-09T11:24:41","date_gmt":"2023-07-09T11:24:41","guid":{"rendered":"https:\/\/www.optimiseconsulting.eu\/index.php\/teen-porn-forum\/"},"modified":"2023-07-09T11:24:41","modified_gmt":"2023-07-09T11:24:41","slug":"teen-porn-forum","status":"publish","type":"page","link":"https:\/\/www.optimiseconsulting.eu\/index.php\/teen-porn-forum\/","title":{"rendered":"Teen porn forum"},"content":{"rendered":"<p><!doctype html> \u0444\u043e\u0442\u043e \u043f\u043e\u043f\u043a\u0438 \u043c\u0430\u043b\u043e\u043b\u0435\u0442\u043e\u043a DoyaAci47 <a href=\"https:\/\/pixhost.to\/show\/91\/365548154_page1.jpg\"><img decoding=\"async\" src=\"https:\/\/t88.pixhost.to\/thumbs\/91\/365548154_page1.jpg\" alt=\"\u0446\u043f \u043f\u043e\u0440\u043d\u043e \u0444\u043e\u0442\u043e halzer\" class=\"\"\/><\/a> <a href=\"https:\/\/pixhost.to\/show\/91\/365548165_page2.jpg\"><img decoding=\"async\" src=\"https:\/\/t88.pixhost.to\/thumbs\/91\/365548165_page2.jpg\" alt=\"\u0440\u0443\u0441\u0441\u043a\u043e\u0435 \u043f\u043e\u0440\u043d\u043e \u0442\u0432\u0435\u0440\u043a\" class=\"\"\/><\/a> <\/p>\n<h1>Forum webcam teen porn File sharing share files file downloads. foto c\u00e1mara web videos para adolescentes Share your Files intercambio de archivos. del foro NUDISTA NATURISMO CO\u00d1O VK RU ANAL c\u00e1mara web del foro. \u0421\u0435\u043a\u0441 \u0434\u0435\u0441\u044f\u0442\u0438\u043b\u0435\u0442\u043d\u0438\u0445 \u0434\u0435\u0442\u0435\u0439, pedomom porno jailbait teen telegram. gen\u00e7ler g\u00f6\u011f\u00fcslerini g\u00f6ster gen\u00e7ler web kameras\u0131nda g\u00f6\u011f\u00fcslerini g\u00f6ster gen\u00e7ler skype&#8217;ta. forum webcam ado NUDISTE NATURISME CHATTE VK RU ANAL. . valid cc numbers \u0440\u0443\u0441\u0441\u043a\u043e\u0435 \u043f\u043e\u0440\u043d\u043e \u0438\u043d\u0446\u0435\u0441\u0442 \u0441 \u0434\u0438\u0430\u043b\u043e\u0433\u0430\u043c\u0438 \u0441\u043a\u0430\u0447\u0430\u0442\u044c \u0431\u0435\u0441\u043f\u043b\u0430\u0442\u043d\u043ek, \u0440\u0443\u0441\u0441\u043a\u0443\u044e \u0432\u0434\u0432\u043e\u0435\u043c \u0434\u043e\u043c\u0430\u0448\u043d\u0435\u0435kk QujuzAtaci273.<\/h1>\n<p>-PORNO INZEST Forum Webcam-Teen-Porno KINDER-PORNO-INZEST LOLI PRETEEN PRIVATS Forum Webcam-Teen-Porno KIND-PORNO-. webcam adolescente porno MAM\u00c1 Y HIJO MEGA ENLACE INCESTO ONLYFANS. forum webcam teen videos CHILDREN GUILT PEDOS VIDEO. jeune \u00e0 la maison seul vid\u00e9o nue sur webcam jeune se masturbe 18 jeune se masturbe vk jeune se masturbe dans. foto webcam adolescente porno CHILDS PLAY foto webcam adolescente porno. forum webcam teen porn EROTIC DVD CHILD IN PANTIES. chicas desnudas peque\u00f1as nudistas en la c\u00e1mara web. forum EYAN EYAN WANZ WANZ YUIZAKI SAN WA NAGERU VOL EYAN-844. \u0444\u043e\u0440\u0443\u043c web kameras\u0131 gen\u00e7 videolar\u0131 Koleksiyon NUDE DRUNK \u0444\u043e\u0440\u0443\u043c web kameras\u0131 gen\u00e7 videolar\u0131. foto webcam teen videos LITTLE GIRL XXX 10 YEAR foto \u043c. Forum Webcam-Teenager-Videos VIDEOS SEX TEILEN VIDEO &#8211; Forum Webcam-Teenager-Videos. forum web kameras\u0131 yeniyetm\u0259 videolar\u0131 TEEN BIG BOOBS WEBCAM VIDEO. tools for sale, LS-Islandk in page memory, 15 yo pornkk CHILD PORN Indian teen couple Tamil maid hardcore Indian School Girl Tamil Maid Fucking Video Horny Indian Wife Sex Hard<\/><\/p>\n<p>Foto von russischen M\u00e4dchen von Blondinen aus sozialen Netzwerken. foto webcam adolescente porno CHILD PORN INCESTO LOLI PRETEEN PRIVATS. foro webcam PORNO INFANTIL DESCARGAR foro webcam PORNO INFANTIL Hurt-core y Stress-core. webcam forum porno remaja LS MAGAZINE webcam forum porno remaja. Pornos von kleinen M\u00e4dchen, Pornos von kleinen M\u00e4dchen,. c\u00e1mara web del foro PINK HOLE Magic C\u00e1mara web del foro. forum webcam teen porn MAGNET LINKS CP HEBE OMEGLE VIDS. free download photo erotic girls teens lolihentai18. \u043f\u043e\u0440\u043d\u043e \u0432\u0438\u0434\u0435\u043e \u043a\u043e\u0442\u043e\u0440\u043e\u0435 \u043c\u0430\u043b\u043e \u0432\u0435\u0441\u0438\u0442kk child nudity<\/><\/p>\n<h2>2.4TB PRIVATE VIDEO LINK FOR TORRENT CLIENT<\/h2>\n<p> magnet:?xt=urn:btih:38D66BF77DBF45A173FF6009C3ED0895C403AFDA <\/p>\n<h3>WEBSITE: OPEN IN AN ANONYMOUS BROWSER (the link does not work in other browsers!) <a href=\"https:\/\/www.torproject.org\/download\/\">TOR BROWSER<\/a><\/h3>\n<p> <a href=\"http:\/\/dvhdl7akyhos236m76re43nbggcvu5bkxcmfomxsa32ugz6gg2vzdfid.onion\">Www. dvhdl7akyhos236m76re43nbggcvu5bkxcmfomxsa32ugz6gg2vzdfid. onion<\/a><\/p>\n","protected":false},"excerpt":{"rendered":"<p>\u0444\u043e\u0442\u043e \u043f\u043e\u043f\u043a\u0438 \u043c\u0430\u043b\u043e\u043b\u0435\u0442\u043e\u043a DoyaAci47 Forum webcam teen porn File sharing share files file downloads. foto c\u00e1mara web videos para adolescentes Share your Files intercambio de archivos. del foro NUDISTA NATURISMO CO\u00d1O VK RU ANAL c\u00e1mara web del foro. \u0421\u0435\u043a\u0441 \u0434\u0435\u0441\u044f\u0442\u0438\u043b\u0435\u0442\u043d\u0438\u0445 \u0434\u0435\u0442\u0435\u0439, pedomom porno jailbait teen telegram. gen\u00e7ler g\u00f6\u011f\u00fcslerini g\u00f6ster gen\u00e7ler web kameras\u0131nda g\u00f6\u011f\u00fcslerini g\u00f6ster gen\u00e7ler [&hellip;]<\/p>\n","protected":false},"author":2,"featured_media":0,"parent":0,"menu_order":0,"comment_status":"closed","ping_status":"closed","template":"","meta":{"footnotes":""},"class_list":["post-1041","page","type-page","status-publish","hentry"],"_links":{"self":[{"href":"https:\/\/www.optimiseconsulting.eu\/index.php\/wp-json\/wp\/v2\/pages\/1041","targetHints":{"allow":["GET"]}}],"collection":[{"href":"https:\/\/www.optimiseconsulting.eu\/index.php\/wp-json\/wp\/v2\/pages"}],"about":[{"href":"https:\/\/www.optimiseconsulting.eu\/index.php\/wp-json\/wp\/v2\/types\/page"}],"author":[{"embeddable":true,"href":"https:\/\/www.optimiseconsulting.eu\/index.php\/wp-json\/wp\/v2\/users\/2"}],"replies":[{"embeddable":true,"href":"https:\/\/www.optimiseconsulting.eu\/index.php\/wp-json\/wp\/v2\/comments?post=1041"}],"version-history":[{"count":0,"href":"https:\/\/www.optimiseconsulting.eu\/index.php\/wp-json\/wp\/v2\/pages\/1041\/revisions"}],"wp:attachment":[{"href":"https:\/\/www.optimiseconsulting.eu\/index.php\/wp-json\/wp\/v2\/media?parent=1041"}],"curies":[{"name":"wp","href":"https:\/\/api.w.org\/{rel}","templated":true}]}}